{"id":6768,"date":"2023-05-24T17:05:16","date_gmt":"2023-05-24T17:05:16","guid":{"rendered":"https:\/\/jamonesibericoseu.eu\/evenements\/le-sens-iberique-seveille-chez-les-futurs-professionnels-de-lhotellerie-parisienne\/"},"modified":"2023-08-04T12:40:53","modified_gmt":"2023-08-04T12:40:53","slug":"le-sens-iberique-seveille-chez-les-futurs-professionnels-de-lhotellerie-parisienne","status":"publish","type":"page","link":"https:\/\/jamonesibericoseu.eu\/fr\/evenements\/le-sens-iberique-seveille-chez-les-futurs-professionnels-de-lhotellerie-parisienne\/","title":{"rendered":"Le Sens Ib\u00e9rique s&rsquo;\u00e9veille chez les futurs professionnels de l&rsquo;h\u00f4tellerie Parisienne"},"content":{"rendered":"<p>[et_pb_section fb_built=\u00a0\u00bb1&Prime; _builder_version=\u00a0\u00bb4.10.8&Prime; _module_preset=\u00a0\u00bbdefault\u00a0\u00bb global_colors_info=\u00a0\u00bb{}\u00a0\u00bb][et_pb_row _builder_version=\u00a0\u00bb4.10.8&Prime; _module_preset=\u00a0\u00bbdefault\u00a0\u00bb global_colors_info=\u00a0\u00bb{}\u00a0\u00bb][et_pb_column type=\u00a0\u00bb4_4&Prime; _builder_version=\u00a0\u00bb4.10.8&Prime; _module_preset=\u00a0\u00bbdefault\u00a0\u00bb global_colors_info=\u00a0\u00bb{}\u00a0\u00bb][et_pb_text _builder_version=\u00a0\u00bb4.13.0&Prime; _module_preset=\u00a0\u00bbdefault\u00a0\u00bb text_font_size=\u00a0\u00bb16px\u00a0\u00bb header_font=\u00a0\u00bb|700||on|||||\u00a0\u00bb header_text_align=\u00a0\u00bbcenter\u00a0\u00bb header_text_color=\u00a0\u00bb#a31c27&Prime; header_2_font=\u00a0\u00bb|700||on|||||\u00a0\u00bb header_2_text_align=\u00a0\u00bbcenter\u00a0\u00bb header_2_text_color=\u00a0\u00bb#a31c27&Prime; header_2_font_size=\u00a0\u00bb30px\u00a0\u00bb header_2_line_height=\u00a0\u00bb1.2em\u00a0\u00bb background_color=\u00a0\u00bbRGBA(0,0,0,0)\u00a0\u00bb z_index=\u00a0\u00bb500&Prime; width=\u00a0\u00bb80%\u00a0\u00bb module_alignment=\u00a0\u00bbcenter\u00a0\u00bb sticky_limit_bottom=\u00a0\u00bbbody\u00a0\u00bb global_colors_info=\u00a0\u00bb{}\u00a0\u00bb]<\/p>\n<h2>LE SENS IB\u00c9RIQUE S&rsquo;\u00c9VEILLE CHEZ LES FUTURS PROFESSIONNELS DE L&rsquo;H\u00d4TELLERIE PARISIENNE<\/h2>\n<p>[\/et_pb_text][et_pb_text _builder_version=\u00a0\u00bb4.13.0&Prime; _module_preset=\u00a0\u00bbdefault\u00a0\u00bb text_font_size=\u00a0\u00bb16px\u00a0\u00bb header_font=\u00a0\u00bb|700||on|||||\u00a0\u00bb header_text_color=\u00a0\u00bb#a31c27&Prime; header_2_font=\u00a0\u00bb|700||on|||||\u00a0\u00bb header_2_text_color=\u00a0\u00bb#a31c27&Prime; header_2_font_size=\u00a0\u00bb30px\u00a0\u00bb background_color=\u00a0\u00bbRGBA(0,0,0,0)\u00a0\u00bb z_index=\u00a0\u00bb500&Prime; sticky_limit_bottom=\u00a0\u00bbbody\u00a0\u00bb global_colors_info=\u00a0\u00bb{}\u00a0\u00bb]<\/p>\n<p>Le <strong>secteur ib\u00e9rique <\/strong>est fortement engag\u00e9 dans la formation des <strong>g\u00e9n\u00e9rations futures dans le secteur de l&rsquo;h\u00f4tellerie, <\/strong>et pour cette raison, il a lanc\u00e9 une s\u00e9rie de <strong>cours de formation <\/strong>dans de prestigieuses <strong>\u00e9coles h\u00f4teli\u00e8res europ\u00e9ennes, <\/strong>dans le but de positionner la <strong>culture du jambon ib\u00e9rique <\/strong>sur les march\u00e9s internationaux et g\u00e9n\u00e9rer des prescripteurs de prestige, tels de <strong>futurs professionnels. <\/strong><strong><br \/><\/strong><br \/>Dans le cadre de ces formations, les 9 et 10 janvier 2023, un atelier a eu lieu \u00e0 <strong>l&rsquo; \u00c9cole H\u00f4teli\u00e8re de Paris Jean Drouant &lsquo;, <\/strong>qui s&rsquo;ajoute \u00e0 celles r\u00e9alis\u00e9es \u00e0 la Brillat-Savarin-Schule de Berlin et \u00e0 l&rsquo;\u00e9cole h\u00f4teli\u00e8re Hofmann de Barcelone.<\/p>\n<p>Gr\u00e2ce \u00e0 elle, les \u00e9tudiants ont pu d\u00e9couvrir les <strong>qualit\u00e9s diff\u00e9rentielles <\/strong>de ce <strong>produit gastronomique unique <\/strong>, en Europe et dans le monde, aux mains de <strong>professionnels du secteur, <\/strong>ainsi que d\u00e9couvrir les secrets pour mener \u00e0 bien l&rsquo; <strong>Art de la Coupe <\/strong>en tant que <strong>coupeur professionnel . , <\/strong>gr\u00e2ce \u00e0 la masterclass donn\u00e9e par le <strong>ma\u00eetre tailleur Sylvain Foucaud , <\/strong>qui a soulign\u00e9 l&rsquo;importance de cette profession au sein du secteur : \u00ab\u00a0de plus en plus de personnes se consacrent exclusivement au monde du jambon ib\u00e9rique, et c&rsquo;est pr\u00e9cis\u00e9ment ce que nous recherchons avec des \u00e9v\u00e9nements comme celui-ci, pour continuer \u00e0 diffuser le travail du jambon ib\u00e9rique Coupeur de jambon pour que, par leur m\u00e9tier, ils fassent \u00e9cho \u00e0 cet art et, pas seulement \u00e0 cela, mais aussi \u00e0 la culture gastronomique europ\u00e9enne et espagnole \u00bb.<\/p>\n<p>De plus, <strong>quatre \u00e9tudiants issus de cette formation <\/strong>ont \u00e9t\u00e9 <strong>s\u00e9lectionn\u00e9s pour participer \u00e0 la Finale Internationale de la Coupe de Jambon Ib\u00e9rique <\/strong>qui s&rsquo;est d\u00e9roul\u00e9e en mars \u00e0 Paris, et qui a d\u00e9sign\u00e9 le <strong>meilleur coupeur de Jambon Ib\u00e9rique.<\/strong><\/p>\n<p>[\/et_pb_text][\/et_pb_column][\/et_pb_row][et_pb_row use_custom_gutter=\u00a0\u00bbon\u00a0\u00bb gutter_width=\u00a0\u00bb2&Prime; _builder_version=\u00a0\u00bb4.13.0&Prime; _module_preset=\u00a0\u00bbdefault\u00a0\u00bb global_colors_info=\u00a0\u00bb{}\u00a0\u00bb][et_pb_column type=\u00a0\u00bb4_4&Prime; _builder_version=\u00a0\u00bb4.13.0&Prime; _module_preset=\u00a0\u00bbdefault\u00a0\u00bb global_colors_info=\u00a0\u00bb{}\u00a0\u00bb][et_pb_gallery gallery_ids=\u00a0\u00bb0,6345,6349,6353,6357,6361,6365,6369,6373,6377,6381,6385,6389,6393,6397,6401,6405,6409,6413,6417&Prime; posts_number=\u00a0\u00bb150&Prime; show_title_and_caption=\u00a0\u00bb%22off%22&Prime; show_pagination=\u00a0\u00bb%22off%22&Prime; _builder_version=\u00a0\u00bb4.13.0&Prime; _module_preset=\u00a0\u00bb%22default%22&Prime; hover_enabled=\u00a0\u00bb0&Prime; global_colors_info=\u00a0\u00bb{}\u00a0\u00bb sticky_enabled=\u00a0\u00bb0&Prime;][\/et_pb_gallery][\/et_pb_column][\/et_pb_row][\/et_pb_section]<\/p>\n","protected":false},"excerpt":{"rendered":"<p>LE SENS IB\u00c9RIQUE S&rsquo;\u00c9VEILLE CHEZ LES FUTURS PROFESSIONNELS DE L&rsquo;H\u00d4TELLERIE PARISIENNELe secteur ib\u00e9rique est fortement engag\u00e9 dans la formation des g\u00e9n\u00e9rations futures dans le secteur de l&rsquo;h\u00f4tellerie, et pour cette raison, il a lanc\u00e9 une s\u00e9rie de cours de formation dans de prestigieuses \u00e9coles h\u00f4teli\u00e8res europ\u00e9ennes, dans le but de positionner la culture du jambon ib\u00e9rique sur les march\u00e9s internationaux et g\u00e9n\u00e9rer des prescripteurs de prestige, tels de futurs professionnels. Dans le cadre de ces formations, les 9 et 10 janvier 2023, un atelier a eu lieu \u00e0 l&rsquo; \u00c9cole H\u00f4teli\u00e8re de Paris Jean Drouant &lsquo;, qui s&rsquo;ajoute \u00e0 celles r\u00e9alis\u00e9es \u00e0 la Brillat-Savarin-Schule de Berlin et \u00e0 l&rsquo;\u00e9cole h\u00f4teli\u00e8re Hofmann de Barcelone. Gr\u00e2ce \u00e0 elle, les \u00e9tudiants ont pu d\u00e9couvrir les qualit\u00e9s diff\u00e9rentielles de ce produit gastronomique unique , en Europe et dans le monde, aux mains de professionnels du secteur, ainsi que d\u00e9couvrir les secrets pour mener \u00e0 bien l&rsquo; Art de la Coupe en tant que coupeur professionnel . , gr\u00e2ce \u00e0 la masterclass donn\u00e9e par le ma\u00eetre tailleur Sylvain Foucaud , qui a soulign\u00e9 l&rsquo;importance de cette profession au sein du secteur : \u00ab\u00a0de plus en plus de personnes se consacrent exclusivement au monde du jambon [&hellip;]<\/p>\n","protected":false},"author":1,"featured_media":0,"parent":4303,"menu_order":1,"comment_status":"closed","ping_status":"closed","template":"","meta":{"_et_pb_use_builder":"on","_et_pb_old_content":"","_et_gb_content_width":"","footnotes":""},"class_list":["post-6768","page","type-page","status-publish","hentry"],"_links":{"self":[{"href":"https:\/\/jamonesibericoseu.eu\/fr\/wp-json\/wp\/v2\/pages\/6768","targetHints":{"allow":["GET"]}}],"collection":[{"href":"https:\/\/jamonesibericoseu.eu\/fr\/wp-json\/wp\/v2\/pages"}],"about":[{"href":"https:\/\/jamonesibericoseu.eu\/fr\/wp-json\/wp\/v2\/types\/page"}],"author":[{"embeddable":true,"href":"https:\/\/jamonesibericoseu.eu\/fr\/wp-json\/wp\/v2\/users\/1"}],"replies":[{"embeddable":true,"href":"https:\/\/jamonesibericoseu.eu\/fr\/wp-json\/wp\/v2\/comments?post=6768"}],"version-history":[{"count":9,"href":"https:\/\/jamonesibericoseu.eu\/fr\/wp-json\/wp\/v2\/pages\/6768\/revisions"}],"predecessor-version":[{"id":7180,"href":"https:\/\/jamonesibericoseu.eu\/fr\/wp-json\/wp\/v2\/pages\/6768\/revisions\/7180"}],"up":[{"embeddable":true,"href":"https:\/\/jamonesibericoseu.eu\/fr\/wp-json\/wp\/v2\/pages\/4303"}],"wp:attachment":[{"href":"https:\/\/jamonesibericoseu.eu\/fr\/wp-json\/wp\/v2\/media?parent=6768"}],"curies":[{"name":"wp","href":"https:\/\/api.w.org\/{rel}","templated":true}]}}

Le Sens Ibérique s&rsquo;éveille chez les futurs professionnels de l&rsquo;hôtellerie Parisienne

<p>[et_pb_section fb_built= »1&Prime; _builder_version= »4.10.8&Prime; _module_preset= »default » global_colors_info= »{} »][et_pb_row _builder_version= »4.10.8&Prime; _module_preset= »default » global_colors_info= »{} »][et_pb_column type= »4_4&Prime; _builder_version= »4.10.8&Prime; _module_preset= »default » global_colors_info= »{} »][et_pb_text _builder_version= »4.13.0&Prime; _module_preset= »default » text_font_size= »16px » header_font= »|700||on||||| » header_text_align= »center » header_text_color= »#a31c27&Prime; header_2_font= »|700||on||||| » header_2_text_align= »center » header_2_text_color= »#a31c27&Prime; header_2_font_size= »30px » header_2_line_height= »1.2em » background_color= »RGBA(0,0,0,0) » z_index= »500&Prime; width= »80% » module_alignment= »center » sticky_limit_bottom= »body » global_colors_info= »{} »]</p>
<h2>LE SENS IBÉRIQUE S&rsquo;ÉVEILLE CHEZ LES FUTURS PROFESSIONNELS DE L&rsquo;HÔTELLERIE PARISIENNE</h2>
<p>[/et_pb_text][et_pb_text _builder_version= »4.13.0&Prime; _module_preset= »default » text_font_size= »16px » header_font= »|700||on||||| » header_text_color= »#a31c27&Prime; header_2_font= »|700||on||||| » header_2_text_color= »#a31c27&Prime; header_2_font_size= »30px » background_color= »RGBA(0,0,0,0) » z_index= »500&Prime; sticky_limit_bottom= »body » global_colors_info= »{} »]</p>
<p>Le <strong>secteur ibérique </strong>est fortement engagé dans la formation des <strong>générations futures dans le secteur de l&rsquo;hôtellerie, </strong>et pour cette raison, il a lancé une série de <strong>cours de formation </strong>dans de prestigieuses <strong>écoles hôtelières européennes, </strong>dans le but de positionner la <strong>culture du jambon ibérique </strong>sur les marchés internationaux et générer des prescripteurs de prestige, tels de <strong>futurs professionnels. </strong><strong><br /></strong><br />Dans le cadre de ces formations, les 9 et 10 janvier 2023, un atelier a eu lieu à <strong>l&rsquo; École Hôtelière de Paris Jean Drouant &lsquo;, </strong>qui s&rsquo;ajoute à celles réalisées à la Brillat-Savarin-Schule de Berlin et à l&rsquo;école hôtelière Hofmann de Barcelone.</p>
<p>Grâce à elle, les étudiants ont pu découvrir les <strong>qualités différentielles </strong>de ce <strong>produit gastronomique unique </strong>, en Europe et dans le monde, aux mains de <strong>professionnels du secteur, </strong>ainsi que découvrir les secrets pour mener à bien l&rsquo; <strong>Art de la Coupe </strong>en tant que <strong>coupeur professionnel . , </strong>grâce à la masterclass donnée par le <strong>maître tailleur Sylvain Foucaud , </strong>qui a souligné l&rsquo;importance de cette profession au sein du secteur : « de plus en plus de personnes se consacrent exclusivement au monde du jambon ibérique, et c&rsquo;est précisément ce que nous recherchons avec des événements comme celui-ci, pour continuer à diffuser le travail du jambon ibérique Coupeur de jambon pour que, par leur métier, ils fassent écho à cet art et, pas seulement à cela, mais aussi à la culture gastronomique européenne et espagnole ».</p>
<p>De plus, <strong>quatre étudiants issus de cette formation </strong>ont été <strong>sélectionnés pour participer à la Finale Internationale de la Coupe de Jambon Ibérique </strong>qui s&rsquo;est déroulée en mars à Paris, et qui a désigné le <strong>meilleur coupeur de Jambon Ibérique.</strong></p>
<p>[/et_pb_text][/et_pb_column][/et_pb_row][et_pb_row use_custom_gutter= »on » gutter_width= »2&Prime; _builder_version= »4.13.0&Prime; _module_preset= »default » global_colors_info= »{} »][et_pb_column type= »4_4&Prime; _builder_version= »4.13.0&Prime; _module_preset= »default » global_colors_info= »{} »][et_pb_gallery gallery_ids= »0,6345,6349,6353,6357,6361,6365,6369,6373,6377,6381,6385,6389,6393,6397,6401,6405,6409,6413,6417&Prime; posts_number= »150&Prime; show_title_and_caption= »%22off%22&Prime; show_pagination= »%22off%22&Prime; _builder_version= »4.13.0&Prime; _module_preset= »%22default%22&Prime; hover_enabled= »0&Prime; global_colors_info= »{} » sticky_enabled= »0&Prime;][/et_pb_gallery][/et_pb_column][/et_pb_row][/et_pb_section]</p>

<p>LE SENS IBÉRIQUE S&rsquo;ÉVEILLE CHEZ LES FUTURS PROFESSIONNELS DE L&rsquo;HÔTELLERIE PARISIENNELe secteur ibérique est fortement engagé dans la formation des générations futures dans le secteur de l&rsquo;hôtellerie, et pour cette raison, il a lancé une série de cours de formation dans de prestigieuses écoles hôtelières européennes, dans le but de positionner la culture du jambon ibérique sur les marchés internationaux et générer des prescripteurs de prestige, tels de futurs professionnels. Dans le cadre de ces formations, les 9 et 10 janvier 2023, un atelier a eu lieu à l&rsquo; École Hôtelière de Paris Jean Drouant &lsquo;, qui s&rsquo;ajoute à celles réalisées à la Brillat-Savarin-Schule de Berlin et à l&rsquo;école hôtelière Hofmann de Barcelone. Grâce à elle, les étudiants ont pu découvrir les qualités différentielles de ce produit gastronomique unique , en Europe et dans le monde, aux mains de professionnels du secteur, ainsi que découvrir les secrets pour mener à bien l&rsquo; Art de la Coupe en tant que coupeur professionnel . , grâce à la masterclass donnée par le maître tailleur Sylvain Foucaud , qui a souligné l&rsquo;importance de cette profession au sein du secteur : « de plus en plus de personnes se consacrent exclusivement au monde du jambon [&hellip;]</p>
