{"id":4619,"date":"2022-04-18T11:09:38","date_gmt":"2022-04-18T11:09:38","guid":{"rendered":"https:\/\/jamonesibericoseu.eu\/evenements\/concours-international-des-coupeurs-de-jamon-iberico-pour-les-eleves-des-ecoles-hotelieres\/"},"modified":"2023-08-04T12:34:22","modified_gmt":"2023-08-04T12:34:22","slug":"concours-international-des-coupeurs-de-jamon-iberico-pour-les-eleves-des-ecoles-hotelieres","status":"publish","type":"page","link":"https:\/\/jamonesibericoseu.eu\/fr\/evenements\/concours-international-des-coupeurs-de-jamon-iberico-pour-les-eleves-des-ecoles-hotelieres\/","title":{"rendered":"Concours international des coupeurs de Jam\u00f3n Ib\u00e9rico pour les \u00e9l\u00e8ves des \u00e9coles h\u00f4teli\u00e8res"},"content":{"rendered":"<p>[et_pb_section fb_built=\u00a0\u00bb1&Prime; _builder_version=\u00a0\u00bb4.10.8&Prime; _module_preset=\u00a0\u00bbdefault\u00a0\u00bb global_colors_info=\u00a0\u00bb{}\u00a0\u00bb][et_pb_row _builder_version=\u00a0\u00bb4.10.8&Prime; _module_preset=\u00a0\u00bbdefault\u00a0\u00bb global_colors_info=\u00a0\u00bb{}\u00a0\u00bb][et_pb_column type=\u00a0\u00bb4_4&Prime; _builder_version=\u00a0\u00bb4.10.8&Prime; _module_preset=\u00a0\u00bbdefault\u00a0\u00bb global_colors_info=\u00a0\u00bb{}\u00a0\u00bb][et_pb_text _builder_version=\u00a0\u00bb4.13.0&Prime; _module_preset=\u00a0\u00bbdefault\u00a0\u00bb text_font_size=\u00a0\u00bb16px\u00a0\u00bb header_font=\u00a0\u00bb|700||on|||||\u00a0\u00bb header_text_align=\u00a0\u00bbcenter\u00a0\u00bb header_text_color=\u00a0\u00bb#a31c27&Prime; header_2_font=\u00a0\u00bb|700||on|||||\u00a0\u00bb header_2_text_align=\u00a0\u00bbcenter\u00a0\u00bb header_2_text_color=\u00a0\u00bb#a31c27&Prime; header_2_font_size=\u00a0\u00bb30px\u00a0\u00bb header_2_line_height=\u00a0\u00bb1.2em\u00a0\u00bb background_color=\u00a0\u00bbRGBA(0,0,0,0)\u00a0\u00bb z_index=\u00a0\u00bb500&Prime; width=\u00a0\u00bb80%\u00a0\u00bb module_alignment=\u00a0\u00bbcenter\u00a0\u00bb sticky_limit_bottom=\u00a0\u00bbbody\u00a0\u00bb global_colors_info=\u00a0\u00bb{}\u00a0\u00bb]<\/p>\n<h2>CONCOURS INTERNATIONAL DES COUPEURS DE JAM\u00d3N IB\u00c9RICO POUR LES \u00c9L\u00c8VES DES \u00c9COLES H\u00d4TELI\u00c8RES<\/h2>\n<p>[\/et_pb_text][et_pb_text _builder_version=\u00a0\u00bb4.13.0&Prime; _module_preset=\u00a0\u00bbdefault\u00a0\u00bb text_font_size=\u00a0\u00bb16px\u00a0\u00bb header_font=\u00a0\u00bb|700||on|||||\u00a0\u00bb header_text_color=\u00a0\u00bb#a31c27&Prime; header_2_font=\u00a0\u00bb|700||on|||||\u00a0\u00bb header_2_text_color=\u00a0\u00bb#a31c27&Prime; header_2_font_size=\u00a0\u00bb30px\u00a0\u00bb background_color=\u00a0\u00bbRGBA(0,0,0,0)\u00a0\u00bb z_index=\u00a0\u00bb500&Prime; sticky_limit_bottom=\u00a0\u00bbbody\u00a0\u00bb global_colors_info=\u00a0\u00bb{}\u00a0\u00bb]<\/p>\n<p>Quel est le secret d\u2019une bonne d\u00e9coupe de Jam\u00f3n ? Le couteau, le support, la technique, un m\u00e9lange de connaissances th\u00e9oriques et pratiques et, bien s\u00fbr, un bon Jam\u00f3n Ib\u00e9rico. L&rsquo;IES Hotel Escuela de Madrid a accueilli la IVe \u00e9dition internationale du Concours de coupeurs de Jam\u00f3n, promu par l&rsquo;Association Interprofessionnelle du Porc Ib\u00e9rique espagnole (ASICI), dans le but de donner une visibilit\u00e9 \u00e0 la coupe du Jam\u00f3n Ib\u00e9rico en salle et de mettre en valeur la figure du coupeur en tant que prescripteur exceptionnel dans le secteur de la restauration.<\/p>\n<p>Quinze \u00e9tudiants de diff\u00e9rentes nationalit\u00e9s provenant de prestigieuses \u00e9coles h\u00f4teli\u00e8res de toute l&rsquo;Europe ont particip\u00e9 au concours.<\/p>\n<p>Le jury, compos\u00e9 de divers ma\u00eetres coupeurs et chefs cuisiniers, a suivi et go\u00fbt\u00e9 en d\u00e9tail chacune des propositions.<\/p>\n<p>Le concours de coupeurs est un \u00e9v\u00e9nement de formation inscrit dans le cadre du programme de promotion \u00ab Jamones Ib\u00e9ricos d&rsquo;Espagne, ambassadeurs de l\u2019Europe dans le monde \u00bb, o\u00f9 le secteur Ib\u00e9rico, avec le soutien de l&rsquo;UE, vise \u00e0 faire conna\u00eetre la polyvalence et la qualit\u00e9 d&rsquo;un produit de r\u00e9f\u00e9rence dans le r\u00e9gime m\u00e9diterran\u00e9en et d\u2019un embl\u00e8me culturel en Espagne.<\/p>\n<p>[\/et_pb_text][\/et_pb_column][\/et_pb_row][et_pb_row column_structure=\u00a0\u00bb1_4,1_4,1_4,1_4&Prime; use_custom_gutter=\u00a0\u00bbon\u00a0\u00bb gutter_width=\u00a0\u00bb2&Prime; _builder_version=\u00a0\u00bb4.13.0&Prime; _module_preset=\u00a0\u00bbdefault\u00a0\u00bb global_colors_info=\u00a0\u00bb{}\u00a0\u00bb][et_pb_column type=\u00a0\u00bb1_4&Prime; _builder_version=\u00a0\u00bb4.13.0&Prime; _module_preset=\u00a0\u00bbdefault\u00a0\u00bb global_colors_info=\u00a0\u00bb{}\u00a0\u00bb][et_pb_image src=\u00a0\u00bbhttps:\/\/jamonesibericoseu.eu\/wp-content\/uploads\/2022\/04\/Ganador-corte-jamon.jpg\u00a0\u00bb title_text=\u00a0\u00bbGanador-corte-jamon\u00a0\u00bb _builder_version=\u00a0\u00bb4.13.0&Prime; _module_preset=\u00a0\u00bbdefault\u00a0\u00bb global_colors_info=\u00a0\u00bb{}\u00a0\u00bb][\/et_pb_image][et_pb_image src=\u00a0\u00bbhttps:\/\/jamonesibericoseu.eu\/wp-content\/uploads\/2022\/04\/Ganador-corte-jamon-05.jpg\u00a0\u00bb title_text=\u00a0\u00bbGanador-corte-jamon-05&Prime; _builder_version=\u00a0\u00bb4.13.0&Prime; _module_preset=\u00a0\u00bbdefault\u00a0\u00bb global_colors_info=\u00a0\u00bb{}\u00a0\u00bb][\/et_pb_image][\/et_pb_column][et_pb_column type=\u00a0\u00bb1_4&Prime; _builder_version=\u00a0\u00bb4.13.0&Prime; _module_preset=\u00a0\u00bbdefault\u00a0\u00bb global_colors_info=\u00a0\u00bb{}\u00a0\u00bb][et_pb_image src=\u00a0\u00bbhttps:\/\/jamonesibericoseu.eu\/wp-content\/uploads\/2022\/04\/Ganador-corte-jamon-02.jpg\u00a0\u00bb title_text=\u00a0\u00bbGanador-corte-jamon-02&Prime; _builder_version=\u00a0\u00bb4.13.0&Prime; _module_preset=\u00a0\u00bbdefault\u00a0\u00bb hover_enabled=\u00a0\u00bb0&Prime; global_colors_info=\u00a0\u00bb{}\u00a0\u00bb sticky_enabled=\u00a0\u00bb0&Prime;][\/et_pb_image][et_pb_image src=\u00a0\u00bbhttps:\/\/jamonesibericoseu.eu\/wp-content\/uploads\/2022\/04\/Ganador-corte-jamon-06.jpg\u00a0\u00bb title_text=\u00a0\u00bbGanador-corte-jamon-06&Prime; _builder_version=\u00a0\u00bb4.13.0&Prime; _module_preset=\u00a0\u00bbdefault\u00a0\u00bb global_colors_info=\u00a0\u00bb{}\u00a0\u00bb][\/et_pb_image][\/et_pb_column][et_pb_column type=\u00a0\u00bb1_4&Prime; _builder_version=\u00a0\u00bb4.13.0&Prime; _module_preset=\u00a0\u00bbdefault\u00a0\u00bb global_colors_info=\u00a0\u00bb{}\u00a0\u00bb][et_pb_image src=\u00a0\u00bbhttps:\/\/jamonesibericoseu.eu\/wp-content\/uploads\/2022\/04\/Ganador-corte-jamon-03.jpg\u00a0\u00bb title_text=\u00a0\u00bbGanador-corte-jamon-03&Prime; _builder_version=\u00a0\u00bb4.13.0&Prime; _module_preset=\u00a0\u00bbdefault\u00a0\u00bb global_colors_info=\u00a0\u00bb{}\u00a0\u00bb][\/et_pb_image][et_pb_image src=\u00a0\u00bbhttps:\/\/jamonesibericoseu.eu\/wp-content\/uploads\/2022\/04\/Ganador-corte-jamon-07.jpg\u00a0\u00bb title_text=\u00a0\u00bbGanador-corte-jamon-07&Prime; _builder_version=\u00a0\u00bb4.13.0&Prime; _module_preset=\u00a0\u00bbdefault\u00a0\u00bb global_colors_info=\u00a0\u00bb{}\u00a0\u00bb][\/et_pb_image][\/et_pb_column][et_pb_column type=\u00a0\u00bb1_4&Prime; _builder_version=\u00a0\u00bb4.13.0&Prime; _module_preset=\u00a0\u00bbdefault\u00a0\u00bb global_colors_info=\u00a0\u00bb{}\u00a0\u00bb][et_pb_image src=\u00a0\u00bbhttps:\/\/jamonesibericoseu.eu\/wp-content\/uploads\/2022\/04\/Ganador-corte-jamon-04.jpg\u00a0\u00bb title_text=\u00a0\u00bbGanador-corte-jamon-04&Prime; _builder_version=\u00a0\u00bb4.13.0&Prime; _module_preset=\u00a0\u00bbdefault\u00a0\u00bb global_colors_info=\u00a0\u00bb{}\u00a0\u00bb][\/et_pb_image][et_pb_image src=\u00a0\u00bbhttps:\/\/jamonesibericoseu.eu\/wp-content\/uploads\/2022\/04\/Ganador-corte-jamon-08.jpg\u00a0\u00bb title_text=\u00a0\u00bbGanador-corte-jamon-08&Prime; _builder_version=\u00a0\u00bb4.13.0&Prime; _module_preset=\u00a0\u00bbdefault\u00a0\u00bb global_colors_info=\u00a0\u00bb{}\u00a0\u00bb][\/et_pb_image][\/et_pb_column][\/et_pb_row][\/et_pb_section]<\/p>\n","protected":false},"excerpt":{"rendered":"<p>CONCOURS INTERNATIONAL DES COUPEURS DE JAM\u00d3N IB\u00c9RICO POUR LES \u00c9L\u00c8VES DES \u00c9COLES H\u00d4TELI\u00c8RESQuel est le secret d\u2019une bonne d\u00e9coupe de Jam\u00f3n ? Le couteau, le support, la technique, un m\u00e9lange de connaissances th\u00e9oriques et pratiques et, bien s\u00fbr, un bon Jam\u00f3n Ib\u00e9rico. L&rsquo;IES Hotel Escuela de Madrid a accueilli la IVe \u00e9dition internationale du Concours de coupeurs de Jam\u00f3n, promu par l&rsquo;Association Interprofessionnelle du Porc Ib\u00e9rique espagnole (ASICI), dans le but de donner une visibilit\u00e9 \u00e0 la coupe du Jam\u00f3n Ib\u00e9rico en salle et de mettre en valeur la figure du coupeur en tant que prescripteur exceptionnel dans le secteur de la restauration. Quinze \u00e9tudiants de diff\u00e9rentes nationalit\u00e9s provenant de prestigieuses \u00e9coles h\u00f4teli\u00e8res de toute l&rsquo;Europe ont particip\u00e9 au concours. Le jury, compos\u00e9 de divers ma\u00eetres coupeurs et chefs cuisiniers, a suivi et go\u00fbt\u00e9 en d\u00e9tail chacune des propositions. Le concours de coupeurs est un \u00e9v\u00e9nement de formation inscrit dans le cadre du programme de promotion \u00ab Jamones Ib\u00e9ricos d&rsquo;Espagne, ambassadeurs de l\u2019Europe dans le monde \u00bb, o\u00f9 le secteur Ib\u00e9rico, avec le soutien de l&rsquo;UE, vise \u00e0 faire conna\u00eetre la polyvalence et la qualit\u00e9 d&rsquo;un produit de r\u00e9f\u00e9rence dans le r\u00e9gime m\u00e9diterran\u00e9en et d\u2019un embl\u00e8me culturel en Espagne.<\/p>\n","protected":false},"author":1,"featured_media":0,"parent":4303,"menu_order":1,"comment_status":"closed","ping_status":"closed","template":"","meta":{"_et_pb_use_builder":"on","_et_pb_old_content":"","_et_gb_content_width":"","footnotes":""},"class_list":["post-4619","page","type-page","status-publish","hentry"],"_links":{"self":[{"href":"https:\/\/jamonesibericoseu.eu\/fr\/wp-json\/wp\/v2\/pages\/4619","targetHints":{"allow":["GET"]}}],"collection":[{"href":"https:\/\/jamonesibericoseu.eu\/fr\/wp-json\/wp\/v2\/pages"}],"about":[{"href":"https:\/\/jamonesibericoseu.eu\/fr\/wp-json\/wp\/v2\/types\/page"}],"author":[{"embeddable":true,"href":"https:\/\/jamonesibericoseu.eu\/fr\/wp-json\/wp\/v2\/users\/1"}],"replies":[{"embeddable":true,"href":"https:\/\/jamonesibericoseu.eu\/fr\/wp-json\/wp\/v2\/comments?post=4619"}],"version-history":[{"count":6,"href":"https:\/\/jamonesibericoseu.eu\/fr\/wp-json\/wp\/v2\/pages\/4619\/revisions"}],"predecessor-version":[{"id":7164,"href":"https:\/\/jamonesibericoseu.eu\/fr\/wp-json\/wp\/v2\/pages\/4619\/revisions\/7164"}],"up":[{"embeddable":true,"href":"https:\/\/jamonesibericoseu.eu\/fr\/wp-json\/wp\/v2\/pages\/4303"}],"wp:attachment":[{"href":"https:\/\/jamonesibericoseu.eu\/fr\/wp-json\/wp\/v2\/media?parent=4619"}],"curies":[{"name":"wp","href":"https:\/\/api.w.org\/{rel}","templated":true}]}}

Concours international des coupeurs de Jamón Ibérico pour les élèves des écoles hôtelières

<p>[et_pb_section fb_built= »1&Prime; _builder_version= »4.10.8&Prime; _module_preset= »default » global_colors_info= »{} »][et_pb_row _builder_version= »4.10.8&Prime; _module_preset= »default » global_colors_info= »{} »][et_pb_column type= »4_4&Prime; _builder_version= »4.10.8&Prime; _module_preset= »default » global_colors_info= »{} »][et_pb_text _builder_version= »4.13.0&Prime; _module_preset= »default » text_font_size= »16px » header_font= »|700||on||||| » header_text_align= »center » header_text_color= »#a31c27&Prime; header_2_font= »|700||on||||| » header_2_text_align= »center » header_2_text_color= »#a31c27&Prime; header_2_font_size= »30px » header_2_line_height= »1.2em » background_color= »RGBA(0,0,0,0) » z_index= »500&Prime; width= »80% » module_alignment= »center » sticky_limit_bottom= »body » global_colors_info= »{} »]</p>
<h2>CONCOURS INTERNATIONAL DES COUPEURS DE JAMÓN IBÉRICO POUR LES ÉLÈVES DES ÉCOLES HÔTELIÈRES</h2>
<p>[/et_pb_text][et_pb_text _builder_version= »4.13.0&Prime; _module_preset= »default » text_font_size= »16px » header_font= »|700||on||||| » header_text_color= »#a31c27&Prime; header_2_font= »|700||on||||| » header_2_text_color= »#a31c27&Prime; header_2_font_size= »30px » background_color= »RGBA(0,0,0,0) » z_index= »500&Prime; sticky_limit_bottom= »body » global_colors_info= »{} »]</p>
<p>Quel est le secret d’une bonne découpe de Jamón ? Le couteau, le support, la technique, un mélange de connaissances théoriques et pratiques et, bien sûr, un bon Jamón Ibérico. L&rsquo;IES Hotel Escuela de Madrid a accueilli la IVe édition internationale du Concours de coupeurs de Jamón, promu par l&rsquo;Association Interprofessionnelle du Porc Ibérique espagnole (ASICI), dans le but de donner une visibilité à la coupe du Jamón Ibérico en salle et de mettre en valeur la figure du coupeur en tant que prescripteur exceptionnel dans le secteur de la restauration.</p>
<p>Quinze étudiants de différentes nationalités provenant de prestigieuses écoles hôtelières de toute l&rsquo;Europe ont participé au concours.</p>
<p>Le jury, composé de divers maîtres coupeurs et chefs cuisiniers, a suivi et goûté en détail chacune des propositions.</p>
<p>Le concours de coupeurs est un événement de formation inscrit dans le cadre du programme de promotion « Jamones Ibéricos d&rsquo;Espagne, ambassadeurs de l’Europe dans le monde », où le secteur Ibérico, avec le soutien de l&rsquo;UE, vise à faire connaître la polyvalence et la qualité d&rsquo;un produit de référence dans le régime méditerranéen et d’un emblème culturel en Espagne.</p>
<p>[/et_pb_text][/et_pb_column][/et_pb_row][et_pb_row column_structure= »1_4,1_4,1_4,1_4&Prime; use_custom_gutter= »on » gutter_width= »2&Prime; _builder_version= »4.13.0&Prime; _module_preset= »default » global_colors_info= »{} »][et_pb_column type= »1_4&Prime; _builder_version= »4.13.0&Prime; _module_preset= »default » global_colors_info= »{} »][et_pb_image src= »https://jamonesibericoseu.eu/wp-content/uploads/2022/04/Ganador-corte-jamon.jpg » title_text= »Ganador-corte-jamon » _builder_version= »4.13.0&Prime; _module_preset= »default » global_colors_info= »{} »][/et_pb_image][et_pb_image src= »https://jamonesibericoseu.eu/wp-content/uploads/2022/04/Ganador-corte-jamon-05.jpg » title_text= »Ganador-corte-jamon-05&Prime; _builder_version= »4.13.0&Prime; _module_preset= »default » global_colors_info= »{} »][/et_pb_image][/et_pb_column][et_pb_column type= »1_4&Prime; _builder_version= »4.13.0&Prime; _module_preset= »default » global_colors_info= »{} »][et_pb_image src= »https://jamonesibericoseu.eu/wp-content/uploads/2022/04/Ganador-corte-jamon-02.jpg » title_text= »Ganador-corte-jamon-02&Prime; _builder_version= »4.13.0&Prime; _module_preset= »default » hover_enabled= »0&Prime; global_colors_info= »{} » sticky_enabled= »0&Prime;][/et_pb_image][et_pb_image src= »https://jamonesibericoseu.eu/wp-content/uploads/2022/04/Ganador-corte-jamon-06.jpg » title_text= »Ganador-corte-jamon-06&Prime; _builder_version= »4.13.0&Prime; _module_preset= »default » global_colors_info= »{} »][/et_pb_image][/et_pb_column][et_pb_column type= »1_4&Prime; _builder_version= »4.13.0&Prime; _module_preset= »default » global_colors_info= »{} »][et_pb_image src= »https://jamonesibericoseu.eu/wp-content/uploads/2022/04/Ganador-corte-jamon-03.jpg » title_text= »Ganador-corte-jamon-03&Prime; _builder_version= »4.13.0&Prime; _module_preset= »default » global_colors_info= »{} »][/et_pb_image][et_pb_image src= »https://jamonesibericoseu.eu/wp-content/uploads/2022/04/Ganador-corte-jamon-07.jpg » title_text= »Ganador-corte-jamon-07&Prime; _builder_version= »4.13.0&Prime; _module_preset= »default » global_colors_info= »{} »][/et_pb_image][/et_pb_column][et_pb_column type= »1_4&Prime; _builder_version= »4.13.0&Prime; _module_preset= »default » global_colors_info= »{} »][et_pb_image src= »https://jamonesibericoseu.eu/wp-content/uploads/2022/04/Ganador-corte-jamon-04.jpg » title_text= »Ganador-corte-jamon-04&Prime; _builder_version= »4.13.0&Prime; _module_preset= »default » global_colors_info= »{} »][/et_pb_image][et_pb_image src= »https://jamonesibericoseu.eu/wp-content/uploads/2022/04/Ganador-corte-jamon-08.jpg » title_text= »Ganador-corte-jamon-08&Prime; _builder_version= »4.13.0&Prime; _module_preset= »default » global_colors_info= »{} »][/et_pb_image][/et_pb_column][/et_pb_row][/et_pb_section]</p>

<p>CONCOURS INTERNATIONAL DES COUPEURS DE JAMÓN IBÉRICO POUR LES ÉLÈVES DES ÉCOLES HÔTELIÈRESQuel est le secret d’une bonne découpe de Jamón ? Le couteau, le support, la technique, un mélange de connaissances théoriques et pratiques et, bien sûr, un bon Jamón Ibérico. L&rsquo;IES Hotel Escuela de Madrid a accueilli la IVe édition internationale du Concours de coupeurs de Jamón, promu par l&rsquo;Association Interprofessionnelle du Porc Ibérique espagnole (ASICI), dans le but de donner une visibilité à la coupe du Jamón Ibérico en salle et de mettre en valeur la figure du coupeur en tant que prescripteur exceptionnel dans le secteur de la restauration. Quinze étudiants de différentes nationalités provenant de prestigieuses écoles hôtelières de toute l&rsquo;Europe ont participé au concours. Le jury, composé de divers maîtres coupeurs et chefs cuisiniers, a suivi et goûté en détail chacune des propositions. Le concours de coupeurs est un événement de formation inscrit dans le cadre du programme de promotion « Jamones Ibéricos d&rsquo;Espagne, ambassadeurs de l’Europe dans le monde », où le secteur Ibérico, avec le soutien de l&rsquo;UE, vise à faire connaître la polyvalence et la qualité d&rsquo;un produit de référence dans le régime méditerranéen et d’un emblème culturel en Espagne.</p>
