{"id":4307,"date":"2022-03-07T15:19:55","date_gmt":"2022-03-07T15:19:55","guid":{"rendered":"https:\/\/jamonesibericoseu.eu\/evenements\/la-ceremonie-de-presentation\/"},"modified":"2022-03-07T15:32:44","modified_gmt":"2022-03-07T15:32:44","slug":"la-ceremonie-de-presentation","status":"publish","type":"page","link":"https:\/\/jamonesibericoseu.eu\/fr\/evenements\/la-ceremonie-de-presentation\/","title":{"rendered":"La c\u00e9r\u00e9monie de pr\u00e9sentation"},"content":{"rendered":"<p>[et_pb_section fb_built=\u00a0\u00bb1&Prime; _builder_version=\u00a0\u00bb4.10.8&Prime; _module_preset=\u00a0\u00bbdefault\u00a0\u00bb global_colors_info=\u00a0\u00bb{}\u00a0\u00bb][et_pb_row _builder_version=\u00a0\u00bb4.10.8&Prime; _module_preset=\u00a0\u00bbdefault\u00a0\u00bb global_colors_info=\u00a0\u00bb{}\u00a0\u00bb][et_pb_column type=\u00a0\u00bb4_4&Prime; _builder_version=\u00a0\u00bb4.10.8&Prime; _module_preset=\u00a0\u00bbdefault\u00a0\u00bb global_colors_info=\u00a0\u00bb{}\u00a0\u00bb][et_pb_text _builder_version=\u00a0\u00bb4.13.0&Prime; _module_preset=\u00a0\u00bbdefault\u00a0\u00bb text_font_size=\u00a0\u00bb16px\u00a0\u00bb header_font=\u00a0\u00bb|700||on|||||\u00a0\u00bb header_text_align=\u00a0\u00bbcenter\u00a0\u00bb header_text_color=\u00a0\u00bb#a31c27&Prime; header_2_font=\u00a0\u00bb|700||on|||||\u00a0\u00bb header_2_text_align=\u00a0\u00bbcenter\u00a0\u00bb header_2_text_color=\u00a0\u00bb#a31c27&Prime; header_2_font_size=\u00a0\u00bb30px\u00a0\u00bb header_2_line_height=\u00a0\u00bb1.2em\u00a0\u00bb background_color=\u00a0\u00bbRGBA(0,0,0,0)\u00a0\u00bb z_index=\u00a0\u00bb500&Prime; width=\u00a0\u00bb80%\u00a0\u00bb module_alignment=\u00a0\u00bbcenter\u00a0\u00bb sticky_limit_bottom=\u00a0\u00bbbody\u00a0\u00bb global_colors_info=\u00a0\u00bb{}\u00a0\u00bb]<\/p>\n<h2>LA C\u00c9R\u00c9MONIE DE PR\u00c9SENTATION QUI A R\u00c9VEILL\u00c9 UN NOUVEAU SENS DANS LE MONDE<\/h2>\n<p>[\/et_pb_text][et_pb_text _builder_version=\u00a0\u00bb4.13.0&Prime; _module_preset=\u00a0\u00bbdefault\u00a0\u00bb text_font_size=\u00a0\u00bb16px\u00a0\u00bb header_font=\u00a0\u00bb|700||on|||||\u00a0\u00bb header_text_color=\u00a0\u00bb#a31c27&Prime; header_2_font=\u00a0\u00bb|700||on|||||\u00a0\u00bb header_2_text_color=\u00a0\u00bb#a31c27&Prime; header_2_font_size=\u00a0\u00bb30px\u00a0\u00bb background_color=\u00a0\u00bbRGBA(0,0,0,0)\u00a0\u00bb z_index=\u00a0\u00bb500&Prime; sticky_limit_bottom=\u00a0\u00bbbody\u00a0\u00bb global_colors_info=\u00a0\u00bb{}\u00a0\u00bb]<\/p>\n<p>Le <strong>6 octobre 2021<\/strong> a eu lieu <strong>la c\u00e9r\u00e9monie de pr\u00e9sentation mondiale de la campagne la plus importante lanc\u00e9e par le secteur Ib\u00e9rico<\/strong> de toute son histoire : <strong>\u00ab Jamones Ib\u00e9ricos d&rsquo;Espagne, ambassadeurs de l\u2019Europe dans le monde. R\u00e9veillez votre sens Ib\u00e9rico \u00bb.<\/strong><\/p>\n<p>L&rsquo;\u00e9v\u00e9nement, qui s&rsquo;est tenu dans l&rsquo;auditorium de la Casa de Am\u00e9rica de Madrid et a \u00e9t\u00e9 anim\u00e9 par la pr\u00e9sentatrice et journaliste Alba Lago, a compt\u00e9 sur la pr\u00e9sence du <strong>ministre de l&rsquo;Agriculture, de la P\u00eache et de l&rsquo;Alimentation, Luis Planas<\/strong>, ainsi que <strong>d&rsquo;Antonio Prieto, pr\u00e9sident de l&rsquo;ASICI,<\/strong> et des <strong>chefs ambassadeurs de la campagne<\/strong> : l&rsquo;Espagnol <strong>Mario Sandoval<\/strong>, l&rsquo;Allemand <strong>Christian Sturm-Willms<\/strong>, la Fran\u00e7aise <strong>Amandine Chaignot<\/strong>, le Mexicain <strong>Carlos Gayt\u00e1n<\/strong> et le Chinois <strong>Vicky Cheng.<\/strong><\/p>\n<p>Dans le cadre de ce projet mondial innovant, une s\u00e9rie d&rsquo;actions strat\u00e9giques, notoires et spectaculaires seront lanc\u00e9es afin d&rsquo;inciter le monde entier \u00e0 r\u00e9veiller son \u00ab sens Ib\u00e9rico \u00bb et \u00e0 se d\u00e9lecter de la saveur inimitable de cet aliment de prestige. Une initiative qui esp\u00e8re conqu\u00e9rir <strong>plus de 300 millions de consommateurs et de professionnels dans 5 pays et 3 continents : Espagne, France, Allemagne, Mexique et Chine.<\/strong><\/p>\n<p>Pour faire ressortir notre c\u00f4t\u00e9 Ib\u00e9rico, les chefs ambassadeurs du Jam\u00f3n Ib\u00e9rico, v\u00e9ritables r\u00e9f\u00e9rences internationales de la haute gastronomie, ont pr\u00e9sent\u00e9 <strong>des pr\u00e9parations avant-gardistes avec le Jam\u00f3n Ib\u00e9rico comme colonne vert\u00e9brale. Ces propositions exclusives feront d\u00e9sormais partie des cartes de leurs c\u00e9l\u00e8bres restaurants<\/strong>.<\/p>\n<p>Tout cela fait de la d\u00e9gustation du Jam\u00f3n Ib\u00e9rico une exp\u00e9rience sensorielle. Et plus vous y go\u00fbtez, plus vous d\u00e9veloppez votre sens Ib\u00e9rico.<\/p>\n<p>[\/et_pb_text][\/et_pb_column][\/et_pb_row][et_pb_row column_structure=\u00a0\u00bb1_4,1_4,1_4,1_4&Prime; use_custom_gutter=\u00a0\u00bbon\u00a0\u00bb gutter_width=\u00a0\u00bb2&Prime; _builder_version=\u00a0\u00bb4.13.0&Prime; _module_preset=\u00a0\u00bbdefault\u00a0\u00bb global_colors_info=\u00a0\u00bb{}\u00a0\u00bb][et_pb_column type=\u00a0\u00bb1_4&Prime; _builder_version=\u00a0\u00bb4.13.0&Prime; _module_preset=\u00a0\u00bbdefault\u00a0\u00bb global_colors_info=\u00a0\u00bb{}\u00a0\u00bb][et_pb_image src=\u00a0\u00bbhttps:\/\/jamonesibericoseu.eu\/wp-content\/uploads\/2022\/01\/presentacion_01.jpg\u00a0\u00bb title_text=\u00a0\u00bbpresentacion_01&Prime; _builder_version=\u00a0\u00bb4.13.0&Prime; _module_preset=\u00a0\u00bbdefault\u00a0\u00bb global_colors_info=\u00a0\u00bb{}\u00a0\u00bb][\/et_pb_image][et_pb_image src=\u00a0\u00bbhttps:\/\/jamonesibericoseu.eu\/wp-content\/uploads\/2022\/01\/presentacion_05.jpg\u00a0\u00bb title_text=\u00a0\u00bbpresentacion_05&Prime; _builder_version=\u00a0\u00bb4.13.0&Prime; _module_preset=\u00a0\u00bbdefault\u00a0\u00bb global_colors_info=\u00a0\u00bb{}\u00a0\u00bb][\/et_pb_image][\/et_pb_column][et_pb_column type=\u00a0\u00bb1_4&Prime; _builder_version=\u00a0\u00bb4.13.0&Prime; _module_preset=\u00a0\u00bbdefault\u00a0\u00bb global_colors_info=\u00a0\u00bb{}\u00a0\u00bb][et_pb_image src=\u00a0\u00bbhttps:\/\/jamonesibericoseu.eu\/wp-content\/uploads\/2022\/01\/presentacion_02.jpg\u00a0\u00bb title_text=\u00a0\u00bbpresentacion_02&Prime; _builder_version=\u00a0\u00bb4.13.0&Prime; _module_preset=\u00a0\u00bbdefault\u00a0\u00bb global_colors_info=\u00a0\u00bb{}\u00a0\u00bb][\/et_pb_image][et_pb_image src=\u00a0\u00bbhttps:\/\/jamonesibericoseu.eu\/wp-content\/uploads\/2022\/01\/presentacion_06.jpg\u00a0\u00bb title_text=\u00a0\u00bbpresentacion_06&Prime; _builder_version=\u00a0\u00bb4.13.0&Prime; _module_preset=\u00a0\u00bbdefault\u00a0\u00bb global_colors_info=\u00a0\u00bb{}\u00a0\u00bb][\/et_pb_image][\/et_pb_column][et_pb_column type=\u00a0\u00bb1_4&Prime; _builder_version=\u00a0\u00bb4.13.0&Prime; _module_preset=\u00a0\u00bbdefault\u00a0\u00bb global_colors_info=\u00a0\u00bb{}\u00a0\u00bb][et_pb_image src=\u00a0\u00bbhttps:\/\/jamonesibericoseu.eu\/wp-content\/uploads\/2022\/01\/presentacion_03.jpg\u00a0\u00bb title_text=\u00a0\u00bbpresentacion_03&Prime; _builder_version=\u00a0\u00bb4.13.0&Prime; _module_preset=\u00a0\u00bbdefault\u00a0\u00bb global_colors_info=\u00a0\u00bb{}\u00a0\u00bb][\/et_pb_image][et_pb_image src=\u00a0\u00bbhttps:\/\/jamonesibericoseu.eu\/wp-content\/uploads\/2022\/01\/presentacion_07.jpg\u00a0\u00bb title_text=\u00a0\u00bbpresentacion_07&Prime; _builder_version=\u00a0\u00bb4.13.0&Prime; _module_preset=\u00a0\u00bbdefault\u00a0\u00bb global_colors_info=\u00a0\u00bb{}\u00a0\u00bb][\/et_pb_image][\/et_pb_column][et_pb_column type=\u00a0\u00bb1_4&Prime; _builder_version=\u00a0\u00bb4.13.0&Prime; _module_preset=\u00a0\u00bbdefault\u00a0\u00bb global_colors_info=\u00a0\u00bb{}\u00a0\u00bb][et_pb_image src=\u00a0\u00bbhttps:\/\/jamonesibericoseu.eu\/wp-content\/uploads\/2022\/01\/presentacion_04.jpg\u00a0\u00bb title_text=\u00a0\u00bbpresentacion_04&Prime; _builder_version=\u00a0\u00bb4.13.0&Prime; _module_preset=\u00a0\u00bbdefault\u00a0\u00bb global_colors_info=\u00a0\u00bb{}\u00a0\u00bb][\/et_pb_image][et_pb_image src=\u00a0\u00bbhttps:\/\/jamonesibericoseu.eu\/wp-content\/uploads\/2022\/01\/presentacion_08.jpg\u00a0\u00bb title_text=\u00a0\u00bbpresentacion_08&Prime; _builder_version=\u00a0\u00bb4.13.0&Prime; _module_preset=\u00a0\u00bbdefault\u00a0\u00bb global_colors_info=\u00a0\u00bb{}\u00a0\u00bb][\/et_pb_image][\/et_pb_column][\/et_pb_row][et_pb_row _builder_version=\u00a0\u00bb4.13.0&Prime; _module_preset=\u00a0\u00bbdefault\u00a0\u00bb global_colors_info=\u00a0\u00bb{}\u00a0\u00bb][et_pb_column type=\u00a0\u00bb4_4&Prime; _builder_version=\u00a0\u00bb4.13.0&Prime; _module_preset=\u00a0\u00bbdefault\u00a0\u00bb global_colors_info=\u00a0\u00bb{}\u00a0\u00bb][et_pb_text _builder_version=\u00a0\u00bb4.13.0&Prime; _module_preset=\u00a0\u00bbdefault\u00a0\u00bb width=\u00a0\u00bb60%\u00a0\u00bb module_alignment=\u00a0\u00bbcenter\u00a0\u00bb global_colors_info=\u00a0\u00bb{}\u00a0\u00bb]<a class=\"vp-a vp-dr\" href=\"https:\/\/youtu.be\/VRgXnCd_YL4\" rel=\"nofollow\" data-width=\"1920\" data-height=\"1080\" data-dwrap=\"1\" data-controls=\"1\" data-iv=\"1\"><img decoding=\"async\" class=\"vp-img\" src=\"https:\/\/jamonesibericoseu.eu\/wp-content\/uploads\/2022\/01\/video_play_presentacion.jpg\"><\/a>[\/et_pb_text][\/et_pb_column][\/et_pb_row][\/et_pb_section]<\/p>\n","protected":false},"excerpt":{"rendered":"<p>LA C\u00c9R\u00c9MONIE DE PR\u00c9SENTATION QUI A R\u00c9VEILL\u00c9 UN NOUVEAU SENS DANS LE MONDELe 6 octobre 2021 a eu lieu la c\u00e9r\u00e9monie de pr\u00e9sentation mondiale de la campagne la plus importante lanc\u00e9e par le secteur Ib\u00e9rico de toute son histoire : \u00ab Jamones Ib\u00e9ricos d&rsquo;Espagne, ambassadeurs de l\u2019Europe dans le monde. R\u00e9veillez votre sens Ib\u00e9rico \u00bb. L&rsquo;\u00e9v\u00e9nement, qui s&rsquo;est tenu dans l&rsquo;auditorium de la Casa de Am\u00e9rica de Madrid et a \u00e9t\u00e9 anim\u00e9 par la pr\u00e9sentatrice et journaliste Alba Lago, a compt\u00e9 sur la pr\u00e9sence du ministre de l&rsquo;Agriculture, de la P\u00eache et de l&rsquo;Alimentation, Luis Planas, ainsi que d&rsquo;Antonio Prieto, pr\u00e9sident de l&rsquo;ASICI, et des chefs ambassadeurs de la campagne : l&rsquo;Espagnol Mario Sandoval, l&rsquo;Allemand Christian Sturm-Willms, la Fran\u00e7aise Amandine Chaignot, le Mexicain Carlos Gayt\u00e1n et le Chinois Vicky Cheng. Dans le cadre de ce projet mondial innovant, une s\u00e9rie d&rsquo;actions strat\u00e9giques, notoires et spectaculaires seront lanc\u00e9es afin d&rsquo;inciter le monde entier \u00e0 r\u00e9veiller son \u00ab sens Ib\u00e9rico \u00bb et \u00e0 se d\u00e9lecter de la saveur inimitable de cet aliment de prestige. Une initiative qui esp\u00e8re conqu\u00e9rir plus de 300 millions de consommateurs et de professionnels dans 5 pays et 3 continents : Espagne, France, Allemagne, Mexique et Chine. Pour [&hellip;]<\/p>\n","protected":false},"author":1,"featured_media":0,"parent":4303,"menu_order":1,"comment_status":"closed","ping_status":"closed","template":"","meta":{"_et_pb_use_builder":"on","_et_pb_old_content":"","_et_gb_content_width":"","footnotes":""},"class_list":["post-4307","page","type-page","status-publish","hentry"],"_links":{"self":[{"href":"https:\/\/jamonesibericoseu.eu\/fr\/wp-json\/wp\/v2\/pages\/4307","targetHints":{"allow":["GET"]}}],"collection":[{"href":"https:\/\/jamonesibericoseu.eu\/fr\/wp-json\/wp\/v2\/pages"}],"about":[{"href":"https:\/\/jamonesibericoseu.eu\/fr\/wp-json\/wp\/v2\/types\/page"}],"author":[{"embeddable":true,"href":"https:\/\/jamonesibericoseu.eu\/fr\/wp-json\/wp\/v2\/users\/1"}],"replies":[{"embeddable":true,"href":"https:\/\/jamonesibericoseu.eu\/fr\/wp-json\/wp\/v2\/comments?post=4307"}],"version-history":[{"count":4,"href":"https:\/\/jamonesibericoseu.eu\/fr\/wp-json\/wp\/v2\/pages\/4307\/revisions"}],"predecessor-version":[{"id":4329,"href":"https:\/\/jamonesibericoseu.eu\/fr\/wp-json\/wp\/v2\/pages\/4307\/revisions\/4329"}],"up":[{"embeddable":true,"href":"https:\/\/jamonesibericoseu.eu\/fr\/wp-json\/wp\/v2\/pages\/4303"}],"wp:attachment":[{"href":"https:\/\/jamonesibericoseu.eu\/fr\/wp-json\/wp\/v2\/media?parent=4307"}],"curies":[{"name":"wp","href":"https:\/\/api.w.org\/{rel}","templated":true}]}}

La cérémonie de présentation

<p>[et_pb_section fb_built= »1&Prime; _builder_version= »4.10.8&Prime; _module_preset= »default » global_colors_info= »{} »][et_pb_row _builder_version= »4.10.8&Prime; _module_preset= »default » global_colors_info= »{} »][et_pb_column type= »4_4&Prime; _builder_version= »4.10.8&Prime; _module_preset= »default » global_colors_info= »{} »][et_pb_text _builder_version= »4.13.0&Prime; _module_preset= »default » text_font_size= »16px » header_font= »|700||on||||| » header_text_align= »center » header_text_color= »#a31c27&Prime; header_2_font= »|700||on||||| » header_2_text_align= »center » header_2_text_color= »#a31c27&Prime; header_2_font_size= »30px » header_2_line_height= »1.2em » background_color= »RGBA(0,0,0,0) » z_index= »500&Prime; width= »80% » module_alignment= »center » sticky_limit_bottom= »body » global_colors_info= »{} »]</p>
<h2>LA CÉRÉMONIE DE PRÉSENTATION QUI A RÉVEILLÉ UN NOUVEAU SENS DANS LE MONDE</h2>
<p>[/et_pb_text][et_pb_text _builder_version= »4.13.0&Prime; _module_preset= »default » text_font_size= »16px » header_font= »|700||on||||| » header_text_color= »#a31c27&Prime; header_2_font= »|700||on||||| » header_2_text_color= »#a31c27&Prime; header_2_font_size= »30px » background_color= »RGBA(0,0,0,0) » z_index= »500&Prime; sticky_limit_bottom= »body » global_colors_info= »{} »]</p>
<p>Le <strong>6 octobre 2021</strong> a eu lieu <strong>la cérémonie de présentation mondiale de la campagne la plus importante lancée par le secteur Ibérico</strong> de toute son histoire : <strong>« Jamones Ibéricos d&rsquo;Espagne, ambassadeurs de l’Europe dans le monde. Réveillez votre sens Ibérico ».</strong></p>
<p>L&rsquo;événement, qui s&rsquo;est tenu dans l&rsquo;auditorium de la Casa de América de Madrid et a été animé par la présentatrice et journaliste Alba Lago, a compté sur la présence du <strong>ministre de l&rsquo;Agriculture, de la Pêche et de l&rsquo;Alimentation, Luis Planas</strong>, ainsi que <strong>d&rsquo;Antonio Prieto, président de l&rsquo;ASICI,</strong> et des <strong>chefs ambassadeurs de la campagne</strong> : l&rsquo;Espagnol <strong>Mario Sandoval</strong>, l&rsquo;Allemand <strong>Christian Sturm-Willms</strong>, la Française <strong>Amandine Chaignot</strong>, le Mexicain <strong>Carlos Gaytán</strong> et le Chinois <strong>Vicky Cheng.</strong></p>
<p>Dans le cadre de ce projet mondial innovant, une série d&rsquo;actions stratégiques, notoires et spectaculaires seront lancées afin d&rsquo;inciter le monde entier à réveiller son « sens Ibérico » et à se délecter de la saveur inimitable de cet aliment de prestige. Une initiative qui espère conquérir <strong>plus de 300 millions de consommateurs et de professionnels dans 5 pays et 3 continents : Espagne, France, Allemagne, Mexique et Chine.</strong></p>
<p>Pour faire ressortir notre côté Ibérico, les chefs ambassadeurs du Jamón Ibérico, véritables références internationales de la haute gastronomie, ont présenté <strong>des préparations avant-gardistes avec le Jamón Ibérico comme colonne vertébrale. Ces propositions exclusives feront désormais partie des cartes de leurs célèbres restaurants</strong>.</p>
<p>Tout cela fait de la dégustation du Jamón Ibérico une expérience sensorielle. Et plus vous y goûtez, plus vous développez votre sens Ibérico.</p>
<p>[/et_pb_text][/et_pb_column][/et_pb_row][et_pb_row column_structure= »1_4,1_4,1_4,1_4&Prime; use_custom_gutter= »on » gutter_width= »2&Prime; _builder_version= »4.13.0&Prime; _module_preset= »default » global_colors_info= »{} »][et_pb_column type= »1_4&Prime; _builder_version= »4.13.0&Prime; _module_preset= »default » global_colors_info= »{} »][et_pb_image src= »https://jamonesibericoseu.eu/wp-content/uploads/2022/01/presentacion_01.jpg » title_text= »presentacion_01&Prime; _builder_version= »4.13.0&Prime; _module_preset= »default » global_colors_info= »{} »][/et_pb_image][et_pb_image src= »https://jamonesibericoseu.eu/wp-content/uploads/2022/01/presentacion_05.jpg » title_text= »presentacion_05&Prime; _builder_version= »4.13.0&Prime; _module_preset= »default » global_colors_info= »{} »][/et_pb_image][/et_pb_column][et_pb_column type= »1_4&Prime; _builder_version= »4.13.0&Prime; _module_preset= »default » global_colors_info= »{} »][et_pb_image src= »https://jamonesibericoseu.eu/wp-content/uploads/2022/01/presentacion_02.jpg » title_text= »presentacion_02&Prime; _builder_version= »4.13.0&Prime; _module_preset= »default » global_colors_info= »{} »][/et_pb_image][et_pb_image src= »https://jamonesibericoseu.eu/wp-content/uploads/2022/01/presentacion_06.jpg » title_text= »presentacion_06&Prime; _builder_version= »4.13.0&Prime; _module_preset= »default » global_colors_info= »{} »][/et_pb_image][/et_pb_column][et_pb_column type= »1_4&Prime; _builder_version= »4.13.0&Prime; _module_preset= »default » global_colors_info= »{} »][et_pb_image src= »https://jamonesibericoseu.eu/wp-content/uploads/2022/01/presentacion_03.jpg » title_text= »presentacion_03&Prime; _builder_version= »4.13.0&Prime; _module_preset= »default » global_colors_info= »{} »][/et_pb_image][et_pb_image src= »https://jamonesibericoseu.eu/wp-content/uploads/2022/01/presentacion_07.jpg » title_text= »presentacion_07&Prime; _builder_version= »4.13.0&Prime; _module_preset= »default » global_colors_info= »{} »][/et_pb_image][/et_pb_column][et_pb_column type= »1_4&Prime; _builder_version= »4.13.0&Prime; _module_preset= »default » global_colors_info= »{} »][et_pb_image src= »https://jamonesibericoseu.eu/wp-content/uploads/2022/01/presentacion_04.jpg » title_text= »presentacion_04&Prime; _builder_version= »4.13.0&Prime; _module_preset= »default » global_colors_info= »{} »][/et_pb_image][et_pb_image src= »https://jamonesibericoseu.eu/wp-content/uploads/2022/01/presentacion_08.jpg » title_text= »presentacion_08&Prime; _builder_version= »4.13.0&Prime; _module_preset= »default » global_colors_info= »{} »][/et_pb_image][/et_pb_column][/et_pb_row][et_pb_row _builder_version= »4.13.0&Prime; _module_preset= »default » global_colors_info= »{} »][et_pb_column type= »4_4&Prime; _builder_version= »4.13.0&Prime; _module_preset= »default » global_colors_info= »{} »][et_pb_text _builder_version= »4.13.0&Prime; _module_preset= »default » width= »60% » module_alignment= »center » global_colors_info= »{} »]<a class="vp-a vp-dr" href="https://youtu.be/VRgXnCd_YL4" rel="nofollow" data-width="1920" data-height="1080" data-dwrap="1" data-controls="1" data-iv="1"><img decoding="async" class="vp-img" src="https://jamonesibericoseu.eu/wp-content/uploads/2022/01/video_play_presentacion.jpg"></a>[/et_pb_text][/et_pb_column][/et_pb_row][/et_pb_section]</p>

<p>LA CÉRÉMONIE DE PRÉSENTATION QUI A RÉVEILLÉ UN NOUVEAU SENS DANS LE MONDELe 6 octobre 2021 a eu lieu la cérémonie de présentation mondiale de la campagne la plus importante lancée par le secteur Ibérico de toute son histoire : « Jamones Ibéricos d&rsquo;Espagne, ambassadeurs de l’Europe dans le monde. Réveillez votre sens Ibérico ». L&rsquo;événement, qui s&rsquo;est tenu dans l&rsquo;auditorium de la Casa de América de Madrid et a été animé par la présentatrice et journaliste Alba Lago, a compté sur la présence du ministre de l&rsquo;Agriculture, de la Pêche et de l&rsquo;Alimentation, Luis Planas, ainsi que d&rsquo;Antonio Prieto, président de l&rsquo;ASICI, et des chefs ambassadeurs de la campagne : l&rsquo;Espagnol Mario Sandoval, l&rsquo;Allemand Christian Sturm-Willms, la Française Amandine Chaignot, le Mexicain Carlos Gaytán et le Chinois Vicky Cheng. Dans le cadre de ce projet mondial innovant, une série d&rsquo;actions stratégiques, notoires et spectaculaires seront lancées afin d&rsquo;inciter le monde entier à réveiller son « sens Ibérico » et à se délecter de la saveur inimitable de cet aliment de prestige. Une initiative qui espère conquérir plus de 300 millions de consommateurs et de professionnels dans 5 pays et 3 continents : Espagne, France, Allemagne, Mexique et Chine. Pour [&hellip;]</p>
