{"id":8826,"date":"2024-03-20T15:11:41","date_gmt":"2024-03-20T15:11:41","guid":{"rendered":"https:\/\/jamonesibericoseu.eu\/events\/mert-arman-winner-of-the-3rd-edition-of-the-international-ham-cutting-competition-of-jamones-ibericos-from-spain-ambassadors-of-europe-in-the-world\/"},"modified":"2024-03-20T15:13:28","modified_gmt":"2024-03-20T15:13:28","slug":"mert-arman-winner-of-the-3rd-edition-of-the-international-ham-cutting-competition-of-jamones-ibericos-from-spain-ambassadors-of-europe-in-the-world","status":"publish","type":"page","link":"https:\/\/jamonesibericoseu.eu\/en\/events\/mert-arman-winner-of-the-3rd-edition-of-the-international-ham-cutting-competition-of-jamones-ibericos-from-spain-ambassadors-of-europe-in-the-world\/","title":{"rendered":"Mert Arman, winner of the 3rd Edition of the International Ham Cutting Competition of \u201cJamones Ib\u00e9ricos from Spain, Ambassadors of Europe in the World\u201d"},"content":{"rendered":"<p>[et_pb_section fb_built=&#8221;1&#8243; _builder_version=&#8221;4.16&#8243; _module_preset=&#8221;default&#8221; global_colors_info=&#8221;{}&#8221;][et_pb_row _builder_version=&#8221;4.16&#8243; _module_preset=&#8221;default&#8221; global_colors_info=&#8221;{}&#8221;][et_pb_column type=&#8221;4_4&#8243; _builder_version=&#8221;4.16&#8243; _module_preset=&#8221;default&#8221; global_colors_info=&#8221;{}&#8221;][et_pb_text _builder_version=&#8221;4.16&#8243; _module_preset=&#8221;default&#8221; text_font_size=&#8221;16px&#8221; header_font=&#8221;|700||on|||||&#8221; header_text_align=&#8221;center&#8221; header_text_color=&#8221;#a31c27&#8243; header_2_font=&#8221;|700||on|||||&#8221; header_2_text_align=&#8221;center&#8221; header_2_text_color=&#8221;#a31c27&#8243; header_2_font_size=&#8221;30px&#8221; header_2_line_height=&#8221;1.2em&#8221; background_color=&#8221;RGBA(0,0,0,0)&#8221; z_index=&#8221;500&#8243; width=&#8221;80%&#8221; module_alignment=&#8221;center&#8221; sticky_limit_bottom=&#8221;body&#8221; global_colors_info=&#8221;{}&#8221;]<\/p>\n<h2>MERT ARMAN, WINNER OF THE 3RD EDITION OF THE INTERNATIONAL HAM CUTTING COMPETITION OF \u201cJAMONES IB\u00c9RICOS FROM SPAIN, AMBASSADORS OF EUROPE IN THE WORLD\u201d<\/h2>\n<p>[\/et_pb_text][et_pb_text _builder_version=&#8221;4.24.2&#8243; _module_preset=&#8221;default&#8221; text_font_size=&#8221;16px&#8221; header_font=&#8221;|700||on|||||&#8221; header_text_color=&#8221;#a31c27&#8243; header_2_font=&#8221;|700||on|||||&#8221; header_2_text_color=&#8221;#a31c27&#8243; header_2_font_size=&#8221;30px&#8221; background_color=&#8221;RGBA(0,0,0,0)&#8221; z_index=&#8221;500&#8243; sticky_limit_bottom=&#8221;body&#8221; hover_enabled=&#8221;0&#8243; global_colors_info=&#8221;{}&#8221; sticky_enabled=&#8221;0&#8243;]<\/p>\n<p><span>Europe now has its new \u201c<strong>Best Jam\u00f3n Ib\u00e9rico Cutter<\/strong>\u201d. Mert Arman, from the hospitality school in Berlin, was crowned the winner of the <strong>3rd Edition of the International Jam\u00f3n Ib\u00e9rico 2024 Ham Cutting Final<\/strong> for students of Hospitality Schools, held at the Brillat-Savarin School in Berlin on 15 February. The event, promoted by the <strong>Interprofessional Iberian Pork Association (ASICI)<\/strong>, together with the EU, <strong>as part of<\/strong> <strong>the \u201cJamones Ib\u00e9ricos from Spain, Ambassadors of Europe in the World\u201d<\/strong> <strong>campaign, <\/strong>seeks to highlight the skills of professional ham cutters and to spread the culture of Jam\u00f3n Ib\u00e9rico at an international level.<\/span><\/p>\n<p><span>The German won over other students such as Laura Mu\u00f1oz and Ram\u00f3n Arias, both from the hospitality school in Seville, who won second and third place, respectively. The technical jury of the competition, led by <strong>Jes\u00fas P\u00e9rez Aguilar, ASICI&#8217;s Director of Communication<\/strong>, imposed rigorous tests related to the cutting, aesthetics, presentation and creativity of the dishes, masterfully tackled by the participants for more than two hours.<\/span><\/p>\n<p><span>The panel of experts included the Michelin-starred chef and Ambassador for Jam\u00f3n Ib\u00e9rico in Germany, Christian Sturm-Willms, the German master cutter Torsten Habermann and the Director of the Brillat-Savarin School, Niklas Siebecke, who highlighted the importance of training in the promotion of Jam\u00f3n Ib\u00e9rico. <\/span><\/p>\n<p>With this type of initiative, the Interprofessional aims to generate interest in the product and promote <span>the knowledge and values of Jam\u00f3n Ib\u00e9rico, especially among young people.<\/span><\/p>\n<p><strong><span>The culmination of three years of exclusive training:<\/span><\/strong><\/p>\n<p>For the past three years, the Interprofessional&#8217;s aim has been to identify the best ham cutters in Europe and the rest of the world through these training courses, as well as to promote the work of professional ham cutters and the unique characteristics of Jam\u00f3n Ib\u00e9rico, so that they can spread the culture of Ib\u00e9rico ham wherever they go, using the skills and concepts they have learnt during their training.<\/p>\n<p>These training courses are fundamental for the sector, as they contribute significantly to its growth and international development, becoming an essential means of disseminating and promoting this unique gourmet product in Europe and the world.<\/p>\n<p>[\/et_pb_text][\/et_pb_column][\/et_pb_row][et_pb_row _builder_version=&#8221;4.24.2&#8243; _module_preset=&#8221;default&#8221; global_colors_info=&#8221;{}&#8221;][et_pb_column type=&#8221;4_4&#8243; _builder_version=&#8221;4.24.2&#8243; _module_preset=&#8221;default&#8221; global_colors_info=&#8221;{}&#8221;][et_pb_gallery gallery_ids=&#8221;8741,8745,8749,8753,8757,8761,8765,8769,8773,8777,8781,8785,8789,8793,8797&#8243; posts_number=&#8221;100&#8243; show_title_and_caption=&#8221;off&#8221; show_pagination=&#8221;off&#8221; _builder_version=&#8221;4.24.2&#8243; _module_preset=&#8221;default&#8221; global_colors_info=&#8221;{}&#8221;][\/et_pb_gallery][\/et_pb_column][\/et_pb_row][\/et_pb_section]<\/p>\n","protected":false},"excerpt":{"rendered":"<p>MERT ARMAN, WINNER OF THE 3RD EDITION OF THE INTERNATIONAL HAM CUTTING COMPETITION OF \u201cJAMONES IB\u00c9RICOS FROM SPAIN, AMBASSADORS OF EUROPE IN THE WORLD\u201dEurope now has its new \u201cBest Jam\u00f3n Ib\u00e9rico Cutter\u201d. Mert Arman, from the hospitality school in Berlin, was crowned the winner of the 3rd Edition of the International Jam\u00f3n Ib\u00e9rico 2024 Ham Cutting Final for students of Hospitality Schools, held at the Brillat-Savarin School in Berlin on 15 February. The event, promoted by the Interprofessional Iberian Pork Association (ASICI), together with the EU, as part of the \u201cJamones Ib\u00e9ricos from Spain, Ambassadors of Europe in the World\u201d campaign, seeks to highlight the skills of professional ham cutters and to spread the culture of Jam\u00f3n Ib\u00e9rico at an international level. The German won over other students such as Laura Mu\u00f1oz and Ram\u00f3n Arias, both from the hospitality school in Seville, who won second and third place, respectively. The technical jury of the competition, led by Jes\u00fas P\u00e9rez Aguilar, ASICI&#8217;s Director of Communication, imposed rigorous tests related to the cutting, aesthetics, presentation and creativity of the dishes, masterfully tackled by the participants for more than two hours. The panel of experts included the Michelin-starred chef and Ambassador for Jam\u00f3n [&hellip;]<\/p>\n","protected":false},"author":1,"featured_media":0,"parent":4281,"menu_order":1,"comment_status":"closed","ping_status":"closed","template":"","meta":{"_et_pb_use_builder":"on","_et_pb_old_content":"","_et_gb_content_width":"","footnotes":""},"class_list":["post-8826","page","type-page","status-publish","hentry"],"_links":{"self":[{"href":"https:\/\/jamonesibericoseu.eu\/en\/wp-json\/wp\/v2\/pages\/8826","targetHints":{"allow":["GET"]}}],"collection":[{"href":"https:\/\/jamonesibericoseu.eu\/en\/wp-json\/wp\/v2\/pages"}],"about":[{"href":"https:\/\/jamonesibericoseu.eu\/en\/wp-json\/wp\/v2\/types\/page"}],"author":[{"embeddable":true,"href":"https:\/\/jamonesibericoseu.eu\/en\/wp-json\/wp\/v2\/users\/1"}],"replies":[{"embeddable":true,"href":"https:\/\/jamonesibericoseu.eu\/en\/wp-json\/wp\/v2\/comments?post=8826"}],"version-history":[{"count":5,"href":"https:\/\/jamonesibericoseu.eu\/en\/wp-json\/wp\/v2\/pages\/8826\/revisions"}],"predecessor-version":[{"id":8832,"href":"https:\/\/jamonesibericoseu.eu\/en\/wp-json\/wp\/v2\/pages\/8826\/revisions\/8832"}],"up":[{"embeddable":true,"href":"https:\/\/jamonesibericoseu.eu\/en\/wp-json\/wp\/v2\/pages\/4281"}],"wp:attachment":[{"href":"https:\/\/jamonesibericoseu.eu\/en\/wp-json\/wp\/v2\/media?parent=8826"}],"curies":[{"name":"wp","href":"https:\/\/api.w.org\/{rel}","templated":true}]}}

Mert Arman, winner of the 3rd Edition of the International Ham Cutting Competition of “Jamones Ibéricos from Spain, Ambassadors of Europe in the World”

<p>[et_pb_section fb_built=&#8221;1&#8243; _builder_version=&#8221;4.16&#8243; _module_preset=&#8221;default&#8221; global_colors_info=&#8221;{}&#8221;][et_pb_row _builder_version=&#8221;4.16&#8243; _module_preset=&#8221;default&#8221; global_colors_info=&#8221;{}&#8221;][et_pb_column type=&#8221;4_4&#8243; _builder_version=&#8221;4.16&#8243; _module_preset=&#8221;default&#8221; global_colors_info=&#8221;{}&#8221;][et_pb_text _builder_version=&#8221;4.16&#8243; _module_preset=&#8221;default&#8221; text_font_size=&#8221;16px&#8221; header_font=&#8221;|700||on|||||&#8221; header_text_align=&#8221;center&#8221; header_text_color=&#8221;#a31c27&#8243; header_2_font=&#8221;|700||on|||||&#8221; header_2_text_align=&#8221;center&#8221; header_2_text_color=&#8221;#a31c27&#8243; header_2_font_size=&#8221;30px&#8221; header_2_line_height=&#8221;1.2em&#8221; background_color=&#8221;RGBA(0,0,0,0)&#8221; z_index=&#8221;500&#8243; width=&#8221;80%&#8221; module_alignment=&#8221;center&#8221; sticky_limit_bottom=&#8221;body&#8221; global_colors_info=&#8221;{}&#8221;]</p>
<h2>MERT ARMAN, WINNER OF THE 3RD EDITION OF THE INTERNATIONAL HAM CUTTING COMPETITION OF “JAMONES IBÉRICOS FROM SPAIN, AMBASSADORS OF EUROPE IN THE WORLD”</h2>
<p>[/et_pb_text][et_pb_text _builder_version=&#8221;4.24.2&#8243; _module_preset=&#8221;default&#8221; text_font_size=&#8221;16px&#8221; header_font=&#8221;|700||on|||||&#8221; header_text_color=&#8221;#a31c27&#8243; header_2_font=&#8221;|700||on|||||&#8221; header_2_text_color=&#8221;#a31c27&#8243; header_2_font_size=&#8221;30px&#8221; background_color=&#8221;RGBA(0,0,0,0)&#8221; z_index=&#8221;500&#8243; sticky_limit_bottom=&#8221;body&#8221; hover_enabled=&#8221;0&#8243; global_colors_info=&#8221;{}&#8221; sticky_enabled=&#8221;0&#8243;]</p>
<p><span>Europe now has its new “<strong>Best Jamón Ibérico Cutter</strong>”. Mert Arman, from the hospitality school in Berlin, was crowned the winner of the <strong>3rd Edition of the International Jamón Ibérico 2024 Ham Cutting Final</strong> for students of Hospitality Schools, held at the Brillat-Savarin School in Berlin on 15 February. The event, promoted by the <strong>Interprofessional Iberian Pork Association (ASICI)</strong>, together with the EU, <strong>as part of</strong> <strong>the “Jamones Ibéricos from Spain, Ambassadors of Europe in the World”</strong> <strong>campaign, </strong>seeks to highlight the skills of professional ham cutters and to spread the culture of Jamón Ibérico at an international level.</span></p>
<p><span>The German won over other students such as Laura Muñoz and Ramón Arias, both from the hospitality school in Seville, who won second and third place, respectively. The technical jury of the competition, led by <strong>Jesús Pérez Aguilar, ASICI&#8217;s Director of Communication</strong>, imposed rigorous tests related to the cutting, aesthetics, presentation and creativity of the dishes, masterfully tackled by the participants for more than two hours.</span></p>
<p><span>The panel of experts included the Michelin-starred chef and Ambassador for Jamón Ibérico in Germany, Christian Sturm-Willms, the German master cutter Torsten Habermann and the Director of the Brillat-Savarin School, Niklas Siebecke, who highlighted the importance of training in the promotion of Jamón Ibérico. </span></p>
<p>With this type of initiative, the Interprofessional aims to generate interest in the product and promote <span>the knowledge and values of Jamón Ibérico, especially among young people.</span></p>
<p><strong><span>The culmination of three years of exclusive training:</span></strong></p>
<p>For the past three years, the Interprofessional&#8217;s aim has been to identify the best ham cutters in Europe and the rest of the world through these training courses, as well as to promote the work of professional ham cutters and the unique characteristics of Jamón Ibérico, so that they can spread the culture of Ibérico ham wherever they go, using the skills and concepts they have learnt during their training.</p>
<p>These training courses are fundamental for the sector, as they contribute significantly to its growth and international development, becoming an essential means of disseminating and promoting this unique gourmet product in Europe and the world.</p>
<p>[/et_pb_text][/et_pb_column][/et_pb_row][et_pb_row _builder_version=&#8221;4.24.2&#8243; _module_preset=&#8221;default&#8221; global_colors_info=&#8221;{}&#8221;][et_pb_column type=&#8221;4_4&#8243; _builder_version=&#8221;4.24.2&#8243; _module_preset=&#8221;default&#8221; global_colors_info=&#8221;{}&#8221;][et_pb_gallery gallery_ids=&#8221;8741,8745,8749,8753,8757,8761,8765,8769,8773,8777,8781,8785,8789,8793,8797&#8243; posts_number=&#8221;100&#8243; show_title_and_caption=&#8221;off&#8221; show_pagination=&#8221;off&#8221; _builder_version=&#8221;4.24.2&#8243; _module_preset=&#8221;default&#8221; global_colors_info=&#8221;{}&#8221;][/et_pb_gallery][/et_pb_column][/et_pb_row][/et_pb_section]</p>

<p>MERT ARMAN, WINNER OF THE 3RD EDITION OF THE INTERNATIONAL HAM CUTTING COMPETITION OF “JAMONES IBÉRICOS FROM SPAIN, AMBASSADORS OF EUROPE IN THE WORLD”Europe now has its new “Best Jamón Ibérico Cutter”. Mert Arman, from the hospitality school in Berlin, was crowned the winner of the 3rd Edition of the International Jamón Ibérico 2024 Ham Cutting Final for students of Hospitality Schools, held at the Brillat-Savarin School in Berlin on 15 February. The event, promoted by the Interprofessional Iberian Pork Association (ASICI), together with the EU, as part of the “Jamones Ibéricos from Spain, Ambassadors of Europe in the World” campaign, seeks to highlight the skills of professional ham cutters and to spread the culture of Jamón Ibérico at an international level. The German won over other students such as Laura Muñoz and Ramón Arias, both from the hospitality school in Seville, who won second and third place, respectively. The technical jury of the competition, led by Jesús Pérez Aguilar, ASICI&#8217;s Director of Communication, imposed rigorous tests related to the cutting, aesthetics, presentation and creativity of the dishes, masterfully tackled by the participants for more than two hours. The panel of experts included the Michelin-starred chef and Ambassador for Jamón [&hellip;]</p>
