{"id":8201,"date":"2024-02-06T16:16:35","date_gmt":"2024-02-06T16:16:35","guid":{"rendered":"https:\/\/jamonesibericoseu.eu\/events\/awakening-the-iberico-sense-of-the-press-in-seville\/"},"modified":"2024-02-06T16:18:23","modified_gmt":"2024-02-06T16:18:23","slug":"awakening-the-iberico-sense-of-the-press-in-seville","status":"publish","type":"page","link":"https:\/\/jamonesibericoseu.eu\/en\/events\/awakening-the-iberico-sense-of-the-press-in-seville\/","title":{"rendered":"Awakening The Ib\u00e9rico Sense of the press in Seville"},"content":{"rendered":"<p>[et_pb_section fb_built=&#8221;1&#8243; _builder_version=&#8221;4.10.8&#8243; _module_preset=&#8221;default&#8221; global_colors_info=&#8221;{}&#8221;][et_pb_row _builder_version=&#8221;4.10.8&#8243; _module_preset=&#8221;default&#8221; global_colors_info=&#8221;{}&#8221;][et_pb_column type=&#8221;4_4&#8243; _builder_version=&#8221;4.10.8&#8243; _module_preset=&#8221;default&#8221; global_colors_info=&#8221;{}&#8221;][et_pb_text _builder_version=&#8221;4.13.0&#8243; _module_preset=&#8221;default&#8221; text_font_size=&#8221;16px&#8221; header_font=&#8221;|700||on|||||&#8221; header_text_align=&#8221;center&#8221; header_text_color=&#8221;#a31c27&#8243; header_2_font=&#8221;|700||on|||||&#8221; header_2_text_align=&#8221;center&#8221; header_2_text_color=&#8221;#a31c27&#8243; header_2_font_size=&#8221;30px&#8221; header_2_line_height=&#8221;1.2em&#8221; background_color=&#8221;RGBA(0,0,0,0)&#8221; z_index=&#8221;500&#8243; width=&#8221;80%&#8221; module_alignment=&#8221;center&#8221; sticky_limit_bottom=&#8221;body&#8221; global_colors_info=&#8221;{}&#8221;]<\/p>\n<h2>AWAKENING THE IB\u00c9RICO SENSE OF THE PRESS IN SEVILLE<\/h2>\n<p>[\/et_pb_text][et_pb_text _builder_version=&#8221;4.13.0&#8243; _module_preset=&#8221;default&#8221; text_font_size=&#8221;16px&#8221; header_font=&#8221;|700||on|||||&#8221; header_text_color=&#8221;#a31c27&#8243; header_2_font=&#8221;|700||on|||||&#8221; header_2_text_color=&#8221;#a31c27&#8243; header_2_font_size=&#8221;30px&#8221; background_color=&#8221;RGBA(0,0,0,0)&#8221; z_index=&#8221;500&#8243; sticky_limit_bottom=&#8221;body&#8221; hover_enabled=&#8221;0&#8243; global_colors_info=&#8221;{}&#8221; sticky_enabled=&#8221;0&#8243;]<\/p>\n<p><span>With the goal of showcasing the characteristics that define and make <em>Jam\u00f3n Ib\u00e9rico<\/em> a unique product in European gastronomy, both in its production phase and when it comes to tasting, <strong>ASICI, in collaboration with the EU<\/strong>, organised an original \u2018Media Tasting Table Event\u2019 for journalists and the media at the <strong>Escuela Superior de Hosteler\u00eda de Sevilla<\/strong> on <strong>4 December<\/strong>.<\/span><\/p>\n<p><span>The goal of this extraordinary event is to <\/span><span>increase knowledge of the product and to awaken the <strong><em>Ib\u00e9rico<\/em> Sense<\/strong> through a series of exclusive recipes created by renowned chef <strong>Mario Sandoval<\/strong> and a number of celebrity chefs, such as Ra\u00fal Resino, (1 Michelin Star), Marcos Nieto (1 Michelin Star and 2 Repsol Suns for his restaurant <em>La Pepona<\/em>), Ferm\u00edn L\u00f3pez, Head Chef of the EHS, Luis Plaza from the restaurant <em>La Casa del Tigre<\/em>, and Fernando Lerma from the restaurant <em>Caf\u00e9 de Oriente<\/em>.<\/span><\/p>\n<p><span>During the event, Mario Sandoval shared his perspective on the quality and expertise behind each piece of <em>Jam\u00f3n Ib\u00e9rico <\/em>with the media, focusing on its culinary versatility and how he uses it in his cuisine, making it an essential part of his daily life. <\/span><\/p>\n<p><span>Journalists <\/span><span>had the opportunity to enjoy the culinary proposals of 8 great chefs, who offered a \u2018culinary reinterpretation\u2019 of <em>Jam\u00f3n Ib\u00e9rico<\/em>, highlighting the excellence of a product, its flavour and, of course, its incredible qualities, and at the same time they were able to discover the campaign \u2018<strong>Jamones Ib\u00e9ricos from Spain, Ambassadors of Europe in the <\/strong><\/span><strong>world<span>. Awaken your <em>Ib\u00e9rico<\/em> Sense<\/span><\/strong><span>\u2019. <\/span><\/p>\n<p><span>All in all, the day was a true feast for the palate, a journey of the senses that will leave a lasting impression on the international culinary scene\u2019s appreciation of <em>Jam\u00f3n Ib\u00e9rico<\/em>.<\/span><\/p>\n<p>Please note that we left out \u201cfor un lado y por toro\u201d because it reads better in English without it.<\/p>\n<p>We have shortened this so that it reads better in English. It is implied that they are there if they are tasting the food.<\/p>\n<p>[\/et_pb_text][\/et_pb_column][\/et_pb_row][et_pb_row use_custom_gutter=&#8221;on&#8221; gutter_width=&#8221;2&#8243; _builder_version=&#8221;4.13.0&#8243; _module_preset=&#8221;default&#8221; global_colors_info=&#8221;{}&#8221;][et_pb_column type=&#8221;4_4&#8243; _builder_version=&#8221;4.13.0&#8243; _module_preset=&#8221;default&#8221; global_colors_info=&#8221;{}&#8221;][et_pb_gallery gallery_ids=&#8221;0,7737,7741,7745,7749,7753,7757,7761,7765,7769,7773,7777,7781,7785,7789,7793,7797,7801,7805,7809,7813,7817,7821,7825,7829,7833,7837,7841,7845,7849,7853,7857,7861,7865,7869,7873,7877,7881,7885,7889,7893,7897,7901,7905,7909,7913,7917,7921,7925,7929,7933,7937,7941&#8243; posts_number=&#8221;%22150%22&#8243; show_title_and_caption=&#8221;%22off%22&#8243; show_pagination=&#8221;%22off%22&#8243; _builder_version=&#8221;%224.13.0%22&#8243; _module_preset=&#8221;%22default%22&#8243; hover_enabled=&#8221;%220%22&#8243; global_colors_info=&#8221;%22{}%22&#8243;][\/et_pb_gallery][\/et_pb_column][\/et_pb_row][\/et_pb_section]<\/p>\n","protected":false},"excerpt":{"rendered":"<p>AWAKENING THE IB\u00c9RICO SENSE OF THE PRESS IN SEVILLEWith the goal of showcasing the characteristics that define and make Jam\u00f3n Ib\u00e9rico a unique product in European gastronomy, both in its production phase and when it comes to tasting, ASICI, in collaboration with the EU, organised an original \u2018Media Tasting Table Event\u2019 for journalists and the media at the Escuela Superior de Hosteler\u00eda de Sevilla on 4 December. The goal of this extraordinary event is to increase knowledge of the product and to awaken the Ib\u00e9rico Sense through a series of exclusive recipes created by renowned chef Mario Sandoval and a number of celebrity chefs, such as Ra\u00fal Resino, (1 Michelin Star), Marcos Nieto (1 Michelin Star and 2 Repsol Suns for his restaurant La Pepona), Ferm\u00edn L\u00f3pez, Head Chef of the EHS, Luis Plaza from the restaurant La Casa del Tigre, and Fernando Lerma from the restaurant Caf\u00e9 de Oriente. During the event, Mario Sandoval shared his perspective on the quality and expertise behind each piece of Jam\u00f3n Ib\u00e9rico with the media, focusing on its culinary versatility and how he uses it in his cuisine, making it an essential part of his daily life. Journalists had the opportunity to enjoy [&hellip;]<\/p>\n","protected":false},"author":1,"featured_media":0,"parent":4281,"menu_order":1,"comment_status":"closed","ping_status":"closed","template":"","meta":{"_et_pb_use_builder":"on","_et_pb_old_content":"","_et_gb_content_width":"","footnotes":""},"class_list":["post-8201","page","type-page","status-publish","hentry"],"_links":{"self":[{"href":"https:\/\/jamonesibericoseu.eu\/en\/wp-json\/wp\/v2\/pages\/8201","targetHints":{"allow":["GET"]}}],"collection":[{"href":"https:\/\/jamonesibericoseu.eu\/en\/wp-json\/wp\/v2\/pages"}],"about":[{"href":"https:\/\/jamonesibericoseu.eu\/en\/wp-json\/wp\/v2\/types\/page"}],"author":[{"embeddable":true,"href":"https:\/\/jamonesibericoseu.eu\/en\/wp-json\/wp\/v2\/users\/1"}],"replies":[{"embeddable":true,"href":"https:\/\/jamonesibericoseu.eu\/en\/wp-json\/wp\/v2\/comments?post=8201"}],"version-history":[{"count":5,"href":"https:\/\/jamonesibericoseu.eu\/en\/wp-json\/wp\/v2\/pages\/8201\/revisions"}],"predecessor-version":[{"id":8206,"href":"https:\/\/jamonesibericoseu.eu\/en\/wp-json\/wp\/v2\/pages\/8201\/revisions\/8206"}],"up":[{"embeddable":true,"href":"https:\/\/jamonesibericoseu.eu\/en\/wp-json\/wp\/v2\/pages\/4281"}],"wp:attachment":[{"href":"https:\/\/jamonesibericoseu.eu\/en\/wp-json\/wp\/v2\/media?parent=8201"}],"curies":[{"name":"wp","href":"https:\/\/api.w.org\/{rel}","templated":true}]}}

Awakening The Ibérico Sense of the press in Seville

<p>[et_pb_section fb_built=&#8221;1&#8243; _builder_version=&#8221;4.10.8&#8243; _module_preset=&#8221;default&#8221; global_colors_info=&#8221;{}&#8221;][et_pb_row _builder_version=&#8221;4.10.8&#8243; _module_preset=&#8221;default&#8221; global_colors_info=&#8221;{}&#8221;][et_pb_column type=&#8221;4_4&#8243; _builder_version=&#8221;4.10.8&#8243; _module_preset=&#8221;default&#8221; global_colors_info=&#8221;{}&#8221;][et_pb_text _builder_version=&#8221;4.13.0&#8243; _module_preset=&#8221;default&#8221; text_font_size=&#8221;16px&#8221; header_font=&#8221;|700||on|||||&#8221; header_text_align=&#8221;center&#8221; header_text_color=&#8221;#a31c27&#8243; header_2_font=&#8221;|700||on|||||&#8221; header_2_text_align=&#8221;center&#8221; header_2_text_color=&#8221;#a31c27&#8243; header_2_font_size=&#8221;30px&#8221; header_2_line_height=&#8221;1.2em&#8221; background_color=&#8221;RGBA(0,0,0,0)&#8221; z_index=&#8221;500&#8243; width=&#8221;80%&#8221; module_alignment=&#8221;center&#8221; sticky_limit_bottom=&#8221;body&#8221; global_colors_info=&#8221;{}&#8221;]</p>
<h2>AWAKENING THE IBÉRICO SENSE OF THE PRESS IN SEVILLE</h2>
<p>[/et_pb_text][et_pb_text _builder_version=&#8221;4.13.0&#8243; _module_preset=&#8221;default&#8221; text_font_size=&#8221;16px&#8221; header_font=&#8221;|700||on|||||&#8221; header_text_color=&#8221;#a31c27&#8243; header_2_font=&#8221;|700||on|||||&#8221; header_2_text_color=&#8221;#a31c27&#8243; header_2_font_size=&#8221;30px&#8221; background_color=&#8221;RGBA(0,0,0,0)&#8221; z_index=&#8221;500&#8243; sticky_limit_bottom=&#8221;body&#8221; hover_enabled=&#8221;0&#8243; global_colors_info=&#8221;{}&#8221; sticky_enabled=&#8221;0&#8243;]</p>
<p><span>With the goal of showcasing the characteristics that define and make <em>Jamón Ibérico</em> a unique product in European gastronomy, both in its production phase and when it comes to tasting, <strong>ASICI, in collaboration with the EU</strong>, organised an original ‘Media Tasting Table Event’ for journalists and the media at the <strong>Escuela Superior de Hostelería de Sevilla</strong> on <strong>4 December</strong>.</span></p>
<p><span>The goal of this extraordinary event is to </span><span>increase knowledge of the product and to awaken the <strong><em>Ibérico</em> Sense</strong> through a series of exclusive recipes created by renowned chef <strong>Mario Sandoval</strong> and a number of celebrity chefs, such as Raúl Resino, (1 Michelin Star), Marcos Nieto (1 Michelin Star and 2 Repsol Suns for his restaurant <em>La Pepona</em>), Fermín López, Head Chef of the EHS, Luis Plaza from the restaurant <em>La Casa del Tigre</em>, and Fernando Lerma from the restaurant <em>Café de Oriente</em>.</span></p>
<p><span>During the event, Mario Sandoval shared his perspective on the quality and expertise behind each piece of <em>Jamón Ibérico </em>with the media, focusing on its culinary versatility and how he uses it in his cuisine, making it an essential part of his daily life. </span></p>
<p><span>Journalists </span><span>had the opportunity to enjoy the culinary proposals of 8 great chefs, who offered a ‘culinary reinterpretation’ of <em>Jamón Ibérico</em>, highlighting the excellence of a product, its flavour and, of course, its incredible qualities, and at the same time they were able to discover the campaign ‘<strong>Jamones Ibéricos from Spain, Ambassadors of Europe in the </strong></span><strong>world<span>. Awaken your <em>Ibérico</em> Sense</span></strong><span>’. </span></p>
<p><span>All in all, the day was a true feast for the palate, a journey of the senses that will leave a lasting impression on the international culinary scene’s appreciation of <em>Jamón Ibérico</em>.</span></p>
<p>Please note that we left out “for un lado y por toro” because it reads better in English without it.</p>
<p>We have shortened this so that it reads better in English. It is implied that they are there if they are tasting the food.</p>
<p>[/et_pb_text][/et_pb_column][/et_pb_row][et_pb_row use_custom_gutter=&#8221;on&#8221; gutter_width=&#8221;2&#8243; _builder_version=&#8221;4.13.0&#8243; _module_preset=&#8221;default&#8221; global_colors_info=&#8221;{}&#8221;][et_pb_column type=&#8221;4_4&#8243; _builder_version=&#8221;4.13.0&#8243; _module_preset=&#8221;default&#8221; global_colors_info=&#8221;{}&#8221;][et_pb_gallery gallery_ids=&#8221;0,7737,7741,7745,7749,7753,7757,7761,7765,7769,7773,7777,7781,7785,7789,7793,7797,7801,7805,7809,7813,7817,7821,7825,7829,7833,7837,7841,7845,7849,7853,7857,7861,7865,7869,7873,7877,7881,7885,7889,7893,7897,7901,7905,7909,7913,7917,7921,7925,7929,7933,7937,7941&#8243; posts_number=&#8221;%22150%22&#8243; show_title_and_caption=&#8221;%22off%22&#8243; show_pagination=&#8221;%22off%22&#8243; _builder_version=&#8221;%224.13.0%22&#8243; _module_preset=&#8221;%22default%22&#8243; hover_enabled=&#8221;%220%22&#8243; global_colors_info=&#8221;%22{}%22&#8243;][/et_pb_gallery][/et_pb_column][/et_pb_row][/et_pb_section]</p>

<p>AWAKENING THE IBÉRICO SENSE OF THE PRESS IN SEVILLEWith the goal of showcasing the characteristics that define and make Jamón Ibérico a unique product in European gastronomy, both in its production phase and when it comes to tasting, ASICI, in collaboration with the EU, organised an original ‘Media Tasting Table Event’ for journalists and the media at the Escuela Superior de Hostelería de Sevilla on 4 December. The goal of this extraordinary event is to increase knowledge of the product and to awaken the Ibérico Sense through a series of exclusive recipes created by renowned chef Mario Sandoval and a number of celebrity chefs, such as Raúl Resino, (1 Michelin Star), Marcos Nieto (1 Michelin Star and 2 Repsol Suns for his restaurant La Pepona), Fermín López, Head Chef of the EHS, Luis Plaza from the restaurant La Casa del Tigre, and Fernando Lerma from the restaurant Café de Oriente. During the event, Mario Sandoval shared his perspective on the quality and expertise behind each piece of Jamón Ibérico with the media, focusing on its culinary versatility and how he uses it in his cuisine, making it an essential part of his daily life. Journalists had the opportunity to enjoy [&hellip;]</p>
