{"id":8187,"date":"2024-02-06T16:08:59","date_gmt":"2024-02-06T16:08:59","guid":{"rendered":"https:\/\/jamonesibericoseu.eu\/events\/jamon-iberico-official-sponsor-of-the-prestigious-koch-des-jahres-competition\/"},"modified":"2024-02-06T16:10:21","modified_gmt":"2024-02-06T16:10:21","slug":"jamon-iberico-official-sponsor-of-the-prestigious-koch-des-jahres-competition","status":"publish","type":"page","link":"https:\/\/jamonesibericoseu.eu\/en\/events\/jamon-iberico-official-sponsor-of-the-prestigious-koch-des-jahres-competition\/","title":{"rendered":"Jam\u00f3n Ib\u00e9rico &#8211; Official sponsor of the prestigious Koch Des Jahres competition"},"content":{"rendered":"<p>[et_pb_section fb_built=&#8221;1&#8243; _builder_version=&#8221;4.10.8&#8243; _module_preset=&#8221;default&#8221; global_colors_info=&#8221;{}&#8221;][et_pb_row _builder_version=&#8221;4.10.8&#8243; _module_preset=&#8221;default&#8221; global_colors_info=&#8221;{}&#8221;][et_pb_column type=&#8221;4_4&#8243; _builder_version=&#8221;4.10.8&#8243; _module_preset=&#8221;default&#8221; global_colors_info=&#8221;{}&#8221;][et_pb_text _builder_version=&#8221;4.13.0&#8243; _module_preset=&#8221;default&#8221; text_font_size=&#8221;16px&#8221; header_font=&#8221;|700||on|||||&#8221; header_text_align=&#8221;center&#8221; header_text_color=&#8221;#a31c27&#8243; header_2_font=&#8221;|700||on|||||&#8221; header_2_text_align=&#8221;center&#8221; header_2_text_color=&#8221;#a31c27&#8243; header_2_font_size=&#8221;30px&#8221; header_2_line_height=&#8221;1.2em&#8221; background_color=&#8221;RGBA(0,0,0,0)&#8221; z_index=&#8221;500&#8243; width=&#8221;80%&#8221; module_alignment=&#8221;center&#8221; sticky_limit_bottom=&#8221;body&#8221; global_colors_info=&#8221;{}&#8221;]<\/p>\n<h2>JAM\u00d3N IB\u00c9RICO &#8211; OFFICIAL SPONSOR OF THE PRESTIGIOUS KOCH DES JAHRES COMPETITION<\/h2>\n<p>[\/et_pb_text][et_pb_text _builder_version=&#8221;4.13.0&#8243; _module_preset=&#8221;default&#8221; text_font_size=&#8221;16px&#8221; header_font=&#8221;|700||on|||||&#8221; header_text_color=&#8221;#a31c27&#8243; header_2_font=&#8221;|700||on|||||&#8221; header_2_text_color=&#8221;#a31c27&#8243; header_2_font_size=&#8221;30px&#8221; background_color=&#8221;RGBA(0,0,0,0)&#8221; z_index=&#8221;500&#8243; sticky_limit_bottom=&#8221;body&#8221; hover_enabled=&#8221;0&#8243; global_colors_info=&#8221;{}&#8221; sticky_enabled=&#8221;0&#8243;]<\/p>\n<p>On <strong>15 November<\/strong>, <em>Jam\u00f3n Ib\u00e9rico<\/em> was once again the star of the <strong><em>Koch des Jahres<\/em><\/strong> (Chef of the Year) competition in Germany &#8211; one of the most prestigious cooking competitions on the international scene. Not only did the product have a tasting point, but it was also the star of some of the recipes prepared by the participants in the previous rounds and during the grand finale. For yet another year, a number of chefs competed with dishes using <em>Ib\u00e9rico<\/em> products, including <strong>Peter Leibetseder\u2019s \u2018Black Tiger Prawns with <em>Jam\u00f3n Ib\u00e9rico<\/em>, Sudachi, and Satay <\/strong><strong>Sauce\u2019 <\/strong>and <strong>Simon Scheuerlein\u2019s \u2018Friesenkronen Fishballs, Castello Blue, <em>Jam\u00f3n Ib\u00e9rico,<\/em> and Boiron Figs\u2019<\/strong>.<\/p>\n<p>Ra\u00fal Garc\u00eda, President of ASICI, highlighted the importance of sponsoring a competition of this nature in order to strengthen the presence of <em>Jam\u00f3n Ib\u00e9rico<\/em> in the German market and establish links with <em>haute cuisine<\/em>.<\/p>\n<p>As for the competition itself, the title of \u2018<em>Koch des Jahres<\/em>\u2019 went to Spanish chef <strong>Miguel Marqu\u00e9s<\/strong>, Head Chef at Alois by Dallmayr** in Munich. His original menu, which included surprise ingredients from the Black Box, catapulted him to victory in this prestigious competition, which attracted more than 400 culinary talents. Marqu\u00e9s, along with the other finalists, received a <em>Jam\u00f3n Ib\u00e9rico<\/em> in recognition of their hard work during the competition.<\/p>\n<p>This year\u2019s <em>Koch des Jahres<\/em> competition was once again judged by a star-studded panel of top chefs, including the renowned Dieter M\u00fcller and other important chefs such as Michael Torsten, Juan Amador, Oriol Castro, Erik Vilgaard, Sven Wassmer, Sebasti\u00e1n Franco, Martin Klein, Marco M\u00fcller, and Martina Puigvert Puigdevall.<\/p>\n<p>We believe this should be \u201csatay\u201d, not \u201csatay\u201d. Please check the name of the dish.<\/p>\n<p>[\/et_pb_text][\/et_pb_column][\/et_pb_row][et_pb_row use_custom_gutter=&#8221;on&#8221; gutter_width=&#8221;2&#8243; _builder_version=&#8221;4.13.0&#8243; _module_preset=&#8221;default&#8221; global_colors_info=&#8221;{}&#8221;][et_pb_column type=&#8221;4_4&#8243; _builder_version=&#8221;4.13.0&#8243; _module_preset=&#8221;default&#8221; global_colors_info=&#8221;{}&#8221;][et_pb_gallery gallery_ids=&#8221;0,7460,7464,7468,7472,7476&#8243; posts_number=&#8221;%22150%22&#8243; show_title_and_caption=&#8221;%22off%22&#8243; show_pagination=&#8221;%22off%22&#8243; _builder_version=&#8221;%224.13.0%22&#8243; _module_preset=&#8221;%22default%22&#8243; global_colors_info=&#8221;%22{}%22&#8243;][\/et_pb_gallery][\/et_pb_column][\/et_pb_row][\/et_pb_section]<\/p>\n","protected":false},"excerpt":{"rendered":"<p>JAM\u00d3N IB\u00c9RICO &#8211; OFFICIAL SPONSOR OF THE PRESTIGIOUS KOCH DES JAHRES COMPETITIONOn 15 November, Jam\u00f3n Ib\u00e9rico was once again the star of the Koch des Jahres (Chef of the Year) competition in Germany &#8211; one of the most prestigious cooking competitions on the international scene. Not only did the product have a tasting point, but it was also the star of some of the recipes prepared by the participants in the previous rounds and during the grand finale. For yet another year, a number of chefs competed with dishes using Ib\u00e9rico products, including Peter Leibetseder\u2019s \u2018Black Tiger Prawns with Jam\u00f3n Ib\u00e9rico, Sudachi, and Satay Sauce\u2019 and Simon Scheuerlein\u2019s \u2018Friesenkronen Fishballs, Castello Blue, Jam\u00f3n Ib\u00e9rico, and Boiron Figs\u2019. Ra\u00fal Garc\u00eda, President of ASICI, highlighted the importance of sponsoring a competition of this nature in order to strengthen the presence of Jam\u00f3n Ib\u00e9rico in the German market and establish links with haute cuisine. As for the competition itself, the title of \u2018Koch des Jahres\u2019 went to Spanish chef Miguel Marqu\u00e9s, Head Chef at Alois by Dallmayr** in Munich. His original menu, which included surprise ingredients from the Black Box, catapulted him to victory in this prestigious competition, which attracted more than 400 [&hellip;]<\/p>\n","protected":false},"author":1,"featured_media":0,"parent":4281,"menu_order":1,"comment_status":"closed","ping_status":"closed","template":"","meta":{"_et_pb_use_builder":"on","_et_pb_old_content":"","_et_gb_content_width":"","footnotes":""},"class_list":["post-8187","page","type-page","status-publish","hentry"],"_links":{"self":[{"href":"https:\/\/jamonesibericoseu.eu\/en\/wp-json\/wp\/v2\/pages\/8187","targetHints":{"allow":["GET"]}}],"collection":[{"href":"https:\/\/jamonesibericoseu.eu\/en\/wp-json\/wp\/v2\/pages"}],"about":[{"href":"https:\/\/jamonesibericoseu.eu\/en\/wp-json\/wp\/v2\/types\/page"}],"author":[{"embeddable":true,"href":"https:\/\/jamonesibericoseu.eu\/en\/wp-json\/wp\/v2\/users\/1"}],"replies":[{"embeddable":true,"href":"https:\/\/jamonesibericoseu.eu\/en\/wp-json\/wp\/v2\/comments?post=8187"}],"version-history":[{"count":5,"href":"https:\/\/jamonesibericoseu.eu\/en\/wp-json\/wp\/v2\/pages\/8187\/revisions"}],"predecessor-version":[{"id":8192,"href":"https:\/\/jamonesibericoseu.eu\/en\/wp-json\/wp\/v2\/pages\/8187\/revisions\/8192"}],"up":[{"embeddable":true,"href":"https:\/\/jamonesibericoseu.eu\/en\/wp-json\/wp\/v2\/pages\/4281"}],"wp:attachment":[{"href":"https:\/\/jamonesibericoseu.eu\/en\/wp-json\/wp\/v2\/media?parent=8187"}],"curies":[{"name":"wp","href":"https:\/\/api.w.org\/{rel}","templated":true}]}}

Jamón Ibérico &#8211; Official sponsor of the prestigious Koch Des Jahres competition

<p>[et_pb_section fb_built=&#8221;1&#8243; _builder_version=&#8221;4.10.8&#8243; _module_preset=&#8221;default&#8221; global_colors_info=&#8221;{}&#8221;][et_pb_row _builder_version=&#8221;4.10.8&#8243; _module_preset=&#8221;default&#8221; global_colors_info=&#8221;{}&#8221;][et_pb_column type=&#8221;4_4&#8243; _builder_version=&#8221;4.10.8&#8243; _module_preset=&#8221;default&#8221; global_colors_info=&#8221;{}&#8221;][et_pb_text _builder_version=&#8221;4.13.0&#8243; _module_preset=&#8221;default&#8221; text_font_size=&#8221;16px&#8221; header_font=&#8221;|700||on|||||&#8221; header_text_align=&#8221;center&#8221; header_text_color=&#8221;#a31c27&#8243; header_2_font=&#8221;|700||on|||||&#8221; header_2_text_align=&#8221;center&#8221; header_2_text_color=&#8221;#a31c27&#8243; header_2_font_size=&#8221;30px&#8221; header_2_line_height=&#8221;1.2em&#8221; background_color=&#8221;RGBA(0,0,0,0)&#8221; z_index=&#8221;500&#8243; width=&#8221;80%&#8221; module_alignment=&#8221;center&#8221; sticky_limit_bottom=&#8221;body&#8221; global_colors_info=&#8221;{}&#8221;]</p>
<h2>JAMÓN IBÉRICO &#8211; OFFICIAL SPONSOR OF THE PRESTIGIOUS KOCH DES JAHRES COMPETITION</h2>
<p>[/et_pb_text][et_pb_text _builder_version=&#8221;4.13.0&#8243; _module_preset=&#8221;default&#8221; text_font_size=&#8221;16px&#8221; header_font=&#8221;|700||on|||||&#8221; header_text_color=&#8221;#a31c27&#8243; header_2_font=&#8221;|700||on|||||&#8221; header_2_text_color=&#8221;#a31c27&#8243; header_2_font_size=&#8221;30px&#8221; background_color=&#8221;RGBA(0,0,0,0)&#8221; z_index=&#8221;500&#8243; sticky_limit_bottom=&#8221;body&#8221; hover_enabled=&#8221;0&#8243; global_colors_info=&#8221;{}&#8221; sticky_enabled=&#8221;0&#8243;]</p>
<p>On <strong>15 November</strong>, <em>Jamón Ibérico</em> was once again the star of the <strong><em>Koch des Jahres</em></strong> (Chef of the Year) competition in Germany &#8211; one of the most prestigious cooking competitions on the international scene. Not only did the product have a tasting point, but it was also the star of some of the recipes prepared by the participants in the previous rounds and during the grand finale. For yet another year, a number of chefs competed with dishes using <em>Ibérico</em> products, including <strong>Peter Leibetseder’s ‘Black Tiger Prawns with <em>Jamón Ibérico</em>, Sudachi, and Satay </strong><strong>Sauce’ </strong>and <strong>Simon Scheuerlein’s ‘Friesenkronen Fishballs, Castello Blue, <em>Jamón Ibérico,</em> and Boiron Figs’</strong>.</p>
<p>Raúl García, President of ASICI, highlighted the importance of sponsoring a competition of this nature in order to strengthen the presence of <em>Jamón Ibérico</em> in the German market and establish links with <em>haute cuisine</em>.</p>
<p>As for the competition itself, the title of ‘<em>Koch des Jahres</em>’ went to Spanish chef <strong>Miguel Marqués</strong>, Head Chef at Alois by Dallmayr** in Munich. His original menu, which included surprise ingredients from the Black Box, catapulted him to victory in this prestigious competition, which attracted more than 400 culinary talents. Marqués, along with the other finalists, received a <em>Jamón Ibérico</em> in recognition of their hard work during the competition.</p>
<p>This year’s <em>Koch des Jahres</em> competition was once again judged by a star-studded panel of top chefs, including the renowned Dieter Müller and other important chefs such as Michael Torsten, Juan Amador, Oriol Castro, Erik Vilgaard, Sven Wassmer, Sebastián Franco, Martin Klein, Marco Müller, and Martina Puigvert Puigdevall.</p>
<p>We believe this should be “satay”, not “satay”. Please check the name of the dish.</p>
<p>[/et_pb_text][/et_pb_column][/et_pb_row][et_pb_row use_custom_gutter=&#8221;on&#8221; gutter_width=&#8221;2&#8243; _builder_version=&#8221;4.13.0&#8243; _module_preset=&#8221;default&#8221; global_colors_info=&#8221;{}&#8221;][et_pb_column type=&#8221;4_4&#8243; _builder_version=&#8221;4.13.0&#8243; _module_preset=&#8221;default&#8221; global_colors_info=&#8221;{}&#8221;][et_pb_gallery gallery_ids=&#8221;0,7460,7464,7468,7472,7476&#8243; posts_number=&#8221;%22150%22&#8243; show_title_and_caption=&#8221;%22off%22&#8243; show_pagination=&#8221;%22off%22&#8243; _builder_version=&#8221;%224.13.0%22&#8243; _module_preset=&#8221;%22default%22&#8243; global_colors_info=&#8221;%22{}%22&#8243;][/et_pb_gallery][/et_pb_column][/et_pb_row][/et_pb_section]</p>

<p>JAMÓN IBÉRICO &#8211; OFFICIAL SPONSOR OF THE PRESTIGIOUS KOCH DES JAHRES COMPETITIONOn 15 November, Jamón Ibérico was once again the star of the Koch des Jahres (Chef of the Year) competition in Germany &#8211; one of the most prestigious cooking competitions on the international scene. Not only did the product have a tasting point, but it was also the star of some of the recipes prepared by the participants in the previous rounds and during the grand finale. For yet another year, a number of chefs competed with dishes using Ibérico products, including Peter Leibetseder’s ‘Black Tiger Prawns with Jamón Ibérico, Sudachi, and Satay Sauce’ and Simon Scheuerlein’s ‘Friesenkronen Fishballs, Castello Blue, Jamón Ibérico, and Boiron Figs’. Raúl García, President of ASICI, highlighted the importance of sponsoring a competition of this nature in order to strengthen the presence of Jamón Ibérico in the German market and establish links with haute cuisine. As for the competition itself, the title of ‘Koch des Jahres’ went to Spanish chef Miguel Marqués, Head Chef at Alois by Dallmayr** in Munich. His original menu, which included surprise ingredients from the Black Box, catapulted him to victory in this prestigious competition, which attracted more than 400 [&hellip;]</p>
