{"id":4616,"date":"2022-04-18T11:08:31","date_gmt":"2022-04-18T11:08:31","guid":{"rendered":"https:\/\/jamonesibericoseu.eu\/events\/international-jamon-iberico-cutting-contest-for-students-of-hospitality-schools\/"},"modified":"2022-04-18T11:13:44","modified_gmt":"2022-04-18T11:13:44","slug":"international-jamon-iberico-cutting-contest-for-students-of-hospitality-schools","status":"publish","type":"page","link":"https:\/\/jamonesibericoseu.eu\/en\/events\/international-jamon-iberico-cutting-contest-for-students-of-hospitality-schools\/","title":{"rendered":"International Jam\u00f3n Ib\u00e9rico Cutting Contest for Students of Hospitality Schools"},"content":{"rendered":"<p>[et_pb_section fb_built=&#8221;1&#8243; _builder_version=&#8221;4.10.8&#8243; _module_preset=&#8221;default&#8221; global_colors_info=&#8221;{}&#8221;][et_pb_row _builder_version=&#8221;4.10.8&#8243; _module_preset=&#8221;default&#8221; global_colors_info=&#8221;{}&#8221;][et_pb_column type=&#8221;4_4&#8243; _builder_version=&#8221;4.10.8&#8243; _module_preset=&#8221;default&#8221; global_colors_info=&#8221;{}&#8221;][et_pb_text _builder_version=&#8221;4.13.0&#8243; _module_preset=&#8221;default&#8221; text_font_size=&#8221;16px&#8221; header_font=&#8221;|700||on|||||&#8221; header_text_align=&#8221;center&#8221; header_text_color=&#8221;#a31c27&#8243; header_2_font=&#8221;|700||on|||||&#8221; header_2_text_align=&#8221;center&#8221; header_2_text_color=&#8221;#a31c27&#8243; header_2_font_size=&#8221;30px&#8221; header_2_line_height=&#8221;1.2em&#8221; background_color=&#8221;RGBA(0,0,0,0)&#8221; z_index=&#8221;500&#8243; width=&#8221;80%&#8221; module_alignment=&#8221;center&#8221; sticky_limit_bottom=&#8221;body&#8221; hover_enabled=&#8221;0&#8243; global_colors_info=&#8221;{}&#8221; sticky_enabled=&#8221;0&#8243;]<\/p>\n<h2>INTERNATIONAL JAM\u00d3N IB\u00c9RICO CUTTING CONTEST FOR STUDENTS OF HOSPITALITY SCHOOLS<\/h2>\n<p>[\/et_pb_text][et_pb_text _builder_version=&#8221;4.13.0&#8243; _module_preset=&#8221;default&#8221; text_font_size=&#8221;16px&#8221; header_font=&#8221;|700||on|||||&#8221; header_text_color=&#8221;#a31c27&#8243; header_2_font=&#8221;|700||on|||||&#8221; header_2_text_color=&#8221;#a31c27&#8243; header_2_font_size=&#8221;30px&#8221; background_color=&#8221;RGBA(0,0,0,0)&#8221; z_index=&#8221;500&#8243; sticky_limit_bottom=&#8221;body&#8221; hover_enabled=&#8221;0&#8243; global_colors_info=&#8221;{}&#8221; sticky_enabled=&#8221;0&#8243;]<\/p>\n<p>What is the key to cutting ham well? The knife, the holder, the technique, a mixture of theoretical and practical knowledge. And of course: a good Jam\u00f3n Ib\u00e9rico. The IES Hotel Escuela from the Community of Madrid hosted the 4th International Jam\u00f3n Ib\u00e9rico Cutting Contest, promoted by the Interprofessional Association of Iberian Pork (ASICI) with the aim of giving visibility to the cutting of Jam\u00f3n Ib\u00e9rico, and highlighting the figure of the cutter as an exceptional figure in the restaurant industry.<\/p>\n<p>15 students of different nationalities from renowned hospitality schools from all over Europe participated in the contest.<\/p>\n<p>The panel, made up of several expert cutters and chefs, followed\u2013and tasted\u2013each of their proposals carefully.<\/p>\n<p>The Cutting Contest is a training event framed within the promotional programme \u201cJamones Ib\u00e9ricos from Spain, Ambassadors for Europe in the World\u201d, where the Ib\u00e9rico sector, with the support of the EU, aims to spread the word about the versatility and quality of an exemplary product from the Mediterranean Diet and a cultural emblem of our country.<\/p>\n<p>[\/et_pb_text][\/et_pb_column][\/et_pb_row][et_pb_row column_structure=&#8221;1_4,1_4,1_4,1_4&#8243; use_custom_gutter=&#8221;on&#8221; gutter_width=&#8221;2&#8243; _builder_version=&#8221;4.13.0&#8243; _module_preset=&#8221;default&#8221; global_colors_info=&#8221;{}&#8221;][et_pb_column type=&#8221;1_4&#8243; _builder_version=&#8221;4.13.0&#8243; _module_preset=&#8221;default&#8221; global_colors_info=&#8221;{}&#8221;][et_pb_image src=&#8221;https:\/\/jamonesibericoseu.eu\/wp-content\/uploads\/2022\/04\/Ganador-corte-jamon.jpg&#8221; title_text=&#8221;Ganador-corte-jamon&#8221; _builder_version=&#8221;4.13.0&#8243; _module_preset=&#8221;default&#8221; global_colors_info=&#8221;{}&#8221;][\/et_pb_image][et_pb_image src=&#8221;https:\/\/jamonesibericoseu.eu\/wp-content\/uploads\/2022\/04\/Ganador-corte-jamon-05.jpg&#8221; title_text=&#8221;Ganador-corte-jamon-05&#8243; _builder_version=&#8221;4.13.0&#8243; _module_preset=&#8221;default&#8221; global_colors_info=&#8221;{}&#8221;][\/et_pb_image][\/et_pb_column][et_pb_column type=&#8221;1_4&#8243; _builder_version=&#8221;4.13.0&#8243; _module_preset=&#8221;default&#8221; global_colors_info=&#8221;{}&#8221;][et_pb_image src=&#8221;https:\/\/jamonesibericoseu.eu\/wp-content\/uploads\/2022\/04\/Ganador-corte-jamon-02.jpg&#8221; title_text=&#8221;Ganador-corte-jamon-02&#8243; _builder_version=&#8221;4.13.0&#8243; _module_preset=&#8221;default&#8221; global_colors_info=&#8221;{}&#8221;][\/et_pb_image][et_pb_image src=&#8221;https:\/\/jamonesibericoseu.eu\/wp-content\/uploads\/2022\/04\/Ganador-corte-jamon-06.jpg&#8221; title_text=&#8221;Ganador-corte-jamon-06&#8243; _builder_version=&#8221;4.13.0&#8243; _module_preset=&#8221;default&#8221; global_colors_info=&#8221;{}&#8221;][\/et_pb_image][\/et_pb_column][et_pb_column type=&#8221;1_4&#8243; _builder_version=&#8221;4.13.0&#8243; _module_preset=&#8221;default&#8221; global_colors_info=&#8221;{}&#8221;][et_pb_image src=&#8221;https:\/\/jamonesibericoseu.eu\/wp-content\/uploads\/2022\/04\/Ganador-corte-jamon-03.jpg&#8221; title_text=&#8221;Ganador-corte-jamon-03&#8243; _builder_version=&#8221;4.13.0&#8243; _module_preset=&#8221;default&#8221; global_colors_info=&#8221;{}&#8221;][\/et_pb_image][et_pb_image src=&#8221;https:\/\/jamonesibericoseu.eu\/wp-content\/uploads\/2022\/04\/Ganador-corte-jamon-07.jpg&#8221; title_text=&#8221;Ganador-corte-jamon-07&#8243; _builder_version=&#8221;4.13.0&#8243; _module_preset=&#8221;default&#8221; global_colors_info=&#8221;{}&#8221;][\/et_pb_image][\/et_pb_column][et_pb_column type=&#8221;1_4&#8243; _builder_version=&#8221;4.13.0&#8243; _module_preset=&#8221;default&#8221; global_colors_info=&#8221;{}&#8221;][et_pb_image src=&#8221;https:\/\/jamonesibericoseu.eu\/wp-content\/uploads\/2022\/04\/Ganador-corte-jamon-04.jpg&#8221; title_text=&#8221;Ganador-corte-jamon-04&#8243; _builder_version=&#8221;4.13.0&#8243; _module_preset=&#8221;default&#8221; global_colors_info=&#8221;{}&#8221;][\/et_pb_image][et_pb_image src=&#8221;https:\/\/jamonesibericoseu.eu\/wp-content\/uploads\/2022\/04\/Ganador-corte-jamon-08.jpg&#8221; title_text=&#8221;Ganador-corte-jamon-08&#8243; _builder_version=&#8221;4.13.0&#8243; _module_preset=&#8221;default&#8221; global_colors_info=&#8221;{}&#8221;][\/et_pb_image][\/et_pb_column][\/et_pb_row][\/et_pb_section]<\/p>\n","protected":false},"excerpt":{"rendered":"<p>INTERNATIONAL JAM\u00d3N IB\u00c9RICO CUTTING CONTEST FOR STUDENTS OF HOSPITALITY SCHOOLSWhat is the key to cutting ham well? The knife, the holder, the technique, a mixture of theoretical and practical knowledge. And of course: a good Jam\u00f3n Ib\u00e9rico. The IES Hotel Escuela from the Community of Madrid hosted the 4th International Jam\u00f3n Ib\u00e9rico Cutting Contest, promoted by the Interprofessional Association of Iberian Pork (ASICI) with the aim of giving visibility to the cutting of Jam\u00f3n Ib\u00e9rico, and highlighting the figure of the cutter as an exceptional figure in the restaurant industry. 15 students of different nationalities from renowned hospitality schools from all over Europe participated in the contest. The panel, made up of several expert cutters and chefs, followed\u2013and tasted\u2013each of their proposals carefully. The Cutting Contest is a training event framed within the promotional programme \u201cJamones Ib\u00e9ricos from Spain, Ambassadors for Europe in the World\u201d, where the Ib\u00e9rico sector, with the support of the EU, aims to spread the word about the versatility and quality of an exemplary product from the Mediterranean Diet and a cultural emblem of our country.<\/p>\n","protected":false},"author":1,"featured_media":0,"parent":4281,"menu_order":1,"comment_status":"closed","ping_status":"closed","template":"","meta":{"_et_pb_use_builder":"on","_et_pb_old_content":"","_et_gb_content_width":"","footnotes":""},"class_list":["post-4616","page","type-page","status-publish","hentry"],"_links":{"self":[{"href":"https:\/\/jamonesibericoseu.eu\/en\/wp-json\/wp\/v2\/pages\/4616","targetHints":{"allow":["GET"]}}],"collection":[{"href":"https:\/\/jamonesibericoseu.eu\/en\/wp-json\/wp\/v2\/pages"}],"about":[{"href":"https:\/\/jamonesibericoseu.eu\/en\/wp-json\/wp\/v2\/types\/page"}],"author":[{"embeddable":true,"href":"https:\/\/jamonesibericoseu.eu\/en\/wp-json\/wp\/v2\/users\/1"}],"replies":[{"embeddable":true,"href":"https:\/\/jamonesibericoseu.eu\/en\/wp-json\/wp\/v2\/comments?post=4616"}],"version-history":[{"count":7,"href":"https:\/\/jamonesibericoseu.eu\/en\/wp-json\/wp\/v2\/pages\/4616\/revisions"}],"predecessor-version":[{"id":4629,"href":"https:\/\/jamonesibericoseu.eu\/en\/wp-json\/wp\/v2\/pages\/4616\/revisions\/4629"}],"up":[{"embeddable":true,"href":"https:\/\/jamonesibericoseu.eu\/en\/wp-json\/wp\/v2\/pages\/4281"}],"wp:attachment":[{"href":"https:\/\/jamonesibericoseu.eu\/en\/wp-json\/wp\/v2\/media?parent=4616"}],"curies":[{"name":"wp","href":"https:\/\/api.w.org\/{rel}","templated":true}]}}

International Jamón Ibérico Cutting Contest for Students of Hospitality Schools

<p>[et_pb_section fb_built=&#8221;1&#8243; _builder_version=&#8221;4.10.8&#8243; _module_preset=&#8221;default&#8221; global_colors_info=&#8221;{}&#8221;][et_pb_row _builder_version=&#8221;4.10.8&#8243; _module_preset=&#8221;default&#8221; global_colors_info=&#8221;{}&#8221;][et_pb_column type=&#8221;4_4&#8243; _builder_version=&#8221;4.10.8&#8243; _module_preset=&#8221;default&#8221; global_colors_info=&#8221;{}&#8221;][et_pb_text _builder_version=&#8221;4.13.0&#8243; _module_preset=&#8221;default&#8221; text_font_size=&#8221;16px&#8221; header_font=&#8221;|700||on|||||&#8221; header_text_align=&#8221;center&#8221; header_text_color=&#8221;#a31c27&#8243; header_2_font=&#8221;|700||on|||||&#8221; header_2_text_align=&#8221;center&#8221; header_2_text_color=&#8221;#a31c27&#8243; header_2_font_size=&#8221;30px&#8221; header_2_line_height=&#8221;1.2em&#8221; background_color=&#8221;RGBA(0,0,0,0)&#8221; z_index=&#8221;500&#8243; width=&#8221;80%&#8221; module_alignment=&#8221;center&#8221; sticky_limit_bottom=&#8221;body&#8221; hover_enabled=&#8221;0&#8243; global_colors_info=&#8221;{}&#8221; sticky_enabled=&#8221;0&#8243;]</p>
<h2>INTERNATIONAL JAMÓN IBÉRICO CUTTING CONTEST FOR STUDENTS OF HOSPITALITY SCHOOLS</h2>
<p>[/et_pb_text][et_pb_text _builder_version=&#8221;4.13.0&#8243; _module_preset=&#8221;default&#8221; text_font_size=&#8221;16px&#8221; header_font=&#8221;|700||on|||||&#8221; header_text_color=&#8221;#a31c27&#8243; header_2_font=&#8221;|700||on|||||&#8221; header_2_text_color=&#8221;#a31c27&#8243; header_2_font_size=&#8221;30px&#8221; background_color=&#8221;RGBA(0,0,0,0)&#8221; z_index=&#8221;500&#8243; sticky_limit_bottom=&#8221;body&#8221; hover_enabled=&#8221;0&#8243; global_colors_info=&#8221;{}&#8221; sticky_enabled=&#8221;0&#8243;]</p>
<p>What is the key to cutting ham well? The knife, the holder, the technique, a mixture of theoretical and practical knowledge. And of course: a good Jamón Ibérico. The IES Hotel Escuela from the Community of Madrid hosted the 4th International Jamón Ibérico Cutting Contest, promoted by the Interprofessional Association of Iberian Pork (ASICI) with the aim of giving visibility to the cutting of Jamón Ibérico, and highlighting the figure of the cutter as an exceptional figure in the restaurant industry.</p>
<p>15 students of different nationalities from renowned hospitality schools from all over Europe participated in the contest.</p>
<p>The panel, made up of several expert cutters and chefs, followed–and tasted–each of their proposals carefully.</p>
<p>The Cutting Contest is a training event framed within the promotional programme “Jamones Ibéricos from Spain, Ambassadors for Europe in the World”, where the Ibérico sector, with the support of the EU, aims to spread the word about the versatility and quality of an exemplary product from the Mediterranean Diet and a cultural emblem of our country.</p>
<p>[/et_pb_text][/et_pb_column][/et_pb_row][et_pb_row column_structure=&#8221;1_4,1_4,1_4,1_4&#8243; use_custom_gutter=&#8221;on&#8221; gutter_width=&#8221;2&#8243; _builder_version=&#8221;4.13.0&#8243; _module_preset=&#8221;default&#8221; global_colors_info=&#8221;{}&#8221;][et_pb_column type=&#8221;1_4&#8243; _builder_version=&#8221;4.13.0&#8243; _module_preset=&#8221;default&#8221; global_colors_info=&#8221;{}&#8221;][et_pb_image src=&#8221;https://jamonesibericoseu.eu/wp-content/uploads/2022/04/Ganador-corte-jamon.jpg&#8221; title_text=&#8221;Ganador-corte-jamon&#8221; _builder_version=&#8221;4.13.0&#8243; _module_preset=&#8221;default&#8221; global_colors_info=&#8221;{}&#8221;][/et_pb_image][et_pb_image src=&#8221;https://jamonesibericoseu.eu/wp-content/uploads/2022/04/Ganador-corte-jamon-05.jpg&#8221; title_text=&#8221;Ganador-corte-jamon-05&#8243; _builder_version=&#8221;4.13.0&#8243; _module_preset=&#8221;default&#8221; global_colors_info=&#8221;{}&#8221;][/et_pb_image][/et_pb_column][et_pb_column type=&#8221;1_4&#8243; _builder_version=&#8221;4.13.0&#8243; _module_preset=&#8221;default&#8221; global_colors_info=&#8221;{}&#8221;][et_pb_image src=&#8221;https://jamonesibericoseu.eu/wp-content/uploads/2022/04/Ganador-corte-jamon-02.jpg&#8221; title_text=&#8221;Ganador-corte-jamon-02&#8243; _builder_version=&#8221;4.13.0&#8243; _module_preset=&#8221;default&#8221; global_colors_info=&#8221;{}&#8221;][/et_pb_image][et_pb_image src=&#8221;https://jamonesibericoseu.eu/wp-content/uploads/2022/04/Ganador-corte-jamon-06.jpg&#8221; title_text=&#8221;Ganador-corte-jamon-06&#8243; _builder_version=&#8221;4.13.0&#8243; _module_preset=&#8221;default&#8221; global_colors_info=&#8221;{}&#8221;][/et_pb_image][/et_pb_column][et_pb_column type=&#8221;1_4&#8243; _builder_version=&#8221;4.13.0&#8243; _module_preset=&#8221;default&#8221; global_colors_info=&#8221;{}&#8221;][et_pb_image src=&#8221;https://jamonesibericoseu.eu/wp-content/uploads/2022/04/Ganador-corte-jamon-03.jpg&#8221; title_text=&#8221;Ganador-corte-jamon-03&#8243; _builder_version=&#8221;4.13.0&#8243; _module_preset=&#8221;default&#8221; global_colors_info=&#8221;{}&#8221;][/et_pb_image][et_pb_image src=&#8221;https://jamonesibericoseu.eu/wp-content/uploads/2022/04/Ganador-corte-jamon-07.jpg&#8221; title_text=&#8221;Ganador-corte-jamon-07&#8243; _builder_version=&#8221;4.13.0&#8243; _module_preset=&#8221;default&#8221; global_colors_info=&#8221;{}&#8221;][/et_pb_image][/et_pb_column][et_pb_column type=&#8221;1_4&#8243; _builder_version=&#8221;4.13.0&#8243; _module_preset=&#8221;default&#8221; global_colors_info=&#8221;{}&#8221;][et_pb_image src=&#8221;https://jamonesibericoseu.eu/wp-content/uploads/2022/04/Ganador-corte-jamon-04.jpg&#8221; title_text=&#8221;Ganador-corte-jamon-04&#8243; _builder_version=&#8221;4.13.0&#8243; _module_preset=&#8221;default&#8221; global_colors_info=&#8221;{}&#8221;][/et_pb_image][et_pb_image src=&#8221;https://jamonesibericoseu.eu/wp-content/uploads/2022/04/Ganador-corte-jamon-08.jpg&#8221; title_text=&#8221;Ganador-corte-jamon-08&#8243; _builder_version=&#8221;4.13.0&#8243; _module_preset=&#8221;default&#8221; global_colors_info=&#8221;{}&#8221;][/et_pb_image][/et_pb_column][/et_pb_row][/et_pb_section]</p>

<p>INTERNATIONAL JAMÓN IBÉRICO CUTTING CONTEST FOR STUDENTS OF HOSPITALITY SCHOOLSWhat is the key to cutting ham well? The knife, the holder, the technique, a mixture of theoretical and practical knowledge. And of course: a good Jamón Ibérico. The IES Hotel Escuela from the Community of Madrid hosted the 4th International Jamón Ibérico Cutting Contest, promoted by the Interprofessional Association of Iberian Pork (ASICI) with the aim of giving visibility to the cutting of Jamón Ibérico, and highlighting the figure of the cutter as an exceptional figure in the restaurant industry. 15 students of different nationalities from renowned hospitality schools from all over Europe participated in the contest. The panel, made up of several expert cutters and chefs, followed–and tasted–each of their proposals carefully. The Cutting Contest is a training event framed within the promotional programme “Jamones Ibéricos from Spain, Ambassadors for Europe in the World”, where the Ibérico sector, with the support of the EU, aims to spread the word about the versatility and quality of an exemplary product from the Mediterranean Diet and a cultural emblem of our country.</p>
