{"id":4445,"date":"2022-03-21T12:13:18","date_gmt":"2022-03-21T12:13:18","guid":{"rendered":"https:\/\/jamonesibericoseu.eu\/press-releases\/"},"modified":"2023-06-27T11:58:50","modified_gmt":"2023-06-27T11:58:50","slug":"press-releases","status":"publish","type":"page","link":"https:\/\/jamonesibericoseu.eu\/en\/press-releases\/","title":{"rendered":"Press Releases"},"content":{"rendered":"<p>[et_pb_section fb_built=&#8221;1&#8243; _builder_version=&#8221;4.10.8&#8243; _module_preset=&#8221;default&#8221; custom_margin=&#8221;||0px||false|false&#8221; custom_padding=&#8221;||0px||false|false&#8221; global_colors_info=&#8221;{}&#8221;][et_pb_row column_structure=&#8221;1_2,1_2&#8243; _builder_version=&#8221;4.10.8&#8243; _module_preset=&#8221;default&#8221; global_colors_info=&#8221;{}&#8221;][et_pb_column type=&#8221;1_2&#8243; _builder_version=&#8221;4.10.8&#8243; _module_preset=&#8221;default&#8221; global_colors_info=&#8221;{}&#8221;][et_pb_image src=&#8221;https:\/\/jamonesibericoseu.eu\/wp-content\/uploads\/2021\/09\/prensa-1.jpg&#8221; title_text=&#8221;prensa&#8221; _builder_version=&#8221;4.10.8&#8243; _module_preset=&#8221;default&#8221; global_colors_info=&#8221;{}&#8221;][\/et_pb_image][\/et_pb_column][et_pb_column type=&#8221;1_2&#8243; _builder_version=&#8221;4.10.8&#8243; _module_preset=&#8221;default&#8221; global_colors_info=&#8221;{}&#8221;][et_pb_text _builder_version=&#8221;4.13.0&#8243; _module_preset=&#8221;default&#8221; text_font_size=&#8221;16px&#8221; header_font=&#8221;|700|||||||&#8221; header_text_color=&#8221;#a31c27&#8243; global_colors_info=&#8221;{}&#8221;]<\/p>\n<h1>PRESS RELEASES<\/h1>\n<p>Are you the type of person who likes to be up to date, up to the minute and up to the second with everything we do?<\/p>\n<p>Then this is the section for you.<\/p>\n<p><strong>Follow our latest news here!<\/strong><\/p>\n<p>[\/et_pb_text][\/et_pb_column][\/et_pb_row][\/et_pb_section][et_pb_section fb_built=&#8221;1&#8243; _builder_version=&#8221;4.10.8&#8243; _module_preset=&#8221;default&#8221; custom_padding=&#8221;0px|||||&#8221; global_colors_info=&#8221;{}&#8221;][et_pb_row column_structure=&#8221;1_3,1_3,1_3&#8243; _builder_version=&#8221;4.10.8&#8243; _module_preset=&#8221;default&#8221; global_colors_info=&#8221;{}&#8221;][et_pb_column type=&#8221;1_3&#8243; _builder_version=&#8221;4.10.8&#8243; _module_preset=&#8221;default&#8221; global_colors_info=&#8221;{}&#8221;][et_pb_image src=&#8221;https:\/\/jamonesibericoseu.eu\/wp-content\/uploads\/2023\/06\/berlin-presentacion.jpg&#8221; _builder_version=&#8221;4.13.0&#8243; _module_preset=&#8221;default&#8221; title_text=&#8221;berlin-presentacion&#8221; url=&#8221;https:\/\/jamonesibericoseu.eu\/wp-content\/uploads\/2023\/06\/NP-Berli\u0301n-se-rinde-ante-el-inigualable-Jamo\u0301n-Ibe\u0301rico-UK.pdf&#8221; hover_enabled=&#8221;0&#8243; sticky_enabled=&#8221;0&#8243;][\/et_pb_image][et_pb_text _builder_version=&#8221;4.13.0&#8243; _module_preset=&#8221;default&#8221; link_option_url=&#8221;https:\/\/jamonesibericoseu.eu\/wp-content\/uploads\/2023\/06\/NP-Berli\u0301n-se-rinde-ante-el-inigualable-Jamo\u0301n-Ibe\u0301rico-UK.pdf&#8221; link_option_url_new_window=&#8221;on&#8221; hover_enabled=&#8221;0&#8243; global_colors_info=&#8221;{}&#8221; sticky_enabled=&#8221;0&#8243;]<\/p>\n<p><span style=\"color: #a31c27;\"><strong>06-14-2023<\/strong><\/span> &#8211; Berlin surrenders to the incomparable Iberian Ham<\/p>\n<p>[\/et_pb_text][\/et_pb_column][et_pb_column type=&#8221;1_3&#8243; _builder_version=&#8221;4.10.8&#8243; _module_preset=&#8221;default&#8221; global_colors_info=&#8221;{}&#8221;][et_pb_image src=&#8221;https:\/\/jamonesibericoseu.eu\/wp-content\/uploads\/2023\/03\/mejor_cortador.jpg&#8221; title_text=&#8221;mejor_cortador&#8221; url=&#8221;https:\/\/jamonesibericoseu.eu\/wp-content\/uploads\/2023\/03\/NDP-Mejor-Cortador-del-Mundo_Ingle\u0301s.pdf&#8221; url_new_window=&#8221;on&#8221; _builder_version=&#8221;4.13.0&#8243; _module_preset=&#8221;default&#8221; global_colors_info=&#8221;{}&#8221;][\/et_pb_image][et_pb_text _builder_version=&#8221;4.13.0&#8243; _module_preset=&#8221;default&#8221; link_option_url=&#8221;https:\/\/jamonesibericoseu.eu\/wp-content\/uploads\/2023\/03\/NDP-Mejor-Cortador-del-Mundo_Ingle\u0301s.pdf&#8221; link_option_url_new_window=&#8221;on&#8221; global_colors_info=&#8221;{}&#8221;]<\/p>\n<p><span style=\"color: #a31c27;\"><strong>03-10-2023<\/strong><\/span> &#8211; \u201cSpain&#8217;s Iberian Ham, Ambassador of Europe in the World\u201d celebrates the II edition of the International Iberian Ham Slicing Competition in Paris<\/p>\n<p>[\/et_pb_text][\/et_pb_column][et_pb_column type=&#8221;1_3&#8243; _builder_version=&#8221;4.10.8&#8243; _module_preset=&#8221;default&#8221; global_colors_info=&#8221;{}&#8221;][et_pb_image src=&#8221;https:\/\/jamonesibericoseu.eu\/wp-content\/uploads\/2023\/03\/corte.jpg&#8221; title_text=&#8221;corte&#8221; url=&#8221;https:\/\/jamonesibericoseu.eu\/wp-content\/uploads\/2023\/03\/Iberico_Art-of-Slicing_2023_v3_English.pdf&#8221; url_new_window=&#8221;on&#8221; _builder_version=&#8221;4.13.0&#8243; _module_preset=&#8221;default&#8221; global_colors_info=&#8221;{}&#8221;][\/et_pb_image][et_pb_text _builder_version=&#8221;4.13.0&#8243; _module_preset=&#8221;default&#8221; link_option_url=&#8221;https:\/\/jamonesibericoseu.eu\/wp-content\/uploads\/2023\/03\/Iberico_Art-of-Slicing_2023_v3_English.pdf&#8221; link_option_url_new_window=&#8221;on&#8221; global_colors_info=&#8221;{}&#8221;]<\/p>\n<p><span style=\"color: #a31c27;\"><strong>03-08-2023<\/strong><\/span> &#8211; The art of cutting Iberian ham in seven exciting steps<\/p>\n<p>[\/et_pb_text][\/et_pb_column][\/et_pb_row][et_pb_row column_structure=&#8221;1_3,1_3,1_3&#8243; _builder_version=&#8221;4.10.8&#8243; _module_preset=&#8221;default&#8221; global_colors_info=&#8221;{}&#8221;][et_pb_column type=&#8221;1_3&#8243; _builder_version=&#8221;4.10.8&#8243; _module_preset=&#8221;default&#8221; global_colors_info=&#8221;{}&#8221;][et_pb_image src=&#8221;https:\/\/jamonesibericoseu.eu\/wp-content\/uploads\/2023\/02\/Spargel.jpg&#8221; title_text=&#8221;Spargel&#8221; url=&#8221;https:\/\/jamonesibericoseu.eu\/wp-content\/uploads\/2023\/02\/Iberico_Asparags_English_16-02.pdf&#8221; url_new_window=&#8221;on&#8221; _builder_version=&#8221;4.13.0&#8243; _module_preset=&#8221;default&#8221; global_colors_info=&#8221;{}&#8221;][\/et_pb_image][et_pb_text _builder_version=&#8221;4.13.0&#8243; _module_preset=&#8221;default&#8221; link_option_url=&#8221;https:\/\/jamonesibericoseu.eu\/wp-content\/uploads\/2023\/02\/Iberico_Asparags_English_16-02.pdf&#8221; link_option_url_new_window=&#8221;on&#8221; global_colors_info=&#8221;{}&#8221;]<\/p>\n<p><span style=\"color: #a31c27;\"><strong>02-16-2023<\/strong><\/span> &#8211; Spring delight with Iberian Ham : Aromatic recipe inspirations for the asparagus season: a unique gastronomic journey<\/p>\n<p>[\/et_pb_text][\/et_pb_column][et_pb_column type=&#8221;1_3&#8243; _builder_version=&#8221;4.10.8&#8243; _module_preset=&#8221;default&#8221; global_colors_info=&#8221;{}&#8221;][et_pb_image src=&#8221;https:\/\/jamonesibericoseu.eu\/wp-content\/uploads\/2023\/03\/escuelas_mi.jpg&#8221; title_text=&#8221;escuelas_mi&#8221; url=&#8221;https:\/\/jamonesibericoseu.eu\/wp-content\/uploads\/2023\/03\/Nota-de-prensa-Formacio\u0301n-ASICI-en-BCN-OK_EN.pdf&#8221; url_new_window=&#8221;on&#8221; _builder_version=&#8221;4.13.0&#8243; _module_preset=&#8221;default&#8221; global_colors_info=&#8221;{}&#8221;][\/et_pb_image][et_pb_text _builder_version=&#8221;4.13.0&#8243; _module_preset=&#8221;default&#8221; link_option_url=&#8221;https:\/\/jamonesibericoseu.eu\/wp-content\/uploads\/2023\/03\/Nota-de-prensa-Formacio\u0301n-ASICI-en-BCN-OK_EN.pdf&#8221; link_option_url_new_window=&#8221;on&#8221; global_colors_info=&#8221;{}&#8221;]<\/p>\n<p><span style=\"color: #a31c27;\"><strong>01-17-2023<\/strong><\/span> &#8211; Jamones Ib\u00e9ricos from Spain is committed to training as one of the cornerstones of growth in international markets<\/p>\n<p>[\/et_pb_text][\/et_pb_column][et_pb_column type=&#8221;1_3&#8243; _builder_version=&#8221;4.10.8&#8243; _module_preset=&#8221;default&#8221; global_colors_info=&#8221;{}&#8221;][et_pb_image src=&#8221;https:\/\/jamonesibericoseu.eu\/wp-content\/uploads\/2023\/01\/Acuerdo-ASICI-Eurotoques.jpg&#8221; title_text=&#8221;Acuerdo ASICI Eurotoques&#8221; url=&#8221;https:\/\/jamonesibericoseu.eu\/wp-content\/uploads\/2023\/01\/20230109-NdP-Acuerdo-Eurotoques-JIAWPB_ENUK.pdf&#8221; url_new_window=&#8221;on&#8221; _builder_version=&#8221;4.13.0&#8243; _module_preset=&#8221;default&#8221; global_colors_info=&#8221;{}&#8221;][\/et_pb_image][et_pb_text _builder_version=&#8221;4.13.0&#8243; _module_preset=&#8221;default&#8221; link_option_url=&#8221;https:\/\/jamonesibericoseu.eu\/wp-content\/uploads\/2023\/01\/20230109-NdP-Acuerdo-Eurotoques-JIAWPB_ENUK.pdf&#8221; link_option_url_new_window=&#8221;on&#8221; global_colors_info=&#8221;{}&#8221;]<\/p>\n<p><span style=\"color: #a31c27;\"><strong>01-09-2023<\/strong><\/span> &#8211; The Ib\u00e9rico sector and influential chefs strengthen ties to promote the restaurant industry and the consumption of Jam\u00f3n Ib\u00e9rico<\/p>\n<p>[\/et_pb_text][\/et_pb_column][\/et_pb_row][et_pb_row column_structure=&#8221;1_3,1_3,1_3&#8243; _builder_version=&#8221;4.10.8&#8243; _module_preset=&#8221;default&#8221; global_colors_info=&#8221;{}&#8221;][et_pb_column type=&#8221;1_3&#8243; _builder_version=&#8221;4.10.8&#8243; _module_preset=&#8221;default&#8221; global_colors_info=&#8221;{}&#8221;][et_pb_image src=&#8221;https:\/\/jamonesibericoseu.eu\/wp-content\/uploads\/2022\/03\/prensa_en_01.jpg&#8221; title_text=&#8221;prensa_en_01&#8243; url=&#8221;https:\/\/jamonesibericoseu.eu\/wp-content\/uploads\/2022\/03\/NDP-JIAWP-ALEMANIA-ORIGEN-ENERO.pdf&#8221; url_new_window=&#8221;on&#8221; _builder_version=&#8221;4.13.0&#8243; _module_preset=&#8221;default&#8221; global_colors_info=&#8221;{}&#8221;][\/et_pb_image][et_pb_text _builder_version=&#8221;4.13.0&#8243; _module_preset=&#8221;default&#8221; link_option_url=&#8221;https:\/\/jamonesibericoseu.eu\/wp-content\/uploads\/2022\/03\/NDP-JIAWP-ALEMANIA-ORIGEN-ENERO.pdf&#8221; link_option_url_new_window=&#8221;on&#8221; global_colors_info=&#8221;{}&#8221;]<span style=\"color: #a31c27;\"><strong>01-20-2022<\/strong><\/span>\u00a0&#8211; Jam\u00f3n Ib\u00e9rico unites tradition with quality[\/et_pb_text][\/et_pb_column][et_pb_column type=&#8221;1_3&#8243; _builder_version=&#8221;4.10.8&#8243; _module_preset=&#8221;default&#8221; global_colors_info=&#8221;{}&#8221;][\/et_pb_column][et_pb_column type=&#8221;1_3&#8243; _builder_version=&#8221;4.10.8&#8243; _module_preset=&#8221;default&#8221; global_colors_info=&#8221;{}&#8221;][\/et_pb_column][\/et_pb_row][\/et_pb_section]<\/p>\n","protected":false},"excerpt":{"rendered":"<p>PRESS RELEASES Are you the type of person who likes to be up to date, up to the minute and up to the second with everything we do? Then this is the section for you. Follow our latest news here!06-14-2023 &#8211; Berlin surrenders to the incomparable Iberian Ham03-10-2023 &#8211; \u201cSpain&#8217;s Iberian Ham, Ambassador of Europe in the World\u201d celebrates the II edition of the International Iberian Ham Slicing Competition in Paris03-08-2023 &#8211; The art of cutting Iberian ham in seven exciting steps02-16-2023 &#8211; Spring delight with Iberian Ham : Aromatic recipe inspirations for the asparagus season: a unique gastronomic journey01-17-2023 &#8211; Jamones Ib\u00e9ricos from Spain is committed to training as one of the cornerstones of growth in international markets01-09-2023 &#8211; The Ib\u00e9rico sector and influential chefs strengthen ties to promote the restaurant industry and the consumption of Jam\u00f3n Ib\u00e9rico01-20-2022\u00a0&#8211; Jam\u00f3n Ib\u00e9rico unites tradition with quality<\/p>\n","protected":false},"author":1,"featured_media":0,"parent":0,"menu_order":0,"comment_status":"closed","ping_status":"closed","template":"","meta":{"_et_pb_use_builder":"on","_et_pb_old_content":"","_et_gb_content_width":"","footnotes":""},"class_list":["post-4445","page","type-page","status-publish","hentry"],"_links":{"self":[{"href":"https:\/\/jamonesibericoseu.eu\/en\/wp-json\/wp\/v2\/pages\/4445","targetHints":{"allow":["GET"]}}],"collection":[{"href":"https:\/\/jamonesibericoseu.eu\/en\/wp-json\/wp\/v2\/pages"}],"about":[{"href":"https:\/\/jamonesibericoseu.eu\/en\/wp-json\/wp\/v2\/types\/page"}],"author":[{"embeddable":true,"href":"https:\/\/jamonesibericoseu.eu\/en\/wp-json\/wp\/v2\/users\/1"}],"replies":[{"embeddable":true,"href":"https:\/\/jamonesibericoseu.eu\/en\/wp-json\/wp\/v2\/comments?post=4445"}],"version-history":[{"count":18,"href":"https:\/\/jamonesibericoseu.eu\/en\/wp-json\/wp\/v2\/pages\/4445\/revisions"}],"predecessor-version":[{"id":6975,"href":"https:\/\/jamonesibericoseu.eu\/en\/wp-json\/wp\/v2\/pages\/4445\/revisions\/6975"}],"wp:attachment":[{"href":"https:\/\/jamonesibericoseu.eu\/en\/wp-json\/wp\/v2\/media?parent=4445"}],"curies":[{"name":"wp","href":"https:\/\/api.w.org\/{rel}","templated":true}]}}

<p>[et_pb_section fb_built=&#8221;1&#8243; _builder_version=&#8221;4.10.8&#8243; _module_preset=&#8221;default&#8221; custom_margin=&#8221;||0px||false|false&#8221; custom_padding=&#8221;||0px||false|false&#8221; global_colors_info=&#8221;{}&#8221;][et_pb_row column_structure=&#8221;1_2,1_2&#8243; _builder_version=&#8221;4.10.8&#8243; _module_preset=&#8221;default&#8221; global_colors_info=&#8221;{}&#8221;][et_pb_column type=&#8221;1_2&#8243; _builder_version=&#8221;4.10.8&#8243; _module_preset=&#8221;default&#8221; global_colors_info=&#8221;{}&#8221;][et_pb_image src=&#8221;https://jamonesibericoseu.eu/wp-content/uploads/2021/09/prensa-1.jpg&#8221; title_text=&#8221;prensa&#8221; _builder_version=&#8221;4.10.8&#8243; _module_preset=&#8221;default&#8221; global_colors_info=&#8221;{}&#8221;][/et_pb_image][/et_pb_column][et_pb_column type=&#8221;1_2&#8243; _builder_version=&#8221;4.10.8&#8243; _module_preset=&#8221;default&#8221; global_colors_info=&#8221;{}&#8221;][et_pb_text _builder_version=&#8221;4.13.0&#8243; _module_preset=&#8221;default&#8221; text_font_size=&#8221;16px&#8221; header_font=&#8221;|700|||||||&#8221; header_text_color=&#8221;#a31c27&#8243; global_colors_info=&#8221;{}&#8221;]</p>
<h1>PRESS RELEASES</h1>
<p>Are you the type of person who likes to be up to date, up to the minute and up to the second with everything we do?</p>
<p>Then this is the section for you.</p>
<p><strong>Follow our latest news here!</strong></p>
<p>[/et_pb_text][/et_pb_column][/et_pb_row][/et_pb_section][et_pb_section fb_built=&#8221;1&#8243; _builder_version=&#8221;4.10.8&#8243; _module_preset=&#8221;default&#8221; custom_padding=&#8221;0px|||||&#8221; global_colors_info=&#8221;{}&#8221;][et_pb_row column_structure=&#8221;1_3,1_3,1_3&#8243; _builder_version=&#8221;4.10.8&#8243; _module_preset=&#8221;default&#8221; global_colors_info=&#8221;{}&#8221;][et_pb_column type=&#8221;1_3&#8243; _builder_version=&#8221;4.10.8&#8243; _module_preset=&#8221;default&#8221; global_colors_info=&#8221;{}&#8221;][et_pb_image src=&#8221;https://jamonesibericoseu.eu/wp-content/uploads/2023/06/berlin-presentacion.jpg&#8221; _builder_version=&#8221;4.13.0&#8243; _module_preset=&#8221;default&#8221; title_text=&#8221;berlin-presentacion&#8221; url=&#8221;https://jamonesibericoseu.eu/wp-content/uploads/2023/06/NP-Berlín-se-rinde-ante-el-inigualable-Jamón-Ibérico-UK.pdf&#8221; hover_enabled=&#8221;0&#8243; sticky_enabled=&#8221;0&#8243;][/et_pb_image][et_pb_text _builder_version=&#8221;4.13.0&#8243; _module_preset=&#8221;default&#8221; link_option_url=&#8221;https://jamonesibericoseu.eu/wp-content/uploads/2023/06/NP-Berlín-se-rinde-ante-el-inigualable-Jamón-Ibérico-UK.pdf&#8221; link_option_url_new_window=&#8221;on&#8221; hover_enabled=&#8221;0&#8243; global_colors_info=&#8221;{}&#8221; sticky_enabled=&#8221;0&#8243;]</p>
<p><span style="color: #a31c27;"><strong>06-14-2023</strong></span> &#8211; Berlin surrenders to the incomparable Iberian Ham</p>
<p>[/et_pb_text][/et_pb_column][et_pb_column type=&#8221;1_3&#8243; _builder_version=&#8221;4.10.8&#8243; _module_preset=&#8221;default&#8221; global_colors_info=&#8221;{}&#8221;][et_pb_image src=&#8221;https://jamonesibericoseu.eu/wp-content/uploads/2023/03/mejor_cortador.jpg&#8221; title_text=&#8221;mejor_cortador&#8221; url=&#8221;https://jamonesibericoseu.eu/wp-content/uploads/2023/03/NDP-Mejor-Cortador-del-Mundo_Inglés.pdf&#8221; url_new_window=&#8221;on&#8221; _builder_version=&#8221;4.13.0&#8243; _module_preset=&#8221;default&#8221; global_colors_info=&#8221;{}&#8221;][/et_pb_image][et_pb_text _builder_version=&#8221;4.13.0&#8243; _module_preset=&#8221;default&#8221; link_option_url=&#8221;https://jamonesibericoseu.eu/wp-content/uploads/2023/03/NDP-Mejor-Cortador-del-Mundo_Inglés.pdf&#8221; link_option_url_new_window=&#8221;on&#8221; global_colors_info=&#8221;{}&#8221;]</p>
<p><span style="color: #a31c27;"><strong>03-10-2023</strong></span> &#8211; “Spain&#8217;s Iberian Ham, Ambassador of Europe in the World” celebrates the II edition of the International Iberian Ham Slicing Competition in Paris</p>
<p>[/et_pb_text][/et_pb_column][et_pb_column type=&#8221;1_3&#8243; _builder_version=&#8221;4.10.8&#8243; _module_preset=&#8221;default&#8221; global_colors_info=&#8221;{}&#8221;][et_pb_image src=&#8221;https://jamonesibericoseu.eu/wp-content/uploads/2023/03/corte.jpg&#8221; title_text=&#8221;corte&#8221; url=&#8221;https://jamonesibericoseu.eu/wp-content/uploads/2023/03/Iberico_Art-of-Slicing_2023_v3_English.pdf&#8221; url_new_window=&#8221;on&#8221; _builder_version=&#8221;4.13.0&#8243; _module_preset=&#8221;default&#8221; global_colors_info=&#8221;{}&#8221;][/et_pb_image][et_pb_text _builder_version=&#8221;4.13.0&#8243; _module_preset=&#8221;default&#8221; link_option_url=&#8221;https://jamonesibericoseu.eu/wp-content/uploads/2023/03/Iberico_Art-of-Slicing_2023_v3_English.pdf&#8221; link_option_url_new_window=&#8221;on&#8221; global_colors_info=&#8221;{}&#8221;]</p>
<p><span style="color: #a31c27;"><strong>03-08-2023</strong></span> &#8211; The art of cutting Iberian ham in seven exciting steps</p>
<p>[/et_pb_text][/et_pb_column][/et_pb_row][et_pb_row column_structure=&#8221;1_3,1_3,1_3&#8243; _builder_version=&#8221;4.10.8&#8243; _module_preset=&#8221;default&#8221; global_colors_info=&#8221;{}&#8221;][et_pb_column type=&#8221;1_3&#8243; _builder_version=&#8221;4.10.8&#8243; _module_preset=&#8221;default&#8221; global_colors_info=&#8221;{}&#8221;][et_pb_image src=&#8221;https://jamonesibericoseu.eu/wp-content/uploads/2023/02/Spargel.jpg&#8221; title_text=&#8221;Spargel&#8221; url=&#8221;https://jamonesibericoseu.eu/wp-content/uploads/2023/02/Iberico_Asparags_English_16-02.pdf&#8221; url_new_window=&#8221;on&#8221; _builder_version=&#8221;4.13.0&#8243; _module_preset=&#8221;default&#8221; global_colors_info=&#8221;{}&#8221;][/et_pb_image][et_pb_text _builder_version=&#8221;4.13.0&#8243; _module_preset=&#8221;default&#8221; link_option_url=&#8221;https://jamonesibericoseu.eu/wp-content/uploads/2023/02/Iberico_Asparags_English_16-02.pdf&#8221; link_option_url_new_window=&#8221;on&#8221; global_colors_info=&#8221;{}&#8221;]</p>
<p><span style="color: #a31c27;"><strong>02-16-2023</strong></span> &#8211; Spring delight with Iberian Ham : Aromatic recipe inspirations for the asparagus season: a unique gastronomic journey</p>
<p>[/et_pb_text][/et_pb_column][et_pb_column type=&#8221;1_3&#8243; _builder_version=&#8221;4.10.8&#8243; _module_preset=&#8221;default&#8221; global_colors_info=&#8221;{}&#8221;][et_pb_image src=&#8221;https://jamonesibericoseu.eu/wp-content/uploads/2023/03/escuelas_mi.jpg&#8221; title_text=&#8221;escuelas_mi&#8221; url=&#8221;https://jamonesibericoseu.eu/wp-content/uploads/2023/03/Nota-de-prensa-Formación-ASICI-en-BCN-OK_EN.pdf&#8221; url_new_window=&#8221;on&#8221; _builder_version=&#8221;4.13.0&#8243; _module_preset=&#8221;default&#8221; global_colors_info=&#8221;{}&#8221;][/et_pb_image][et_pb_text _builder_version=&#8221;4.13.0&#8243; _module_preset=&#8221;default&#8221; link_option_url=&#8221;https://jamonesibericoseu.eu/wp-content/uploads/2023/03/Nota-de-prensa-Formación-ASICI-en-BCN-OK_EN.pdf&#8221; link_option_url_new_window=&#8221;on&#8221; global_colors_info=&#8221;{}&#8221;]</p>
<p><span style="color: #a31c27;"><strong>01-17-2023</strong></span> &#8211; Jamones Ibéricos from Spain is committed to training as one of the cornerstones of growth in international markets</p>
<p>[/et_pb_text][/et_pb_column][et_pb_column type=&#8221;1_3&#8243; _builder_version=&#8221;4.10.8&#8243; _module_preset=&#8221;default&#8221; global_colors_info=&#8221;{}&#8221;][et_pb_image src=&#8221;https://jamonesibericoseu.eu/wp-content/uploads/2023/01/Acuerdo-ASICI-Eurotoques.jpg&#8221; title_text=&#8221;Acuerdo ASICI Eurotoques&#8221; url=&#8221;https://jamonesibericoseu.eu/wp-content/uploads/2023/01/20230109-NdP-Acuerdo-Eurotoques-JIAWPB_ENUK.pdf&#8221; url_new_window=&#8221;on&#8221; _builder_version=&#8221;4.13.0&#8243; _module_preset=&#8221;default&#8221; global_colors_info=&#8221;{}&#8221;][/et_pb_image][et_pb_text _builder_version=&#8221;4.13.0&#8243; _module_preset=&#8221;default&#8221; link_option_url=&#8221;https://jamonesibericoseu.eu/wp-content/uploads/2023/01/20230109-NdP-Acuerdo-Eurotoques-JIAWPB_ENUK.pdf&#8221; link_option_url_new_window=&#8221;on&#8221; global_colors_info=&#8221;{}&#8221;]</p>
<p><span style="color: #a31c27;"><strong>01-09-2023</strong></span> &#8211; The Ibérico sector and influential chefs strengthen ties to promote the restaurant industry and the consumption of Jamón Ibérico</p>
<p>[/et_pb_text][/et_pb_column][/et_pb_row][et_pb_row column_structure=&#8221;1_3,1_3,1_3&#8243; _builder_version=&#8221;4.10.8&#8243; _module_preset=&#8221;default&#8221; global_colors_info=&#8221;{}&#8221;][et_pb_column type=&#8221;1_3&#8243; _builder_version=&#8221;4.10.8&#8243; _module_preset=&#8221;default&#8221; global_colors_info=&#8221;{}&#8221;][et_pb_image src=&#8221;https://jamonesibericoseu.eu/wp-content/uploads/2022/03/prensa_en_01.jpg&#8221; title_text=&#8221;prensa_en_01&#8243; url=&#8221;https://jamonesibericoseu.eu/wp-content/uploads/2022/03/NDP-JIAWP-ALEMANIA-ORIGEN-ENERO.pdf&#8221; url_new_window=&#8221;on&#8221; _builder_version=&#8221;4.13.0&#8243; _module_preset=&#8221;default&#8221; global_colors_info=&#8221;{}&#8221;][/et_pb_image][et_pb_text _builder_version=&#8221;4.13.0&#8243; _module_preset=&#8221;default&#8221; link_option_url=&#8221;https://jamonesibericoseu.eu/wp-content/uploads/2022/03/NDP-JIAWP-ALEMANIA-ORIGEN-ENERO.pdf&#8221; link_option_url_new_window=&#8221;on&#8221; global_colors_info=&#8221;{}&#8221;]<span style="color: #a31c27;"><strong>01-20-2022</strong></span> &#8211; Jamón Ibérico unites tradition with quality[/et_pb_text][/et_pb_column][et_pb_column type=&#8221;1_3&#8243; _builder_version=&#8221;4.10.8&#8243; _module_preset=&#8221;default&#8221; global_colors_info=&#8221;{}&#8221;][/et_pb_column][et_pb_column type=&#8221;1_3&#8243; _builder_version=&#8221;4.10.8&#8243; _module_preset=&#8221;default&#8221; global_colors_info=&#8221;{}&#8221;][/et_pb_column][/et_pb_row][/et_pb_section]</p>

<p>PRESS RELEASES Are you the type of person who likes to be up to date, up to the minute and up to the second with everything we do? Then this is the section for you. Follow our latest news here!06-14-2023 &#8211; Berlin surrenders to the incomparable Iberian Ham03-10-2023 &#8211; “Spain&#8217;s Iberian Ham, Ambassador of Europe in the World” celebrates the II edition of the International Iberian Ham Slicing Competition in Paris03-08-2023 &#8211; The art of cutting Iberian ham in seven exciting steps02-16-2023 &#8211; Spring delight with Iberian Ham : Aromatic recipe inspirations for the asparagus season: a unique gastronomic journey01-17-2023 &#8211; Jamones Ibéricos from Spain is committed to training as one of the cornerstones of growth in international markets01-09-2023 &#8211; The Ibérico sector and influential chefs strengthen ties to promote the restaurant industry and the consumption of Jamón Ibérico01-20-2022 &#8211; Jamón Ibérico unites tradition with quality</p>
