{"id":4277,"date":"2022-03-07T14:23:36","date_gmt":"2022-03-07T14:23:36","guid":{"rendered":"https:\/\/jamonesibericoseu.eu\/the-presentation-event\/"},"modified":"2022-03-07T15:32:16","modified_gmt":"2022-03-07T15:32:16","slug":"the-presentation-event","status":"publish","type":"page","link":"https:\/\/jamonesibericoseu.eu\/en\/events\/the-presentation-event\/","title":{"rendered":"The Presentation event"},"content":{"rendered":"<p>[et_pb_section fb_built=&#8221;1&#8243; _builder_version=&#8221;4.10.8&#8243; _module_preset=&#8221;default&#8221; global_colors_info=&#8221;{}&#8221;][et_pb_row _builder_version=&#8221;4.10.8&#8243; _module_preset=&#8221;default&#8221; global_colors_info=&#8221;{}&#8221;][et_pb_column type=&#8221;4_4&#8243; _builder_version=&#8221;4.10.8&#8243; _module_preset=&#8221;default&#8221; global_colors_info=&#8221;{}&#8221;][et_pb_text _builder_version=&#8221;4.13.0&#8243; _module_preset=&#8221;default&#8221; text_font_size=&#8221;16px&#8221; header_font=&#8221;|700||on|||||&#8221; header_text_align=&#8221;center&#8221; header_text_color=&#8221;#a31c27&#8243; header_2_font=&#8221;|700||on|||||&#8221; header_2_text_align=&#8221;center&#8221; header_2_text_color=&#8221;#a31c27&#8243; header_2_font_size=&#8221;30px&#8221; header_2_line_height=&#8221;1.2em&#8221; background_color=&#8221;RGBA(0,0,0,0)&#8221; z_index=&#8221;500&#8243; width=&#8221;80%&#8221; module_alignment=&#8221;center&#8221; sticky_limit_bottom=&#8221;body&#8221; global_colors_info=&#8221;{}&#8221;]<\/p>\n<h2>THE PRESENTATION EVENT THAT AWAKENED A NEW SENSE IN THE WORLD<\/h2>\n<p>[\/et_pb_text][et_pb_text _builder_version=&#8221;4.13.0&#8243; _module_preset=&#8221;default&#8221; text_font_size=&#8221;16px&#8221; header_font=&#8221;|700||on|||||&#8221; header_text_color=&#8221;#a31c27&#8243; header_2_font=&#8221;|700||on|||||&#8221; header_2_text_color=&#8221;#a31c27&#8243; header_2_font_size=&#8221;30px&#8221; background_color=&#8221;RGBA(0,0,0,0)&#8221; z_index=&#8221;500&#8243; sticky_limit_bottom=&#8221;body&#8221; global_colors_info=&#8221;{}&#8221;]<\/p>\n<p><strong>6 October 2021<\/strong> marked the <strong>World Presentation Event of the most important campaign launched by the Ib\u00e9rico sector<\/strong> in its history: <strong>\u201cJamones Ib\u00e9ricos from Spain, Ambassadors for Europe in the world. Awaken your Ib\u00e9rico Sense.\u201d<\/strong><\/p>\n<p>The event, held in the auditorium of the Casa de Am\u00e9rica in Madrid and hosted by the presenter and journalist Alba Lago, was attended by the <strong>Minister of Agriculture, Fisheries and Food, Luis Planas<\/strong>, together with <strong>Antonio Prieto, President of ASICI<\/strong>, and the <strong>chef ambassadors of the campaign<\/strong>: from Spain, <strong>Mario Sandoval<\/strong>; from Germany, <strong>Christian Sturm-Willms<\/strong>; from France, <strong>Amandine Chaignot<\/strong>; from Mexico, <strong>Carlos Gayt\u00e1n<\/strong>; and from China, <strong>Vicky Cheng<\/strong>.<\/p>\n<p>Within the framework of this innovative global project, a series of strategic, ground-breaking and impressive measures will be used to encourage the whole world to awaken its \u201cSentido Ib\u00e9rico\u201d and enjoy the unmistakable flavour of this iconic food. The initiative aims to win over <strong>more than 300 million consumers and professionals across 5 countries and 3 continents: Spain, France, Germany, Mexico and China.<\/strong><\/p>\n<p>To embrace our Ib\u00e9rico side, the Jam\u00f3n Ib\u00e9rico chef ambassadors, authentic international references in haute cuisine, showcased <strong>avant-garde dishes with Jam\u00f3n Ib\u00e9rico as the most important main ingredient. These exclusive proposals will be integrated into the menus of their popular restaurants.<\/strong><\/p>\n<p>All this makes enjoying Jam\u00f3n Ib\u00e9rico a sensory experience. The more you try it, the more you bring out your own Sentido Ib\u00e9rico.<\/p>\n<p>[\/et_pb_text][\/et_pb_column][\/et_pb_row][et_pb_row column_structure=&#8221;1_4,1_4,1_4,1_4&#8243; use_custom_gutter=&#8221;on&#8221; gutter_width=&#8221;2&#8243; _builder_version=&#8221;4.13.0&#8243; _module_preset=&#8221;default&#8221; global_colors_info=&#8221;{}&#8221;][et_pb_column type=&#8221;1_4&#8243; _builder_version=&#8221;4.13.0&#8243; _module_preset=&#8221;default&#8221; global_colors_info=&#8221;{}&#8221;][et_pb_image src=&#8221;https:\/\/jamonesibericoseu.eu\/wp-content\/uploads\/2022\/01\/presentacion_01.jpg&#8221; title_text=&#8221;presentacion_01&#8243; _builder_version=&#8221;4.13.0&#8243; _module_preset=&#8221;default&#8221; global_colors_info=&#8221;{}&#8221;][\/et_pb_image][et_pb_image src=&#8221;https:\/\/jamonesibericoseu.eu\/wp-content\/uploads\/2022\/01\/presentacion_05.jpg&#8221; title_text=&#8221;presentacion_05&#8243; _builder_version=&#8221;4.13.0&#8243; _module_preset=&#8221;default&#8221; global_colors_info=&#8221;{}&#8221;][\/et_pb_image][\/et_pb_column][et_pb_column type=&#8221;1_4&#8243; _builder_version=&#8221;4.13.0&#8243; _module_preset=&#8221;default&#8221; global_colors_info=&#8221;{}&#8221;][et_pb_image src=&#8221;https:\/\/jamonesibericoseu.eu\/wp-content\/uploads\/2022\/01\/presentacion_02.jpg&#8221; title_text=&#8221;presentacion_02&#8243; _builder_version=&#8221;4.13.0&#8243; _module_preset=&#8221;default&#8221; global_colors_info=&#8221;{}&#8221;][\/et_pb_image][et_pb_image src=&#8221;https:\/\/jamonesibericoseu.eu\/wp-content\/uploads\/2022\/01\/presentacion_06.jpg&#8221; title_text=&#8221;presentacion_06&#8243; _builder_version=&#8221;4.13.0&#8243; _module_preset=&#8221;default&#8221; global_colors_info=&#8221;{}&#8221;][\/et_pb_image][\/et_pb_column][et_pb_column type=&#8221;1_4&#8243; _builder_version=&#8221;4.13.0&#8243; _module_preset=&#8221;default&#8221; global_colors_info=&#8221;{}&#8221;][et_pb_image src=&#8221;https:\/\/jamonesibericoseu.eu\/wp-content\/uploads\/2022\/01\/presentacion_03.jpg&#8221; title_text=&#8221;presentacion_03&#8243; _builder_version=&#8221;4.13.0&#8243; _module_preset=&#8221;default&#8221; global_colors_info=&#8221;{}&#8221;][\/et_pb_image][et_pb_image src=&#8221;https:\/\/jamonesibericoseu.eu\/wp-content\/uploads\/2022\/01\/presentacion_07.jpg&#8221; title_text=&#8221;presentacion_07&#8243; _builder_version=&#8221;4.13.0&#8243; _module_preset=&#8221;default&#8221; global_colors_info=&#8221;{}&#8221;][\/et_pb_image][\/et_pb_column][et_pb_column type=&#8221;1_4&#8243; _builder_version=&#8221;4.13.0&#8243; _module_preset=&#8221;default&#8221; global_colors_info=&#8221;{}&#8221;][et_pb_image src=&#8221;https:\/\/jamonesibericoseu.eu\/wp-content\/uploads\/2022\/01\/presentacion_04.jpg&#8221; title_text=&#8221;presentacion_04&#8243; _builder_version=&#8221;4.13.0&#8243; _module_preset=&#8221;default&#8221; global_colors_info=&#8221;{}&#8221;][\/et_pb_image][et_pb_image src=&#8221;https:\/\/jamonesibericoseu.eu\/wp-content\/uploads\/2022\/01\/presentacion_08.jpg&#8221; title_text=&#8221;presentacion_08&#8243; _builder_version=&#8221;4.13.0&#8243; _module_preset=&#8221;default&#8221; global_colors_info=&#8221;{}&#8221;][\/et_pb_image][\/et_pb_column][\/et_pb_row][et_pb_row _builder_version=&#8221;4.13.0&#8243; _module_preset=&#8221;default&#8221; global_colors_info=&#8221;{}&#8221;][et_pb_column type=&#8221;4_4&#8243; _builder_version=&#8221;4.13.0&#8243; _module_preset=&#8221;default&#8221; global_colors_info=&#8221;{}&#8221;][et_pb_text _builder_version=&#8221;4.13.0&#8243; _module_preset=&#8221;default&#8221; width=&#8221;60%&#8221; module_alignment=&#8221;center&#8221; hover_enabled=&#8221;0&#8243; global_colors_info=&#8221;{}&#8221; sticky_enabled=&#8221;0&#8243;]<a class=\"vp-a vp-dr\" href=\"https:\/\/youtu.be\/VRgXnCd_YL4\" rel=\"nofollow\" data-width=\"1920\" data-height=\"1080\" data-dwrap=\"1\" data-controls=\"1\" data-iv=\"1\"><img decoding=\"async\" class=\"vp-img\" src=\"https:\/\/jamonesibericoseu.eu\/wp-content\/uploads\/2022\/01\/video_play_presentacion.jpg\"><\/a>[\/et_pb_text][\/et_pb_column][\/et_pb_row][\/et_pb_section]<\/p>\n","protected":false},"excerpt":{"rendered":"<p>THE PRESENTATION EVENT THAT AWAKENED A NEW SENSE IN THE WORLD6 October 2021 marked the World Presentation Event of the most important campaign launched by the Ib\u00e9rico sector in its history: \u201cJamones Ib\u00e9ricos from Spain, Ambassadors for Europe in the world. Awaken your Ib\u00e9rico Sense.\u201d The event, held in the auditorium of the Casa de Am\u00e9rica in Madrid and hosted by the presenter and journalist Alba Lago, was attended by the Minister of Agriculture, Fisheries and Food, Luis Planas, together with Antonio Prieto, President of ASICI, and the chef ambassadors of the campaign: from Spain, Mario Sandoval; from Germany, Christian Sturm-Willms; from France, Amandine Chaignot; from Mexico, Carlos Gayt\u00e1n; and from China, Vicky Cheng. Within the framework of this innovative global project, a series of strategic, ground-breaking and impressive measures will be used to encourage the whole world to awaken its \u201cSentido Ib\u00e9rico\u201d and enjoy the unmistakable flavour of this iconic food. The initiative aims to win over more than 300 million consumers and professionals across 5 countries and 3 continents: Spain, France, Germany, Mexico and China. To embrace our Ib\u00e9rico side, the Jam\u00f3n Ib\u00e9rico chef ambassadors, authentic international references in haute cuisine, showcased avant-garde dishes with Jam\u00f3n Ib\u00e9rico as [&hellip;]<\/p>\n","protected":false},"author":1,"featured_media":0,"parent":4281,"menu_order":1,"comment_status":"closed","ping_status":"closed","template":"","meta":{"_et_pb_use_builder":"on","_et_pb_old_content":"","_et_gb_content_width":"","footnotes":""},"class_list":["post-4277","page","type-page","status-publish","hentry"],"_links":{"self":[{"href":"https:\/\/jamonesibericoseu.eu\/en\/wp-json\/wp\/v2\/pages\/4277","targetHints":{"allow":["GET"]}}],"collection":[{"href":"https:\/\/jamonesibericoseu.eu\/en\/wp-json\/wp\/v2\/pages"}],"about":[{"href":"https:\/\/jamonesibericoseu.eu\/en\/wp-json\/wp\/v2\/types\/page"}],"author":[{"embeddable":true,"href":"https:\/\/jamonesibericoseu.eu\/en\/wp-json\/wp\/v2\/users\/1"}],"replies":[{"embeddable":true,"href":"https:\/\/jamonesibericoseu.eu\/en\/wp-json\/wp\/v2\/comments?post=4277"}],"version-history":[{"count":5,"href":"https:\/\/jamonesibericoseu.eu\/en\/wp-json\/wp\/v2\/pages\/4277\/revisions"}],"predecessor-version":[{"id":4328,"href":"https:\/\/jamonesibericoseu.eu\/en\/wp-json\/wp\/v2\/pages\/4277\/revisions\/4328"}],"up":[{"embeddable":true,"href":"https:\/\/jamonesibericoseu.eu\/en\/wp-json\/wp\/v2\/pages\/4281"}],"wp:attachment":[{"href":"https:\/\/jamonesibericoseu.eu\/en\/wp-json\/wp\/v2\/media?parent=4277"}],"curies":[{"name":"wp","href":"https:\/\/api.w.org\/{rel}","templated":true}]}}

<p>[et_pb_section fb_built=&#8221;1&#8243; _builder_version=&#8221;4.10.8&#8243; _module_preset=&#8221;default&#8221; global_colors_info=&#8221;{}&#8221;][et_pb_row _builder_version=&#8221;4.10.8&#8243; _module_preset=&#8221;default&#8221; global_colors_info=&#8221;{}&#8221;][et_pb_column type=&#8221;4_4&#8243; _builder_version=&#8221;4.10.8&#8243; _module_preset=&#8221;default&#8221; global_colors_info=&#8221;{}&#8221;][et_pb_text _builder_version=&#8221;4.13.0&#8243; _module_preset=&#8221;default&#8221; text_font_size=&#8221;16px&#8221; header_font=&#8221;|700||on|||||&#8221; header_text_align=&#8221;center&#8221; header_text_color=&#8221;#a31c27&#8243; header_2_font=&#8221;|700||on|||||&#8221; header_2_text_align=&#8221;center&#8221; header_2_text_color=&#8221;#a31c27&#8243; header_2_font_size=&#8221;30px&#8221; header_2_line_height=&#8221;1.2em&#8221; background_color=&#8221;RGBA(0,0,0,0)&#8221; z_index=&#8221;500&#8243; width=&#8221;80%&#8221; module_alignment=&#8221;center&#8221; sticky_limit_bottom=&#8221;body&#8221; global_colors_info=&#8221;{}&#8221;]</p>
<h2>THE PRESENTATION EVENT THAT AWAKENED A NEW SENSE IN THE WORLD</h2>
<p>[/et_pb_text][et_pb_text _builder_version=&#8221;4.13.0&#8243; _module_preset=&#8221;default&#8221; text_font_size=&#8221;16px&#8221; header_font=&#8221;|700||on|||||&#8221; header_text_color=&#8221;#a31c27&#8243; header_2_font=&#8221;|700||on|||||&#8221; header_2_text_color=&#8221;#a31c27&#8243; header_2_font_size=&#8221;30px&#8221; background_color=&#8221;RGBA(0,0,0,0)&#8221; z_index=&#8221;500&#8243; sticky_limit_bottom=&#8221;body&#8221; global_colors_info=&#8221;{}&#8221;]</p>
<p><strong>6 October 2021</strong> marked the <strong>World Presentation Event of the most important campaign launched by the Ibérico sector</strong> in its history: <strong>“Jamones Ibéricos from Spain, Ambassadors for Europe in the world. Awaken your Ibérico Sense.”</strong></p>
<p>The event, held in the auditorium of the Casa de América in Madrid and hosted by the presenter and journalist Alba Lago, was attended by the <strong>Minister of Agriculture, Fisheries and Food, Luis Planas</strong>, together with <strong>Antonio Prieto, President of ASICI</strong>, and the <strong>chef ambassadors of the campaign</strong>: from Spain, <strong>Mario Sandoval</strong>; from Germany, <strong>Christian Sturm-Willms</strong>; from France, <strong>Amandine Chaignot</strong>; from Mexico, <strong>Carlos Gaytán</strong>; and from China, <strong>Vicky Cheng</strong>.</p>
<p>Within the framework of this innovative global project, a series of strategic, ground-breaking and impressive measures will be used to encourage the whole world to awaken its “Sentido Ibérico” and enjoy the unmistakable flavour of this iconic food. The initiative aims to win over <strong>more than 300 million consumers and professionals across 5 countries and 3 continents: Spain, France, Germany, Mexico and China.</strong></p>
<p>To embrace our Ibérico side, the Jamón Ibérico chef ambassadors, authentic international references in haute cuisine, showcased <strong>avant-garde dishes with Jamón Ibérico as the most important main ingredient. These exclusive proposals will be integrated into the menus of their popular restaurants.</strong></p>
<p>All this makes enjoying Jamón Ibérico a sensory experience. The more you try it, the more you bring out your own Sentido Ibérico.</p>
<p>[/et_pb_text][/et_pb_column][/et_pb_row][et_pb_row column_structure=&#8221;1_4,1_4,1_4,1_4&#8243; use_custom_gutter=&#8221;on&#8221; gutter_width=&#8221;2&#8243; _builder_version=&#8221;4.13.0&#8243; _module_preset=&#8221;default&#8221; global_colors_info=&#8221;{}&#8221;][et_pb_column type=&#8221;1_4&#8243; _builder_version=&#8221;4.13.0&#8243; _module_preset=&#8221;default&#8221; global_colors_info=&#8221;{}&#8221;][et_pb_image src=&#8221;https://jamonesibericoseu.eu/wp-content/uploads/2022/01/presentacion_01.jpg&#8221; title_text=&#8221;presentacion_01&#8243; _builder_version=&#8221;4.13.0&#8243; _module_preset=&#8221;default&#8221; global_colors_info=&#8221;{}&#8221;][/et_pb_image][et_pb_image src=&#8221;https://jamonesibericoseu.eu/wp-content/uploads/2022/01/presentacion_05.jpg&#8221; title_text=&#8221;presentacion_05&#8243; _builder_version=&#8221;4.13.0&#8243; _module_preset=&#8221;default&#8221; global_colors_info=&#8221;{}&#8221;][/et_pb_image][/et_pb_column][et_pb_column type=&#8221;1_4&#8243; _builder_version=&#8221;4.13.0&#8243; _module_preset=&#8221;default&#8221; global_colors_info=&#8221;{}&#8221;][et_pb_image src=&#8221;https://jamonesibericoseu.eu/wp-content/uploads/2022/01/presentacion_02.jpg&#8221; title_text=&#8221;presentacion_02&#8243; _builder_version=&#8221;4.13.0&#8243; _module_preset=&#8221;default&#8221; global_colors_info=&#8221;{}&#8221;][/et_pb_image][et_pb_image src=&#8221;https://jamonesibericoseu.eu/wp-content/uploads/2022/01/presentacion_06.jpg&#8221; title_text=&#8221;presentacion_06&#8243; _builder_version=&#8221;4.13.0&#8243; _module_preset=&#8221;default&#8221; global_colors_info=&#8221;{}&#8221;][/et_pb_image][/et_pb_column][et_pb_column type=&#8221;1_4&#8243; _builder_version=&#8221;4.13.0&#8243; _module_preset=&#8221;default&#8221; global_colors_info=&#8221;{}&#8221;][et_pb_image src=&#8221;https://jamonesibericoseu.eu/wp-content/uploads/2022/01/presentacion_03.jpg&#8221; title_text=&#8221;presentacion_03&#8243; _builder_version=&#8221;4.13.0&#8243; _module_preset=&#8221;default&#8221; global_colors_info=&#8221;{}&#8221;][/et_pb_image][et_pb_image src=&#8221;https://jamonesibericoseu.eu/wp-content/uploads/2022/01/presentacion_07.jpg&#8221; title_text=&#8221;presentacion_07&#8243; _builder_version=&#8221;4.13.0&#8243; _module_preset=&#8221;default&#8221; global_colors_info=&#8221;{}&#8221;][/et_pb_image][/et_pb_column][et_pb_column type=&#8221;1_4&#8243; _builder_version=&#8221;4.13.0&#8243; _module_preset=&#8221;default&#8221; global_colors_info=&#8221;{}&#8221;][et_pb_image src=&#8221;https://jamonesibericoseu.eu/wp-content/uploads/2022/01/presentacion_04.jpg&#8221; title_text=&#8221;presentacion_04&#8243; _builder_version=&#8221;4.13.0&#8243; _module_preset=&#8221;default&#8221; global_colors_info=&#8221;{}&#8221;][/et_pb_image][et_pb_image src=&#8221;https://jamonesibericoseu.eu/wp-content/uploads/2022/01/presentacion_08.jpg&#8221; title_text=&#8221;presentacion_08&#8243; _builder_version=&#8221;4.13.0&#8243; _module_preset=&#8221;default&#8221; global_colors_info=&#8221;{}&#8221;][/et_pb_image][/et_pb_column][/et_pb_row][et_pb_row _builder_version=&#8221;4.13.0&#8243; _module_preset=&#8221;default&#8221; global_colors_info=&#8221;{}&#8221;][et_pb_column type=&#8221;4_4&#8243; _builder_version=&#8221;4.13.0&#8243; _module_preset=&#8221;default&#8221; global_colors_info=&#8221;{}&#8221;][et_pb_text _builder_version=&#8221;4.13.0&#8243; _module_preset=&#8221;default&#8221; width=&#8221;60%&#8221; module_alignment=&#8221;center&#8221; hover_enabled=&#8221;0&#8243; global_colors_info=&#8221;{}&#8221; sticky_enabled=&#8221;0&#8243;]<a class="vp-a vp-dr" href="https://youtu.be/VRgXnCd_YL4" rel="nofollow" data-width="1920" data-height="1080" data-dwrap="1" data-controls="1" data-iv="1"><img decoding="async" class="vp-img" src="https://jamonesibericoseu.eu/wp-content/uploads/2022/01/video_play_presentacion.jpg"></a>[/et_pb_text][/et_pb_column][/et_pb_row][/et_pb_section]</p>

<p>THE PRESENTATION EVENT THAT AWAKENED A NEW SENSE IN THE WORLD6 October 2021 marked the World Presentation Event of the most important campaign launched by the Ibérico sector in its history: “Jamones Ibéricos from Spain, Ambassadors for Europe in the world. Awaken your Ibérico Sense.” The event, held in the auditorium of the Casa de América in Madrid and hosted by the presenter and journalist Alba Lago, was attended by the Minister of Agriculture, Fisheries and Food, Luis Planas, together with Antonio Prieto, President of ASICI, and the chef ambassadors of the campaign: from Spain, Mario Sandoval; from Germany, Christian Sturm-Willms; from France, Amandine Chaignot; from Mexico, Carlos Gaytán; and from China, Vicky Cheng. Within the framework of this innovative global project, a series of strategic, ground-breaking and impressive measures will be used to encourage the whole world to awaken its “Sentido Ibérico” and enjoy the unmistakable flavour of this iconic food. The initiative aims to win over more than 300 million consumers and professionals across 5 countries and 3 continents: Spain, France, Germany, Mexico and China. To embrace our Ibérico side, the Jamón Ibérico chef ambassadors, authentic international references in haute cuisine, showcased avant-garde dishes with Jamón Ibérico as [&hellip;]</p>
