{"id":8820,"date":"2024-03-20T15:01:22","date_gmt":"2024-03-20T15:01:22","guid":{"rendered":"https:\/\/jamonesibericoseu.eu\/veranstaltungen\/showcooking-international\/"},"modified":"2024-03-20T15:02:21","modified_gmt":"2024-03-20T15:02:21","slug":"showcooking-international","status":"publish","type":"page","link":"https:\/\/jamonesibericoseu.eu\/de\/veranstaltungen\/showcooking-international\/","title":{"rendered":"Showcooking International"},"content":{"rendered":"<p>[et_pb_section fb_built=&#8220;1&#8243; _builder_version=&#8220;4.16&#8243; _module_preset=&#8220;default&#8220; global_colors_info=&#8220;{}&#8220;][et_pb_row _builder_version=&#8220;4.16&#8243; _module_preset=&#8220;default&#8220; global_colors_info=&#8220;{}&#8220;][et_pb_column type=&#8220;4_4&#8243; _builder_version=&#8220;4.16&#8243; _module_preset=&#8220;default&#8220; global_colors_info=&#8220;{}&#8220;][et_pb_text _builder_version=&#8220;4.24.2&#8243; _module_preset=&#8220;default&#8220; text_font_size=&#8220;16px&#8220; header_font=&#8220;|700||on|||||&#8220; header_text_align=&#8220;center&#8220; header_text_color=&#8220;#a31c27&#8243; header_2_font=&#8220;|700||on|||||&#8220; header_2_text_align=&#8220;center&#8220; header_2_text_color=&#8220;#a31c27&#8243; header_2_font_size=&#8220;30px&#8220; header_2_line_height=&#8220;1.2em&#8220; background_color=&#8220;RGBA(0,0,0,0)&#8220; z_index=&#8220;500&#8243; width=&#8220;80%&#8220; module_alignment=&#8220;center&#8220; sticky_limit_bottom=&#8220;body&#8220; global_colors_info=&#8220;{}&#8220;]<\/p>\n<h2>SHOWCOOKING INTERNATIONAL<\/h2>\n<p>[\/et_pb_text][et_pb_text _builder_version=&#8220;4.24.2&#8243; _module_preset=&#8220;default&#8220; text_font_size=&#8220;16px&#8220; header_font=&#8220;|700||on|||||&#8220; header_text_color=&#8220;#a31c27&#8243; header_2_font=&#8220;|700||on|||||&#8220; header_2_text_color=&#8220;#a31c27&#8243; header_2_font_size=&#8220;30px&#8220; background_color=&#8220;RGBA(0,0,0,0)&#8220; z_index=&#8220;500&#8243; sticky_limit_bottom=&#8220;body&#8220; hover_enabled=&#8220;0&#8243; global_colors_info=&#8220;{}&#8220; sticky_enabled=&#8220;0&#8243;]<\/p>\n<p>Am\u00a0<strong>1. M\u00e4rz wurde Sevilla<\/strong>\u00a0zur Welthauptstadt der Haute Cuisine und des <strong>Jam\u00f3n Ib\u00e9rico<\/strong>. Bei einer einzigartigen Veranstaltung arbeiteten<strong> 18 international renommierte K\u00f6che aus so unterschiedlichen L\u00e4ndern wie Frankreich, Deutschland, Mexiko und China sowie Spanien<\/strong> zusammen, um ihrer Phantasie freien Lauf zu lassen und das <strong>originellste und k\u00f6stlichste Rezept mit Jam\u00f3n Ib\u00e9rico<\/strong> als einer der Hauptzutaten <strong>zu kreieren<\/strong>. Ein Treffen, bei dem unser internationalstes Produkt zum Protagonisten von 12 kulinarischen Vorschl\u00e4gen wurde, die diese 5 L\u00e4nder wie auch 5 verschiedene Arten, eines der weltweit beliebtesten Lebensmittel zu interpretieren: Jam\u00f3n Ib\u00e9rico.<\/p>\n<p>M\u00f6chten Sie mehr erfahren? Dann verpassen Sie nicht die Zusammenfassung dieses aufregenden Tages!<\/p>\n<p>[\/et_pb_text][\/et_pb_column][\/et_pb_row][et_pb_row _builder_version=&#8220;4.16&#8243; _module_preset=&#8220;default&#8220; global_colors_info=&#8220;{}&#8220;][et_pb_column type=&#8220;4_4&#8243; _builder_version=&#8220;4.16&#8243; _module_preset=&#8220;default&#8220; global_colors_info=&#8220;{}&#8220;][et_pb_text _builder_version=&#8220;4.24.2&#8243; _module_preset=&#8220;default&#8220; width=&#8220;90%&#8220; module_alignment=&#8220;center&#8220; global_colors_info=&#8220;{}&#8220;]<\/p>\n<a class=\"vp-a vp-dr\" href=\"https:\/\/youtu.be\/N7MhRMPteyc\" rel=\"nofollow\" data-width=\"1920\" data-height=\"1080\" data-dwrap=\"1\" data-controls=\"1\" data-iv=\"1\"><img decoding=\"async\" class=\"vp-img\" src=\"https:\/\/jamonesibericoseu.eu\/wp-content\/uploads\/2024\/03\/portada_showcooking_internacional.jpg\"><\/a>\n<p>[\/et_pb_text][\/et_pb_column][\/et_pb_row][et_pb_row use_custom_gutter=&#8220;on&#8220; gutter_width=&#8220;2&#8243; _builder_version=&#8220;4.16&#8243; _module_preset=&#8220;default&#8220; global_colors_info=&#8220;{}&#8220;][et_pb_column type=&#8220;4_4&#8243; _builder_version=&#8220;4.16&#8243; _module_preset=&#8220;default&#8220; global_colors_info=&#8220;{}&#8220;][et_pb_gallery gallery_ids=&#8220;8671,8675,8679,8683,8687,8691,8695,8699,8703,8707,8711,8715&#8243; posts_number=&#8220;150&#8243; show_title_and_caption=&#8220;off&#8220; show_pagination=&#8220;off&#8220; _builder_version=&#8220;4.24.2&#8243; _module_preset=&#8220;default&#8220; global_colors_info=&#8220;{}&#8220;][\/et_pb_gallery][\/et_pb_column][\/et_pb_row][\/et_pb_section]<\/p>\n","protected":false},"excerpt":{"rendered":"<p>SHOWCOOKING INTERNATIONALAm\u00a01. M\u00e4rz wurde Sevilla\u00a0zur Welthauptstadt der Haute Cuisine und des Jam\u00f3n Ib\u00e9rico. Bei einer einzigartigen Veranstaltung arbeiteten 18 international renommierte K\u00f6che aus so unterschiedlichen L\u00e4ndern wie Frankreich, Deutschland, Mexiko und China sowie Spanien zusammen, um ihrer Phantasie freien Lauf zu lassen und das originellste und k\u00f6stlichste Rezept mit Jam\u00f3n Ib\u00e9rico als einer der Hauptzutaten zu kreieren. Ein Treffen, bei dem unser internationalstes Produkt zum Protagonisten von 12 kulinarischen Vorschl\u00e4gen wurde, die diese 5 L\u00e4nder wie auch 5 verschiedene Arten, eines der weltweit beliebtesten Lebensmittel zu interpretieren: Jam\u00f3n Ib\u00e9rico. M\u00f6chten Sie mehr erfahren? Dann verpassen Sie nicht die Zusammenfassung dieses aufregenden Tages!<a class=\"vp-a vp-dr\" href=\"https:\/\/youtu.be\/N7MhRMPteyc\" rel=\"nofollow\" data-width=\"1920\" data-height=\"1080\" data-dwrap=\"1\" data-controls=\"1\" data-iv=\"1\"><img decoding=\"async\" class=\"vp-img\" src=\"https:\/\/jamonesibericoseu.eu\/wp-content\/uploads\/2024\/03\/portada_showcooking_internacional.jpg\"><\/a><\/p>\n","protected":false},"author":1,"featured_media":0,"parent":4338,"menu_order":1,"comment_status":"closed","ping_status":"closed","template":"","meta":{"_et_pb_use_builder":"on","_et_pb_old_content":"","_et_gb_content_width":"","footnotes":""},"class_list":["post-8820","page","type-page","status-publish","hentry"],"_links":{"self":[{"href":"https:\/\/jamonesibericoseu.eu\/de\/wp-json\/wp\/v2\/pages\/8820","targetHints":{"allow":["GET"]}}],"collection":[{"href":"https:\/\/jamonesibericoseu.eu\/de\/wp-json\/wp\/v2\/pages"}],"about":[{"href":"https:\/\/jamonesibericoseu.eu\/de\/wp-json\/wp\/v2\/types\/page"}],"author":[{"embeddable":true,"href":"https:\/\/jamonesibericoseu.eu\/de\/wp-json\/wp\/v2\/users\/1"}],"replies":[{"embeddable":true,"href":"https:\/\/jamonesibericoseu.eu\/de\/wp-json\/wp\/v2\/comments?post=8820"}],"version-history":[{"count":5,"href":"https:\/\/jamonesibericoseu.eu\/de\/wp-json\/wp\/v2\/pages\/8820\/revisions"}],"predecessor-version":[{"id":8825,"href":"https:\/\/jamonesibericoseu.eu\/de\/wp-json\/wp\/v2\/pages\/8820\/revisions\/8825"}],"up":[{"embeddable":true,"href":"https:\/\/jamonesibericoseu.eu\/de\/wp-json\/wp\/v2\/pages\/4338"}],"wp:attachment":[{"href":"https:\/\/jamonesibericoseu.eu\/de\/wp-json\/wp\/v2\/media?parent=8820"}],"curies":[{"name":"wp","href":"https:\/\/api.w.org\/{rel}","templated":true}]}}

<p>[et_pb_section fb_built=&#8220;1&#8243; _builder_version=&#8220;4.16&#8243; _module_preset=&#8220;default&#8220; global_colors_info=&#8220;{}&#8220;][et_pb_row _builder_version=&#8220;4.16&#8243; _module_preset=&#8220;default&#8220; global_colors_info=&#8220;{}&#8220;][et_pb_column type=&#8220;4_4&#8243; _builder_version=&#8220;4.16&#8243; _module_preset=&#8220;default&#8220; global_colors_info=&#8220;{}&#8220;][et_pb_text _builder_version=&#8220;4.24.2&#8243; _module_preset=&#8220;default&#8220; text_font_size=&#8220;16px&#8220; header_font=&#8220;|700||on|||||&#8220; header_text_align=&#8220;center&#8220; header_text_color=&#8220;#a31c27&#8243; header_2_font=&#8220;|700||on|||||&#8220; header_2_text_align=&#8220;center&#8220; header_2_text_color=&#8220;#a31c27&#8243; header_2_font_size=&#8220;30px&#8220; header_2_line_height=&#8220;1.2em&#8220; background_color=&#8220;RGBA(0,0,0,0)&#8220; z_index=&#8220;500&#8243; width=&#8220;80%&#8220; module_alignment=&#8220;center&#8220; sticky_limit_bottom=&#8220;body&#8220; global_colors_info=&#8220;{}&#8220;]</p>
<h2>SHOWCOOKING INTERNATIONAL</h2>
<p>[/et_pb_text][et_pb_text _builder_version=&#8220;4.24.2&#8243; _module_preset=&#8220;default&#8220; text_font_size=&#8220;16px&#8220; header_font=&#8220;|700||on|||||&#8220; header_text_color=&#8220;#a31c27&#8243; header_2_font=&#8220;|700||on|||||&#8220; header_2_text_color=&#8220;#a31c27&#8243; header_2_font_size=&#8220;30px&#8220; background_color=&#8220;RGBA(0,0,0,0)&#8220; z_index=&#8220;500&#8243; sticky_limit_bottom=&#8220;body&#8220; hover_enabled=&#8220;0&#8243; global_colors_info=&#8220;{}&#8220; sticky_enabled=&#8220;0&#8243;]</p>
<p>Am <strong>1. März wurde Sevilla</strong> zur Welthauptstadt der Haute Cuisine und des <strong>Jamón Ibérico</strong>. Bei einer einzigartigen Veranstaltung arbeiteten<strong> 18 international renommierte Köche aus so unterschiedlichen Ländern wie Frankreich, Deutschland, Mexiko und China sowie Spanien</strong> zusammen, um ihrer Phantasie freien Lauf zu lassen und das <strong>originellste und köstlichste Rezept mit Jamón Ibérico</strong> als einer der Hauptzutaten <strong>zu kreieren</strong>. Ein Treffen, bei dem unser internationalstes Produkt zum Protagonisten von 12 kulinarischen Vorschlägen wurde, die diese 5 Länder wie auch 5 verschiedene Arten, eines der weltweit beliebtesten Lebensmittel zu interpretieren: Jamón Ibérico.</p>
<p>Möchten Sie mehr erfahren? Dann verpassen Sie nicht die Zusammenfassung dieses aufregenden Tages!</p>
<p>[/et_pb_text][/et_pb_column][/et_pb_row][et_pb_row _builder_version=&#8220;4.16&#8243; _module_preset=&#8220;default&#8220; global_colors_info=&#8220;{}&#8220;][et_pb_column type=&#8220;4_4&#8243; _builder_version=&#8220;4.16&#8243; _module_preset=&#8220;default&#8220; global_colors_info=&#8220;{}&#8220;][et_pb_text _builder_version=&#8220;4.24.2&#8243; _module_preset=&#8220;default&#8220; width=&#8220;90%&#8220; module_alignment=&#8220;center&#8220; global_colors_info=&#8220;{}&#8220;]</p>
<a class="vp-a vp-dr" href="https://youtu.be/N7MhRMPteyc" rel="nofollow" data-width="1920" data-height="1080" data-dwrap="1" data-controls="1" data-iv="1"><img decoding="async" class="vp-img" src="https://jamonesibericoseu.eu/wp-content/uploads/2024/03/portada_showcooking_internacional.jpg"></a>
<p>[/et_pb_text][/et_pb_column][/et_pb_row][et_pb_row use_custom_gutter=&#8220;on&#8220; gutter_width=&#8220;2&#8243; _builder_version=&#8220;4.16&#8243; _module_preset=&#8220;default&#8220; global_colors_info=&#8220;{}&#8220;][et_pb_column type=&#8220;4_4&#8243; _builder_version=&#8220;4.16&#8243; _module_preset=&#8220;default&#8220; global_colors_info=&#8220;{}&#8220;][et_pb_gallery gallery_ids=&#8220;8671,8675,8679,8683,8687,8691,8695,8699,8703,8707,8711,8715&#8243; posts_number=&#8220;150&#8243; show_title_and_caption=&#8220;off&#8220; show_pagination=&#8220;off&#8220; _builder_version=&#8220;4.24.2&#8243; _module_preset=&#8220;default&#8220; global_colors_info=&#8220;{}&#8220;][/et_pb_gallery][/et_pb_column][/et_pb_row][/et_pb_section]</p>

<p>SHOWCOOKING INTERNATIONALAm 1. März wurde Sevilla zur Welthauptstadt der Haute Cuisine und des Jamón Ibérico. Bei einer einzigartigen Veranstaltung arbeiteten 18 international renommierte Köche aus so unterschiedlichen Ländern wie Frankreich, Deutschland, Mexiko und China sowie Spanien zusammen, um ihrer Phantasie freien Lauf zu lassen und das originellste und köstlichste Rezept mit Jamón Ibérico als einer der Hauptzutaten zu kreieren. Ein Treffen, bei dem unser internationalstes Produkt zum Protagonisten von 12 kulinarischen Vorschlägen wurde, die diese 5 Länder wie auch 5 verschiedene Arten, eines der weltweit beliebtesten Lebensmittel zu interpretieren: Jamón Ibérico. Möchten Sie mehr erfahren? Dann verpassen Sie nicht die Zusammenfassung dieses aufregenden Tages!<a class="vp-a vp-dr" href="https://youtu.be/N7MhRMPteyc" rel="nofollow" data-width="1920" data-height="1080" data-dwrap="1" data-controls="1" data-iv="1"><img decoding="async" class="vp-img" src="https://jamonesibericoseu.eu/wp-content/uploads/2024/03/portada_showcooking_internacional.jpg"></a></p>
