{"id":8242,"date":"2024-02-26T10:13:59","date_gmt":"2024-02-26T10:13:59","guid":{"rendered":"https:\/\/jamonesibericoseu.eu\/?page_id=8242"},"modified":"2024-03-18T14:24:28","modified_gmt":"2024-03-18T14:24:28","slug":"mert-arman-gewinner-der-3-ausgabe-des-internationalen-schneidwettbewerbs-von-jamones-ibericos-aus-spanien-botschafter-europas-in-der-welt","status":"publish","type":"page","link":"https:\/\/jamonesibericoseu.eu\/de\/veranstaltungen\/mert-arman-gewinner-der-3-ausgabe-des-internationalen-schneidwettbewerbs-von-jamones-ibericos-aus-spanien-botschafter-europas-in-der-welt\/","title":{"rendered":"Mert Arman \u2013 Gewinner der 3. Ausgabe des internationalen Schneidwettbewerbs von \u201eJamones Ib\u00e9ricos aus Spanien, Botschafter Europas in der Welt\u201c"},"content":{"rendered":"<p>[et_pb_section fb_built=&#8220;1&#8243; _builder_version=&#8220;4.16&#8243; _module_preset=&#8220;default&#8220; global_colors_info=&#8220;{}&#8220;][et_pb_row _builder_version=&#8220;4.16&#8243; _module_preset=&#8220;default&#8220; global_colors_info=&#8220;{}&#8220;][et_pb_column type=&#8220;4_4&#8243; _builder_version=&#8220;4.16&#8243; _module_preset=&#8220;default&#8220; global_colors_info=&#8220;{}&#8220;][et_pb_text _builder_version=&#8220;4.16&#8243; _module_preset=&#8220;default&#8220; text_font_size=&#8220;16px&#8220; header_font=&#8220;|700||on|||||&#8220; header_text_align=&#8220;center&#8220; header_text_color=&#8220;#a31c27&#8243; header_2_font=&#8220;|700||on|||||&#8220; header_2_text_align=&#8220;center&#8220; header_2_text_color=&#8220;#a31c27&#8243; header_2_font_size=&#8220;30px&#8220; header_2_line_height=&#8220;1.2em&#8220; background_color=&#8220;RGBA(0,0,0,0)&#8220; z_index=&#8220;500&#8243; width=&#8220;80%&#8220; module_alignment=&#8220;center&#8220; sticky_limit_bottom=&#8220;body&#8220; global_colors_info=&#8220;{}&#8220;]<\/p>\n<h2>MERT ARMAN \u2013 GEWINNER DER 3. AUSGABE DES INTERNATIONALEN SCHNEIDWETTBEWERBS VON \u201eJAMONES IB\u00c9RICOS AUS SPANIEN, BOTSCHAFTER EUROPAS IN DER WELT\u201c<\/h2>\n<p>[\/et_pb_text][et_pb_text _builder_version=&#8220;4.16&#8243; _module_preset=&#8220;default&#8220; text_font_size=&#8220;16px&#8220; header_font=&#8220;|700||on|||||&#8220; header_text_color=&#8220;#a31c27&#8243; header_2_font=&#8220;|700||on|||||&#8220; header_2_text_color=&#8220;#a31c27&#8243; header_2_font_size=&#8220;30px&#8220; background_color=&#8220;RGBA(0,0,0,0)&#8220; z_index=&#8220;500&#8243; sticky_limit_bottom=&#8220;body&#8220; global_colors_info=&#8220;{}&#8220;]<\/p>\n<p>Europa hat den neuen <strong>\u201eBesten Jam\u00f3n-Ib\u00e9rico-Aufschneider\u201c<\/strong> gefunden: Am 15.\u00a0Februar wurde Mert Arman aus Berlin zum Gewinner des in der Brillat-Savarin-Schule in Berlin stattfindenden <strong>Finales der 3.\u00a0Ausgabe des Wettbewerbs im Schneiden von Jam\u00f3n\u00a0Ib\u00e9rico 2024<\/strong> f\u00fcr Sch\u00fcler von Hotelfach- und Gastronomieschulen erkl\u00e4rt. Die vom <strong>Branchenverband f\u00fcr Ib\u00e9rico-Schweine (ASICI)<\/strong> mit Unterst\u00fctzung der EU <strong>im Rahmen<\/strong> der Kampagne <strong>\u201eJamones Ib\u00e9ricos aus Spanien, Botschafter Europas in der Welt\u201c<\/strong> gef\u00f6rderte Veranstaltung soll die F\u00e4higkeiten des professionellen <em>Cortador<\/em> hervorheben und die Kultur des Ib\u00e9rico-Schinkens auf internationaler Ebene verbreiten.<\/p>\n<p>Der deutsche Sch\u00fcler setzte sich gegen andere Sch\u00fcler wie Laura Mu\u00f1oz und Ram\u00f3n Aria von der Hotelfachschule in Sevilla durch, die den zweiten bzw. dritten Preis erhielten. F\u00fcr das Finale hatte die technische Leitung des Wettbewerbs unter dem Vorsitz von <strong>Jes\u00fas P\u00e9rez Aguilar, dem Kommunikationsdirektor von ASICI,<\/strong> anspruchsvolle Anforderungen bez\u00fcglich Schnitt, \u00c4sthetik, Pr\u00e4sentation und Kreativit\u00e4t der Gerichte gestellt, die von den Teilnehmern mehr als zwei Stunden lang meisterhaft umgesetzt wurden.<\/p>\n<p>Erg\u00e4nzt wurde die Expertenjury durch den Sternekoch und Botschafter des Ib\u00e9rico-Schinkens in Deutschland, Christian Sturm-Willms, den deutschen <em>Cortador<\/em> Torsten Habermann und Nicklas Siebecke, Lehrer an der Brillant-Savarin-Schule fu\u0308r das Gastgewerbe in Berlin, welcher die Bedeutung der Ausbildung zur F\u00f6rderung des Ib\u00e9rico-Schinkens hervorhob.<\/p>\n<p>Mit dieser Art von Initiativen m\u00f6chte der Branchenverband das Interesse an dem Produkt wecken sowie das Wissen und die Werte des Ib\u00e9rico-Schinkens insbesondere jungen Menschen n\u00e4herbringen.<\/p>\n<p><strong>Der kr\u00f6nende Abschluss einer dreij\u00e4hrigen exklusiven Ausbildung:<\/strong><\/p>\n<p>Mit dieser Art von Schulungsma\u00dfnahmen beabsichtigte der Branchenverband in jenen drei Jahren nicht nur, die Arbeit des professionellen <em>Cortador<\/em> zu pr\u00e4sentieren und zu f\u00f6rdern sowie die unverwechselbaren und einzigartigen Eigenschaften des Jam\u00f3n Ib\u00e9rico zu vermitteln, sondern auch die besten Schinkenschneider in Europa und der Welt zu entdecken, damit sie selbst mit ihren w\u00e4hrend der Ausbildung erlernten F\u00e4higkeiten und Ans\u00e4tzen die Kultur des Jam\u00f3n Ib\u00e9rico weitergeben k\u00f6nnen.<\/p>\n<p>Hierbei handelt es sich um Schulungsma\u00dfnahmen mit grundlegender Bedeutung f\u00fcr den Sektor, da diese einen wichtigen Beitrag zum Wachstum und zur internationalen Entwicklung der Branche leisten und somit ein unverzichtbares Mittel zur Verbreitung und F\u00f6rderung dieses einzigartigen Gourmetprodukts in Europa und der Welt darstellen.<\/p>\n<p>[\/et_pb_text][\/et_pb_column][\/et_pb_row][et_pb_row use_custom_gutter=&#8220;on&#8220; gutter_width=&#8220;2&#8243; _builder_version=&#8220;4.16&#8243; _module_preset=&#8220;default&#8220; global_colors_info=&#8220;{}&#8220;][et_pb_column type=&#8220;4_4&#8243; _builder_version=&#8220;4.16&#8243; _module_preset=&#8220;default&#8220; global_colors_info=&#8220;{}&#8220;][et_pb_text _builder_version=&#8220;4.16&#8243; _module_preset=&#8220;default&#8220; global_colors_info=&#8220;{}&#8220;]<a class=\"vp-a vp-dr\" href=\"https:\/\/youtu.be\/mH-nLvBGBa0\" rel=\"nofollow\" data-width=\"1920\" data-height=\"1080\" data-dwrap=\"1\" data-iv=\"1\"><img decoding=\"async\" class=\"vp-img\" src=\"https:\/\/jamonesibericoseu.eu\/wp-content\/uploads\/2024\/02\/video-europa-hat-seinen.jpg\"><\/a>[\/et_pb_text][\/et_pb_column][\/et_pb_row][et_pb_row _builder_version=&#8220;4.24.2&#8243; _module_preset=&#8220;default&#8220;][et_pb_column _builder_version=&#8220;4.24.2&#8243; _module_preset=&#8220;default&#8220; type=&#8220;4_4&#8243;][et_pb_gallery _builder_version=&#8220;4.24.2&#8243; _module_preset=&#8220;default&#8220; show_title_and_caption=&#8220;off&#8220; show_pagination=&#8220;off&#8220; posts_number=&#8220;100&#8243; gallery_ids=&#8220;8740,8744,8748,8752,8756,8760,8764,8768,8772,8776,8780,8784,8788,8792,8796&#8243; hover_enabled=&#8220;0&#8243; sticky_enabled=&#8220;0&#8243;][\/et_pb_gallery][\/et_pb_column][\/et_pb_row][\/et_pb_section]<\/p>\n","protected":false},"excerpt":{"rendered":"<p>MERT ARMAN \u2013 GEWINNER DER 3. AUSGABE DES INTERNATIONALEN SCHNEIDWETTBEWERBS VON \u201eJAMONES IB\u00c9RICOS AUS SPANIEN, BOTSCHAFTER EUROPAS IN DER WELT\u201cEuropa hat den neuen \u201eBesten Jam\u00f3n-Ib\u00e9rico-Aufschneider\u201c gefunden: Am 15.\u00a0Februar wurde Mert Arman aus Berlin zum Gewinner des in der Brillat-Savarin-Schule in Berlin stattfindenden Finales der 3.\u00a0Ausgabe des Wettbewerbs im Schneiden von Jam\u00f3n\u00a0Ib\u00e9rico 2024 f\u00fcr Sch\u00fcler von Hotelfach- und Gastronomieschulen erkl\u00e4rt. Die vom Branchenverband f\u00fcr Ib\u00e9rico-Schweine (ASICI) mit Unterst\u00fctzung der EU im Rahmen der Kampagne \u201eJamones Ib\u00e9ricos aus Spanien, Botschafter Europas in der Welt\u201c gef\u00f6rderte Veranstaltung soll die F\u00e4higkeiten des professionellen Cortador hervorheben und die Kultur des Ib\u00e9rico-Schinkens auf internationaler Ebene verbreiten. Der deutsche Sch\u00fcler setzte sich gegen andere Sch\u00fcler wie Laura Mu\u00f1oz und Ram\u00f3n Aria von der Hotelfachschule in Sevilla durch, die den zweiten bzw. dritten Preis erhielten. F\u00fcr das Finale hatte die technische Leitung des Wettbewerbs unter dem Vorsitz von Jes\u00fas P\u00e9rez Aguilar, dem Kommunikationsdirektor von ASICI, anspruchsvolle Anforderungen bez\u00fcglich Schnitt, \u00c4sthetik, Pr\u00e4sentation und Kreativit\u00e4t der Gerichte gestellt, die von den Teilnehmern mehr als zwei Stunden lang meisterhaft umgesetzt wurden. Erg\u00e4nzt wurde die Expertenjury durch den Sternekoch und Botschafter des Ib\u00e9rico-Schinkens in Deutschland, Christian Sturm-Willms, den deutschen Cortador Torsten Habermann und Nicklas Siebecke, Lehrer an der Brillant-Savarin-Schule fu\u0308r das Gastgewerbe [&hellip;]<\/p>\n","protected":false},"author":1,"featured_media":0,"parent":4338,"menu_order":1,"comment_status":"closed","ping_status":"closed","template":"","meta":{"_et_pb_use_builder":"on","_et_pb_old_content":"","_et_gb_content_width":"","footnotes":""},"class_list":["post-8242","page","type-page","status-publish","hentry"],"_links":{"self":[{"href":"https:\/\/jamonesibericoseu.eu\/de\/wp-json\/wp\/v2\/pages\/8242","targetHints":{"allow":["GET"]}}],"collection":[{"href":"https:\/\/jamonesibericoseu.eu\/de\/wp-json\/wp\/v2\/pages"}],"about":[{"href":"https:\/\/jamonesibericoseu.eu\/de\/wp-json\/wp\/v2\/types\/page"}],"author":[{"embeddable":true,"href":"https:\/\/jamonesibericoseu.eu\/de\/wp-json\/wp\/v2\/users\/1"}],"replies":[{"embeddable":true,"href":"https:\/\/jamonesibericoseu.eu\/de\/wp-json\/wp\/v2\/comments?post=8242"}],"version-history":[{"count":5,"href":"https:\/\/jamonesibericoseu.eu\/de\/wp-json\/wp\/v2\/pages\/8242\/revisions"}],"predecessor-version":[{"id":8800,"href":"https:\/\/jamonesibericoseu.eu\/de\/wp-json\/wp\/v2\/pages\/8242\/revisions\/8800"}],"up":[{"embeddable":true,"href":"https:\/\/jamonesibericoseu.eu\/de\/wp-json\/wp\/v2\/pages\/4338"}],"wp:attachment":[{"href":"https:\/\/jamonesibericoseu.eu\/de\/wp-json\/wp\/v2\/media?parent=8242"}],"curies":[{"name":"wp","href":"https:\/\/api.w.org\/{rel}","templated":true}]}}

Mert Arman – Gewinner der 3. Ausgabe des internationalen Schneidwettbewerbs von „Jamones Ibéricos aus Spanien, Botschafter Europas in der Welt“

<p>[et_pb_section fb_built=&#8220;1&#8243; _builder_version=&#8220;4.16&#8243; _module_preset=&#8220;default&#8220; global_colors_info=&#8220;{}&#8220;][et_pb_row _builder_version=&#8220;4.16&#8243; _module_preset=&#8220;default&#8220; global_colors_info=&#8220;{}&#8220;][et_pb_column type=&#8220;4_4&#8243; _builder_version=&#8220;4.16&#8243; _module_preset=&#8220;default&#8220; global_colors_info=&#8220;{}&#8220;][et_pb_text _builder_version=&#8220;4.16&#8243; _module_preset=&#8220;default&#8220; text_font_size=&#8220;16px&#8220; header_font=&#8220;|700||on|||||&#8220; header_text_align=&#8220;center&#8220; header_text_color=&#8220;#a31c27&#8243; header_2_font=&#8220;|700||on|||||&#8220; header_2_text_align=&#8220;center&#8220; header_2_text_color=&#8220;#a31c27&#8243; header_2_font_size=&#8220;30px&#8220; header_2_line_height=&#8220;1.2em&#8220; background_color=&#8220;RGBA(0,0,0,0)&#8220; z_index=&#8220;500&#8243; width=&#8220;80%&#8220; module_alignment=&#8220;center&#8220; sticky_limit_bottom=&#8220;body&#8220; global_colors_info=&#8220;{}&#8220;]</p>
<h2>MERT ARMAN – GEWINNER DER 3. AUSGABE DES INTERNATIONALEN SCHNEIDWETTBEWERBS VON „JAMONES IBÉRICOS AUS SPANIEN, BOTSCHAFTER EUROPAS IN DER WELT“</h2>
<p>[/et_pb_text][et_pb_text _builder_version=&#8220;4.16&#8243; _module_preset=&#8220;default&#8220; text_font_size=&#8220;16px&#8220; header_font=&#8220;|700||on|||||&#8220; header_text_color=&#8220;#a31c27&#8243; header_2_font=&#8220;|700||on|||||&#8220; header_2_text_color=&#8220;#a31c27&#8243; header_2_font_size=&#8220;30px&#8220; background_color=&#8220;RGBA(0,0,0,0)&#8220; z_index=&#8220;500&#8243; sticky_limit_bottom=&#8220;body&#8220; global_colors_info=&#8220;{}&#8220;]</p>
<p>Europa hat den neuen <strong>„Besten Jamón-Ibérico-Aufschneider“</strong> gefunden: Am 15. Februar wurde Mert Arman aus Berlin zum Gewinner des in der Brillat-Savarin-Schule in Berlin stattfindenden <strong>Finales der 3. Ausgabe des Wettbewerbs im Schneiden von Jamón Ibérico 2024</strong> für Schüler von Hotelfach- und Gastronomieschulen erklärt. Die vom <strong>Branchenverband für Ibérico-Schweine (ASICI)</strong> mit Unterstützung der EU <strong>im Rahmen</strong> der Kampagne <strong>„Jamones Ibéricos aus Spanien, Botschafter Europas in der Welt“</strong> geförderte Veranstaltung soll die Fähigkeiten des professionellen <em>Cortador</em> hervorheben und die Kultur des Ibérico-Schinkens auf internationaler Ebene verbreiten.</p>
<p>Der deutsche Schüler setzte sich gegen andere Schüler wie Laura Muñoz und Ramón Aria von der Hotelfachschule in Sevilla durch, die den zweiten bzw. dritten Preis erhielten. Für das Finale hatte die technische Leitung des Wettbewerbs unter dem Vorsitz von <strong>Jesús Pérez Aguilar, dem Kommunikationsdirektor von ASICI,</strong> anspruchsvolle Anforderungen bezüglich Schnitt, Ästhetik, Präsentation und Kreativität der Gerichte gestellt, die von den Teilnehmern mehr als zwei Stunden lang meisterhaft umgesetzt wurden.</p>
<p>Ergänzt wurde die Expertenjury durch den Sternekoch und Botschafter des Ibérico-Schinkens in Deutschland, Christian Sturm-Willms, den deutschen <em>Cortador</em> Torsten Habermann und Nicklas Siebecke, Lehrer an der Brillant-Savarin-Schule für das Gastgewerbe in Berlin, welcher die Bedeutung der Ausbildung zur Förderung des Ibérico-Schinkens hervorhob.</p>
<p>Mit dieser Art von Initiativen möchte der Branchenverband das Interesse an dem Produkt wecken sowie das Wissen und die Werte des Ibérico-Schinkens insbesondere jungen Menschen näherbringen.</p>
<p><strong>Der krönende Abschluss einer dreijährigen exklusiven Ausbildung:</strong></p>
<p>Mit dieser Art von Schulungsmaßnahmen beabsichtigte der Branchenverband in jenen drei Jahren nicht nur, die Arbeit des professionellen <em>Cortador</em> zu präsentieren und zu fördern sowie die unverwechselbaren und einzigartigen Eigenschaften des Jamón Ibérico zu vermitteln, sondern auch die besten Schinkenschneider in Europa und der Welt zu entdecken, damit sie selbst mit ihren während der Ausbildung erlernten Fähigkeiten und Ansätzen die Kultur des Jamón Ibérico weitergeben können.</p>
<p>Hierbei handelt es sich um Schulungsmaßnahmen mit grundlegender Bedeutung für den Sektor, da diese einen wichtigen Beitrag zum Wachstum und zur internationalen Entwicklung der Branche leisten und somit ein unverzichtbares Mittel zur Verbreitung und Förderung dieses einzigartigen Gourmetprodukts in Europa und der Welt darstellen.</p>
<p>[/et_pb_text][/et_pb_column][/et_pb_row][et_pb_row use_custom_gutter=&#8220;on&#8220; gutter_width=&#8220;2&#8243; _builder_version=&#8220;4.16&#8243; _module_preset=&#8220;default&#8220; global_colors_info=&#8220;{}&#8220;][et_pb_column type=&#8220;4_4&#8243; _builder_version=&#8220;4.16&#8243; _module_preset=&#8220;default&#8220; global_colors_info=&#8220;{}&#8220;][et_pb_text _builder_version=&#8220;4.16&#8243; _module_preset=&#8220;default&#8220; global_colors_info=&#8220;{}&#8220;]<a class="vp-a vp-dr" href="https://youtu.be/mH-nLvBGBa0" rel="nofollow" data-width="1920" data-height="1080" data-dwrap="1" data-iv="1"><img decoding="async" class="vp-img" src="https://jamonesibericoseu.eu/wp-content/uploads/2024/02/video-europa-hat-seinen.jpg"></a>[/et_pb_text][/et_pb_column][/et_pb_row][et_pb_row _builder_version=&#8220;4.24.2&#8243; _module_preset=&#8220;default&#8220;][et_pb_column _builder_version=&#8220;4.24.2&#8243; _module_preset=&#8220;default&#8220; type=&#8220;4_4&#8243;][et_pb_gallery _builder_version=&#8220;4.24.2&#8243; _module_preset=&#8220;default&#8220; show_title_and_caption=&#8220;off&#8220; show_pagination=&#8220;off&#8220; posts_number=&#8220;100&#8243; gallery_ids=&#8220;8740,8744,8748,8752,8756,8760,8764,8768,8772,8776,8780,8784,8788,8792,8796&#8243; hover_enabled=&#8220;0&#8243; sticky_enabled=&#8220;0&#8243;][/et_pb_gallery][/et_pb_column][/et_pb_row][/et_pb_section]</p>

<p>MERT ARMAN – GEWINNER DER 3. AUSGABE DES INTERNATIONALEN SCHNEIDWETTBEWERBS VON „JAMONES IBÉRICOS AUS SPANIEN, BOTSCHAFTER EUROPAS IN DER WELT“Europa hat den neuen „Besten Jamón-Ibérico-Aufschneider“ gefunden: Am 15. Februar wurde Mert Arman aus Berlin zum Gewinner des in der Brillat-Savarin-Schule in Berlin stattfindenden Finales der 3. Ausgabe des Wettbewerbs im Schneiden von Jamón Ibérico 2024 für Schüler von Hotelfach- und Gastronomieschulen erklärt. Die vom Branchenverband für Ibérico-Schweine (ASICI) mit Unterstützung der EU im Rahmen der Kampagne „Jamones Ibéricos aus Spanien, Botschafter Europas in der Welt“ geförderte Veranstaltung soll die Fähigkeiten des professionellen Cortador hervorheben und die Kultur des Ibérico-Schinkens auf internationaler Ebene verbreiten. Der deutsche Schüler setzte sich gegen andere Schüler wie Laura Muñoz und Ramón Aria von der Hotelfachschule in Sevilla durch, die den zweiten bzw. dritten Preis erhielten. Für das Finale hatte die technische Leitung des Wettbewerbs unter dem Vorsitz von Jesús Pérez Aguilar, dem Kommunikationsdirektor von ASICI, anspruchsvolle Anforderungen bezüglich Schnitt, Ästhetik, Präsentation und Kreativität der Gerichte gestellt, die von den Teilnehmern mehr als zwei Stunden lang meisterhaft umgesetzt wurden. Ergänzt wurde die Expertenjury durch den Sternekoch und Botschafter des Ibérico-Schinkens in Deutschland, Christian Sturm-Willms, den deutschen Cortador Torsten Habermann und Nicklas Siebecke, Lehrer an der Brillant-Savarin-Schule für das Gastgewerbe [&hellip;]</p>
