{"id":6771,"date":"2023-05-24T17:06:49","date_gmt":"2023-05-24T17:06:49","guid":{"rendered":"https:\/\/jamonesibericoseu.eu\/veranstaltungen\/der-iberische-sinn-erwacht-unter-den-zukuenftigen-fachleuten-der-pariser-hotelbranche\/"},"modified":"2023-08-04T12:44:34","modified_gmt":"2023-08-04T12:44:34","slug":"der-iberische-sinn-erwacht-unter-den-zukuenftigen-fachleuten-der-pariser-hotelbranche","status":"publish","type":"page","link":"https:\/\/jamonesibericoseu.eu\/de\/veranstaltungen\/der-iberische-sinn-erwacht-unter-den-zukuenftigen-fachleuten-der-pariser-hotelbranche\/","title":{"rendered":"Der Iberische Sinn erwacht unter den zuk\u00fcnftigen fachleuten der Pariser hotelbranche"},"content":{"rendered":"<p>[et_pb_section fb_built=&#8220;1&#8243; _builder_version=&#8220;4.10.8&#8243; _module_preset=&#8220;default&#8220; global_colors_info=&#8220;{}&#8220;][et_pb_row _builder_version=&#8220;4.10.8&#8243; _module_preset=&#8220;default&#8220; global_colors_info=&#8220;{}&#8220;][et_pb_column type=&#8220;4_4&#8243; _builder_version=&#8220;4.10.8&#8243; _module_preset=&#8220;default&#8220; global_colors_info=&#8220;{}&#8220;][et_pb_text _builder_version=&#8220;4.13.0&#8243; _module_preset=&#8220;default&#8220; text_font_size=&#8220;16px&#8220; header_font=&#8220;|700||on|||||&#8220; header_text_align=&#8220;center&#8220; header_text_color=&#8220;#a31c27&#8243; header_2_font=&#8220;|700||on|||||&#8220; header_2_text_align=&#8220;center&#8220; header_2_text_color=&#8220;#a31c27&#8243; header_2_font_size=&#8220;30px&#8220; header_2_line_height=&#8220;1.2em&#8220; background_color=&#8220;RGBA(0,0,0,0)&#8220; z_index=&#8220;500&#8243; width=&#8220;80%&#8220; module_alignment=&#8220;center&#8220; sticky_limit_bottom=&#8220;body&#8220; global_colors_info=&#8220;{}&#8220;]<\/p>\n<h2>DER IBERISCHE SINN ERWACHT UNTER DEN ZUK\u00dcNFTIGEN FACHLEUTEN DER PARISER HOTELBRANCHE<\/h2>\n<p>[\/et_pb_text][et_pb_text _builder_version=&#8220;4.13.0&#8243; _module_preset=&#8220;default&#8220; text_font_size=&#8220;16px&#8220; header_font=&#8220;|700||on|||||&#8220; header_text_color=&#8220;#a31c27&#8243; header_2_font=&#8220;|700||on|||||&#8220; header_2_text_color=&#8220;#a31c27&#8243; header_2_font_size=&#8220;30px&#8220; background_color=&#8220;RGBA(0,0,0,0)&#8220; z_index=&#8220;500&#8243; sticky_limit_bottom=&#8220;body&#8220; global_colors_info=&#8220;{}&#8220;]<\/p>\n<p>Der <strong>iberische Sektor <\/strong>engagiert sich stark f\u00fcr die Ausbildung <strong>zuk\u00fcnftiger Generationen im Gastgewerbe <\/strong>und hat aus diesem Grund eine Reihe von <strong>Ausbildungskursen <\/strong>an renommierten <strong>europ\u00e4ischen Hotelschulen ins Leben gerufen, <\/strong>mit dem Ziel, die <strong>iberische Schinkenkultur <\/strong>auf internationalen M\u00e4rkten zu positionieren Generieren Sie angesehene verschreibende \u00c4rzte, beispielsweise <strong>zuk\u00fcnftige Fachkr\u00e4fte. <\/strong><strong><br \/><\/strong><br \/>Im Rahmen dieser Schulungen fand am 9. und 10. Januar 2023 ein Workshop an der <strong>\u00c9cole statt H\u00f4teli\u00e8re de Paris Jean Drouant \u2018, das zu den an der <\/strong>Brillat-Savarin-Schule in Berlin und an der Hotelfachschule Hofmann in Barcelona durchgef\u00fchrten Veranstaltungen hinzukommt .<\/p>\n<p>Dadurch konnten die Studenten die <strong>unterschiedlichen Qualit\u00e4ten <\/strong>dieses einzigartigen <strong>Gourmetprodukts <\/strong>in Europa und der Welt durch die H\u00e4nde von <strong>Fachleuten der Branche entdecken <\/strong>und die Geheimnisse entdecken, wie man als <strong>professioneller Schneider die Kunst des Schneidens aus\u00fcben kann , <\/strong>dank der Meisterklasse des <strong>Meisterschneiders Sylvain Foucaud , <\/strong>der die Bedeutung dieses Berufs in der Branche hervorhob: \u201eImmer mehr Menschen widmen sich ausschlie\u00dflich der Welt des iberischen Schinkens, und genau das wollen wir mit Veranstaltungen wie dieser, um die Arbeit des iberischen Schinkens weiter zu verbreiten.\u201c Schinkenschneider, so dass sie durch ihren Beruf diese Kunst und nicht nur diese, sondern auch die europ\u00e4ische und spanische gastronomische Kultur widerspiegeln.\u201c<\/p>\n<p>Dar\u00fcber hinaus wurden <strong>vier Studenten dieser Ausbildung f\u00fcr die Teilnahme am Internationalen Finale des iberischen Schinkenschneidens ausgew\u00e4hlt <\/strong>, das im M\u00e4rz in Paris stattfand und bei dem der <strong>beste iberische Schinkenschneider gek\u00fcrt wurde.<\/strong><\/p>\n<p>[\/et_pb_text][\/et_pb_column][\/et_pb_row][et_pb_row use_custom_gutter=&#8220;on&#8220; gutter_width=&#8220;2&#8243; _builder_version=&#8220;4.13.0&#8243; _module_preset=&#8220;default&#8220; global_colors_info=&#8220;{}&#8220;][et_pb_column type=&#8220;4_4&#8243; _builder_version=&#8220;4.13.0&#8243; _module_preset=&#8220;default&#8220; global_colors_info=&#8220;{}&#8220;][et_pb_gallery gallery_ids=&#8220;0,6346,6350,6354,6358,6362,6366,6370,6374,6378,6382,6386,6390,6394,6398,6402,6406,6410,6414,6418&#8243; posts_number=&#8220;150&#8243; show_title_and_caption=&#8220;%22off%22&#8243; show_pagination=&#8220;%22off%22&#8243; _builder_version=&#8220;4.13.0&#8243; _module_preset=&#8220;%22default%22&#8243; hover_enabled=&#8220;0&#8243; global_colors_info=&#8220;{}&#8220; sticky_enabled=&#8220;0&#8243;][\/et_pb_gallery][\/et_pb_column][\/et_pb_row][\/et_pb_section]<\/p>\n","protected":false},"excerpt":{"rendered":"<p>DER IBERISCHE SINN ERWACHT UNTER DEN ZUK\u00dcNFTIGEN FACHLEUTEN DER PARISER HOTELBRANCHEDer iberische Sektor engagiert sich stark f\u00fcr die Ausbildung zuk\u00fcnftiger Generationen im Gastgewerbe und hat aus diesem Grund eine Reihe von Ausbildungskursen an renommierten europ\u00e4ischen Hotelschulen ins Leben gerufen, mit dem Ziel, die iberische Schinkenkultur auf internationalen M\u00e4rkten zu positionieren Generieren Sie angesehene verschreibende \u00c4rzte, beispielsweise zuk\u00fcnftige Fachkr\u00e4fte. Im Rahmen dieser Schulungen fand am 9. und 10. Januar 2023 ein Workshop an der \u00c9cole statt H\u00f4teli\u00e8re de Paris Jean Drouant \u2018, das zu den an der Brillat-Savarin-Schule in Berlin und an der Hotelfachschule Hofmann in Barcelona durchgef\u00fchrten Veranstaltungen hinzukommt . Dadurch konnten die Studenten die unterschiedlichen Qualit\u00e4ten dieses einzigartigen Gourmetprodukts in Europa und der Welt durch die H\u00e4nde von Fachleuten der Branche entdecken und die Geheimnisse entdecken, wie man als professioneller Schneider die Kunst des Schneidens aus\u00fcben kann , dank der Meisterklasse des Meisterschneiders Sylvain Foucaud , der die Bedeutung dieses Berufs in der Branche hervorhob: \u201eImmer mehr Menschen widmen sich ausschlie\u00dflich der Welt des iberischen Schinkens, und genau das wollen wir mit Veranstaltungen wie dieser, um die Arbeit des iberischen Schinkens weiter zu verbreiten.\u201c Schinkenschneider, so dass sie durch ihren Beruf diese Kunst und nicht nur diese, sondern auch [&hellip;]<\/p>\n","protected":false},"author":1,"featured_media":0,"parent":4338,"menu_order":1,"comment_status":"closed","ping_status":"closed","template":"","meta":{"_et_pb_use_builder":"on","_et_pb_old_content":"","_et_gb_content_width":"","footnotes":""},"class_list":["post-6771","page","type-page","status-publish","hentry"],"_links":{"self":[{"href":"https:\/\/jamonesibericoseu.eu\/de\/wp-json\/wp\/v2\/pages\/6771","targetHints":{"allow":["GET"]}}],"collection":[{"href":"https:\/\/jamonesibericoseu.eu\/de\/wp-json\/wp\/v2\/pages"}],"about":[{"href":"https:\/\/jamonesibericoseu.eu\/de\/wp-json\/wp\/v2\/types\/page"}],"author":[{"embeddable":true,"href":"https:\/\/jamonesibericoseu.eu\/de\/wp-json\/wp\/v2\/users\/1"}],"replies":[{"embeddable":true,"href":"https:\/\/jamonesibericoseu.eu\/de\/wp-json\/wp\/v2\/comments?post=6771"}],"version-history":[{"count":6,"href":"https:\/\/jamonesibericoseu.eu\/de\/wp-json\/wp\/v2\/pages\/6771\/revisions"}],"predecessor-version":[{"id":7187,"href":"https:\/\/jamonesibericoseu.eu\/de\/wp-json\/wp\/v2\/pages\/6771\/revisions\/7187"}],"up":[{"embeddable":true,"href":"https:\/\/jamonesibericoseu.eu\/de\/wp-json\/wp\/v2\/pages\/4338"}],"wp:attachment":[{"href":"https:\/\/jamonesibericoseu.eu\/de\/wp-json\/wp\/v2\/media?parent=6771"}],"curies":[{"name":"wp","href":"https:\/\/api.w.org\/{rel}","templated":true}]}}

Der Iberische Sinn erwacht unter den zukünftigen fachleuten der Pariser hotelbranche

<p>[et_pb_section fb_built=&#8220;1&#8243; _builder_version=&#8220;4.10.8&#8243; _module_preset=&#8220;default&#8220; global_colors_info=&#8220;{}&#8220;][et_pb_row _builder_version=&#8220;4.10.8&#8243; _module_preset=&#8220;default&#8220; global_colors_info=&#8220;{}&#8220;][et_pb_column type=&#8220;4_4&#8243; _builder_version=&#8220;4.10.8&#8243; _module_preset=&#8220;default&#8220; global_colors_info=&#8220;{}&#8220;][et_pb_text _builder_version=&#8220;4.13.0&#8243; _module_preset=&#8220;default&#8220; text_font_size=&#8220;16px&#8220; header_font=&#8220;|700||on|||||&#8220; header_text_align=&#8220;center&#8220; header_text_color=&#8220;#a31c27&#8243; header_2_font=&#8220;|700||on|||||&#8220; header_2_text_align=&#8220;center&#8220; header_2_text_color=&#8220;#a31c27&#8243; header_2_font_size=&#8220;30px&#8220; header_2_line_height=&#8220;1.2em&#8220; background_color=&#8220;RGBA(0,0,0,0)&#8220; z_index=&#8220;500&#8243; width=&#8220;80%&#8220; module_alignment=&#8220;center&#8220; sticky_limit_bottom=&#8220;body&#8220; global_colors_info=&#8220;{}&#8220;]</p>
<h2>DER IBERISCHE SINN ERWACHT UNTER DEN ZUKÜNFTIGEN FACHLEUTEN DER PARISER HOTELBRANCHE</h2>
<p>[/et_pb_text][et_pb_text _builder_version=&#8220;4.13.0&#8243; _module_preset=&#8220;default&#8220; text_font_size=&#8220;16px&#8220; header_font=&#8220;|700||on|||||&#8220; header_text_color=&#8220;#a31c27&#8243; header_2_font=&#8220;|700||on|||||&#8220; header_2_text_color=&#8220;#a31c27&#8243; header_2_font_size=&#8220;30px&#8220; background_color=&#8220;RGBA(0,0,0,0)&#8220; z_index=&#8220;500&#8243; sticky_limit_bottom=&#8220;body&#8220; global_colors_info=&#8220;{}&#8220;]</p>
<p>Der <strong>iberische Sektor </strong>engagiert sich stark für die Ausbildung <strong>zukünftiger Generationen im Gastgewerbe </strong>und hat aus diesem Grund eine Reihe von <strong>Ausbildungskursen </strong>an renommierten <strong>europäischen Hotelschulen ins Leben gerufen, </strong>mit dem Ziel, die <strong>iberische Schinkenkultur </strong>auf internationalen Märkten zu positionieren Generieren Sie angesehene verschreibende Ärzte, beispielsweise <strong>zukünftige Fachkräfte. </strong><strong><br /></strong><br />Im Rahmen dieser Schulungen fand am 9. und 10. Januar 2023 ein Workshop an der <strong>École statt Hôtelière de Paris Jean Drouant ‘, das zu den an der </strong>Brillat-Savarin-Schule in Berlin und an der Hotelfachschule Hofmann in Barcelona durchgeführten Veranstaltungen hinzukommt .</p>
<p>Dadurch konnten die Studenten die <strong>unterschiedlichen Qualitäten </strong>dieses einzigartigen <strong>Gourmetprodukts </strong>in Europa und der Welt durch die Hände von <strong>Fachleuten der Branche entdecken </strong>und die Geheimnisse entdecken, wie man als <strong>professioneller Schneider die Kunst des Schneidens ausüben kann , </strong>dank der Meisterklasse des <strong>Meisterschneiders Sylvain Foucaud , </strong>der die Bedeutung dieses Berufs in der Branche hervorhob: „Immer mehr Menschen widmen sich ausschließlich der Welt des iberischen Schinkens, und genau das wollen wir mit Veranstaltungen wie dieser, um die Arbeit des iberischen Schinkens weiter zu verbreiten.“ Schinkenschneider, so dass sie durch ihren Beruf diese Kunst und nicht nur diese, sondern auch die europäische und spanische gastronomische Kultur widerspiegeln.“</p>
<p>Darüber hinaus wurden <strong>vier Studenten dieser Ausbildung für die Teilnahme am Internationalen Finale des iberischen Schinkenschneidens ausgewählt </strong>, das im März in Paris stattfand und bei dem der <strong>beste iberische Schinkenschneider gekürt wurde.</strong></p>
<p>[/et_pb_text][/et_pb_column][/et_pb_row][et_pb_row use_custom_gutter=&#8220;on&#8220; gutter_width=&#8220;2&#8243; _builder_version=&#8220;4.13.0&#8243; _module_preset=&#8220;default&#8220; global_colors_info=&#8220;{}&#8220;][et_pb_column type=&#8220;4_4&#8243; _builder_version=&#8220;4.13.0&#8243; _module_preset=&#8220;default&#8220; global_colors_info=&#8220;{}&#8220;][et_pb_gallery gallery_ids=&#8220;0,6346,6350,6354,6358,6362,6366,6370,6374,6378,6382,6386,6390,6394,6398,6402,6406,6410,6414,6418&#8243; posts_number=&#8220;150&#8243; show_title_and_caption=&#8220;%22off%22&#8243; show_pagination=&#8220;%22off%22&#8243; _builder_version=&#8220;4.13.0&#8243; _module_preset=&#8220;%22default%22&#8243; hover_enabled=&#8220;0&#8243; global_colors_info=&#8220;{}&#8220; sticky_enabled=&#8220;0&#8243;][/et_pb_gallery][/et_pb_column][/et_pb_row][/et_pb_section]</p>

<p>DER IBERISCHE SINN ERWACHT UNTER DEN ZUKÜNFTIGEN FACHLEUTEN DER PARISER HOTELBRANCHEDer iberische Sektor engagiert sich stark für die Ausbildung zukünftiger Generationen im Gastgewerbe und hat aus diesem Grund eine Reihe von Ausbildungskursen an renommierten europäischen Hotelschulen ins Leben gerufen, mit dem Ziel, die iberische Schinkenkultur auf internationalen Märkten zu positionieren Generieren Sie angesehene verschreibende Ärzte, beispielsweise zukünftige Fachkräfte. Im Rahmen dieser Schulungen fand am 9. und 10. Januar 2023 ein Workshop an der École statt Hôtelière de Paris Jean Drouant ‘, das zu den an der Brillat-Savarin-Schule in Berlin und an der Hotelfachschule Hofmann in Barcelona durchgeführten Veranstaltungen hinzukommt . Dadurch konnten die Studenten die unterschiedlichen Qualitäten dieses einzigartigen Gourmetprodukts in Europa und der Welt durch die Hände von Fachleuten der Branche entdecken und die Geheimnisse entdecken, wie man als professioneller Schneider die Kunst des Schneidens ausüben kann , dank der Meisterklasse des Meisterschneiders Sylvain Foucaud , der die Bedeutung dieses Berufs in der Branche hervorhob: „Immer mehr Menschen widmen sich ausschließlich der Welt des iberischen Schinkens, und genau das wollen wir mit Veranstaltungen wie dieser, um die Arbeit des iberischen Schinkens weiter zu verbreiten.“ Schinkenschneider, so dass sie durch ihren Beruf diese Kunst und nicht nur diese, sondern auch [&hellip;]</p>
