{"id":6702,"date":"2023-05-24T15:29:39","date_gmt":"2023-05-24T15:29:39","guid":{"rendered":"https:\/\/jamonesibericoseu.eu\/veranstaltungen\/der-iberische-sinn-weckt-beim-gastronomischen-event-taste-of-paris\/"},"modified":"2023-08-04T12:45:04","modified_gmt":"2023-08-04T12:45:04","slug":"der-iberische-sinn-weckt-beim-gastronomischen-event-taste-of-paris","status":"publish","type":"page","link":"https:\/\/jamonesibericoseu.eu\/de\/veranstaltungen\/der-iberische-sinn-weckt-beim-gastronomischen-event-taste-of-paris\/","title":{"rendered":"Der Iberische Sinn weckt beim gastronomischen event \u201eTaste of Paris\u201c"},"content":{"rendered":"<p>[et_pb_section fb_built=&#8220;1&#8243; _builder_version=&#8220;4.10.8&#8243; _module_preset=&#8220;default&#8220; global_colors_info=&#8220;{}&#8220;][et_pb_row _builder_version=&#8220;4.10.8&#8243; _module_preset=&#8220;default&#8220; global_colors_info=&#8220;{}&#8220;][et_pb_column type=&#8220;4_4&#8243; _builder_version=&#8220;4.10.8&#8243; _module_preset=&#8220;default&#8220; global_colors_info=&#8220;{}&#8220;][et_pb_text _builder_version=&#8220;4.13.0&#8243; _module_preset=&#8220;default&#8220; text_font_size=&#8220;16px&#8220; header_font=&#8220;|700||on|||||&#8220; header_text_align=&#8220;center&#8220; header_text_color=&#8220;#a31c27&#8243; header_2_font=&#8220;|700||on|||||&#8220; header_2_text_align=&#8220;center&#8220; header_2_text_color=&#8220;#a31c27&#8243; header_2_font_size=&#8220;30px&#8220; header_2_line_height=&#8220;1.2em&#8220; background_color=&#8220;RGBA(0,0,0,0)&#8220; z_index=&#8220;500&#8243; width=&#8220;80%&#8220; module_alignment=&#8220;center&#8220; sticky_limit_bottom=&#8220;body&#8220; global_colors_info=&#8220;{}&#8220;]<\/p>\n<h2>DER IBERISCHE SINN WECKT BEIM GASTRONOMISCHEN EVENT \u201eTASTE OF PARIS\u201c.<\/h2>\n<p>[\/et_pb_text][et_pb_text _builder_version=&#8220;4.13.0&#8243; _module_preset=&#8220;default&#8220; text_font_size=&#8220;16px&#8220; header_font=&#8220;|700||on|||||&#8220; header_text_color=&#8220;#a31c27&#8243; header_2_font=&#8220;|700||on|||||&#8220; header_2_text_color=&#8220;#a31c27&#8243; header_2_font_size=&#8220;30px&#8220; background_color=&#8220;RGBA(0,0,0,0)&#8220; z_index=&#8220;500&#8243; sticky_limit_bottom=&#8220;body&#8220; global_colors_info=&#8220;{}&#8220;]<\/p>\n<p>Ein einzigartiges Gourmetprodukt der <strong>europ\u00e4ischen Gastronomie , <\/strong>wie <strong>der iberische Schinken, <\/strong>darf bei <strong>einer der wichtigsten gastronomischen Veranstaltungen Frankreichs, <\/strong>sowohl national als auch international, wie der <strong>Taste of Paris, nicht fehlen.<\/strong><\/p>\n<p>Diese Messe fand am 12., 13., 14. und 15. Mai 2022 im <strong>Grand Palais statt \u00c9ph\u00e9m\u00e8re , eine prestigetr\u00e4chtige tempor\u00e4re Ausstellungshalle auf dem Champ de Mars im Zentrum der Stadt Paris, bringt <\/strong>jedes Jahr <strong>die renommiertesten K\u00f6che des Landes zusammen <\/strong>, um den Besuchern ihre Kreationen anzubieten und <strong>Feinschmeckern die Verwendung der besten Produkte zu zeigen. <\/strong>unter denen der <strong>iberische Schinken nicht fehlen durfte.<\/strong><\/p>\n<p>Im Rahmen der Kampagne <strong>\u201eIberischer Schinken aus Spanien, Botschafter Europas in der Welt\u201c. \u201eWake up your Iberian Sense\u201c, <\/strong>gef\u00f6rdert von ASICI, mit Unterst\u00fctzung der EU waren wir als Sponsor auf dieser Messe vertreten.<\/p>\n<p>Wir f\u00fchren verschiedene Aktivit\u00e4ten durch, wie zum Beispiel ein <strong>Showcooking\u00a0<\/strong>mit unserer <strong>Botschafterk\u00f6chin Amandine Chaignot <\/strong>sowie einer <strong>Produktverkostung.<\/strong><\/p>\n<p>Die Messe, die insgesamt <strong>mehr als 1.000 Teilnehmer zusammenbrachte, <\/strong>war eine einzigartige Gelegenheit, den spanischen iberischen Schinken weiter zu internationalisieren, seine unterschiedlichen Qualit\u00e4ten zu zeigen und auch den <strong>iberischen Sinn bei allen Teilnehmern zu wecken.<\/strong><\/p>\n<p>[\/et_pb_text][\/et_pb_column][\/et_pb_row][et_pb_row use_custom_gutter=&#8220;on&#8220; gutter_width=&#8220;2&#8243; _builder_version=&#8220;4.13.0&#8243; _module_preset=&#8220;default&#8220; global_colors_info=&#8220;{}&#8220;][et_pb_column type=&#8220;4_4&#8243; _builder_version=&#8220;4.13.0&#8243; _module_preset=&#8220;default&#8220; global_colors_info=&#8220;{}&#8220;][et_pb_gallery gallery_ids=&#8220;0,6326,6330,6334&#8243; posts_number=&#8220;150&#8243; show_title_and_caption=&#8220;%22off%22&#8243; show_pagination=&#8220;%22off%22&#8243; _builder_version=&#8220;4.13.0&#8243; _module_preset=&#8220;%22default%22&#8243; hover_enabled=&#8220;0&#8243; global_colors_info=&#8220;{}&#8220; sticky_enabled=&#8220;0&#8243;][\/et_pb_gallery][\/et_pb_column][\/et_pb_row][\/et_pb_section]<\/p>\n","protected":false},"excerpt":{"rendered":"<p>DER IBERISCHE SINN WECKT BEIM GASTRONOMISCHEN EVENT \u201eTASTE OF PARIS\u201c.Ein einzigartiges Gourmetprodukt der europ\u00e4ischen Gastronomie , wie der iberische Schinken, darf bei einer der wichtigsten gastronomischen Veranstaltungen Frankreichs, sowohl national als auch international, wie der Taste of Paris, nicht fehlen. Diese Messe fand am 12., 13., 14. und 15. Mai 2022 im Grand Palais statt \u00c9ph\u00e9m\u00e8re , eine prestigetr\u00e4chtige tempor\u00e4re Ausstellungshalle auf dem Champ de Mars im Zentrum der Stadt Paris, bringt jedes Jahr die renommiertesten K\u00f6che des Landes zusammen , um den Besuchern ihre Kreationen anzubieten und Feinschmeckern die Verwendung der besten Produkte zu zeigen. unter denen der iberische Schinken nicht fehlen durfte. Im Rahmen der Kampagne \u201eIberischer Schinken aus Spanien, Botschafter Europas in der Welt\u201c. \u201eWake up your Iberian Sense\u201c, gef\u00f6rdert von ASICI, mit Unterst\u00fctzung der EU waren wir als Sponsor auf dieser Messe vertreten. Wir f\u00fchren verschiedene Aktivit\u00e4ten durch, wie zum Beispiel ein Showcooking\u00a0mit unserer Botschafterk\u00f6chin Amandine Chaignot sowie einer Produktverkostung. Die Messe, die insgesamt mehr als 1.000 Teilnehmer zusammenbrachte, war eine einzigartige Gelegenheit, den spanischen iberischen Schinken weiter zu internationalisieren, seine unterschiedlichen Qualit\u00e4ten zu zeigen und auch den iberischen Sinn bei allen Teilnehmern zu wecken.<\/p>\n","protected":false},"author":1,"featured_media":0,"parent":4338,"menu_order":1,"comment_status":"closed","ping_status":"closed","template":"","meta":{"_et_pb_use_builder":"on","_et_pb_old_content":"","_et_gb_content_width":"","footnotes":""},"class_list":["post-6702","page","type-page","status-publish","hentry"],"_links":{"self":[{"href":"https:\/\/jamonesibericoseu.eu\/de\/wp-json\/wp\/v2\/pages\/6702","targetHints":{"allow":["GET"]}}],"collection":[{"href":"https:\/\/jamonesibericoseu.eu\/de\/wp-json\/wp\/v2\/pages"}],"about":[{"href":"https:\/\/jamonesibericoseu.eu\/de\/wp-json\/wp\/v2\/types\/page"}],"author":[{"embeddable":true,"href":"https:\/\/jamonesibericoseu.eu\/de\/wp-json\/wp\/v2\/users\/1"}],"replies":[{"embeddable":true,"href":"https:\/\/jamonesibericoseu.eu\/de\/wp-json\/wp\/v2\/comments?post=6702"}],"version-history":[{"count":6,"href":"https:\/\/jamonesibericoseu.eu\/de\/wp-json\/wp\/v2\/pages\/6702\/revisions"}],"predecessor-version":[{"id":7188,"href":"https:\/\/jamonesibericoseu.eu\/de\/wp-json\/wp\/v2\/pages\/6702\/revisions\/7188"}],"up":[{"embeddable":true,"href":"https:\/\/jamonesibericoseu.eu\/de\/wp-json\/wp\/v2\/pages\/4338"}],"wp:attachment":[{"href":"https:\/\/jamonesibericoseu.eu\/de\/wp-json\/wp\/v2\/media?parent=6702"}],"curies":[{"name":"wp","href":"https:\/\/api.w.org\/{rel}","templated":true}]}}

<p>[et_pb_section fb_built=&#8220;1&#8243; _builder_version=&#8220;4.10.8&#8243; _module_preset=&#8220;default&#8220; global_colors_info=&#8220;{}&#8220;][et_pb_row _builder_version=&#8220;4.10.8&#8243; _module_preset=&#8220;default&#8220; global_colors_info=&#8220;{}&#8220;][et_pb_column type=&#8220;4_4&#8243; _builder_version=&#8220;4.10.8&#8243; _module_preset=&#8220;default&#8220; global_colors_info=&#8220;{}&#8220;][et_pb_text _builder_version=&#8220;4.13.0&#8243; _module_preset=&#8220;default&#8220; text_font_size=&#8220;16px&#8220; header_font=&#8220;|700||on|||||&#8220; header_text_align=&#8220;center&#8220; header_text_color=&#8220;#a31c27&#8243; header_2_font=&#8220;|700||on|||||&#8220; header_2_text_align=&#8220;center&#8220; header_2_text_color=&#8220;#a31c27&#8243; header_2_font_size=&#8220;30px&#8220; header_2_line_height=&#8220;1.2em&#8220; background_color=&#8220;RGBA(0,0,0,0)&#8220; z_index=&#8220;500&#8243; width=&#8220;80%&#8220; module_alignment=&#8220;center&#8220; sticky_limit_bottom=&#8220;body&#8220; global_colors_info=&#8220;{}&#8220;]</p>
<h2>DER IBERISCHE SINN WECKT BEIM GASTRONOMISCHEN EVENT „TASTE OF PARIS“.</h2>
<p>[/et_pb_text][et_pb_text _builder_version=&#8220;4.13.0&#8243; _module_preset=&#8220;default&#8220; text_font_size=&#8220;16px&#8220; header_font=&#8220;|700||on|||||&#8220; header_text_color=&#8220;#a31c27&#8243; header_2_font=&#8220;|700||on|||||&#8220; header_2_text_color=&#8220;#a31c27&#8243; header_2_font_size=&#8220;30px&#8220; background_color=&#8220;RGBA(0,0,0,0)&#8220; z_index=&#8220;500&#8243; sticky_limit_bottom=&#8220;body&#8220; global_colors_info=&#8220;{}&#8220;]</p>
<p>Ein einzigartiges Gourmetprodukt der <strong>europäischen Gastronomie , </strong>wie <strong>der iberische Schinken, </strong>darf bei <strong>einer der wichtigsten gastronomischen Veranstaltungen Frankreichs, </strong>sowohl national als auch international, wie der <strong>Taste of Paris, nicht fehlen.</strong></p>
<p>Diese Messe fand am 12., 13., 14. und 15. Mai 2022 im <strong>Grand Palais statt Éphémère , eine prestigeträchtige temporäre Ausstellungshalle auf dem Champ de Mars im Zentrum der Stadt Paris, bringt </strong>jedes Jahr <strong>die renommiertesten Köche des Landes zusammen </strong>, um den Besuchern ihre Kreationen anzubieten und <strong>Feinschmeckern die Verwendung der besten Produkte zu zeigen. </strong>unter denen der <strong>iberische Schinken nicht fehlen durfte.</strong></p>
<p>Im Rahmen der Kampagne <strong>„Iberischer Schinken aus Spanien, Botschafter Europas in der Welt“. „Wake up your Iberian Sense“, </strong>gefördert von ASICI, mit Unterstützung der EU waren wir als Sponsor auf dieser Messe vertreten.</p>
<p>Wir führen verschiedene Aktivitäten durch, wie zum Beispiel ein <strong>Showcooking </strong>mit unserer <strong>Botschafterköchin Amandine Chaignot </strong>sowie einer <strong>Produktverkostung.</strong></p>
<p>Die Messe, die insgesamt <strong>mehr als 1.000 Teilnehmer zusammenbrachte, </strong>war eine einzigartige Gelegenheit, den spanischen iberischen Schinken weiter zu internationalisieren, seine unterschiedlichen Qualitäten zu zeigen und auch den <strong>iberischen Sinn bei allen Teilnehmern zu wecken.</strong></p>
<p>[/et_pb_text][/et_pb_column][/et_pb_row][et_pb_row use_custom_gutter=&#8220;on&#8220; gutter_width=&#8220;2&#8243; _builder_version=&#8220;4.13.0&#8243; _module_preset=&#8220;default&#8220; global_colors_info=&#8220;{}&#8220;][et_pb_column type=&#8220;4_4&#8243; _builder_version=&#8220;4.13.0&#8243; _module_preset=&#8220;default&#8220; global_colors_info=&#8220;{}&#8220;][et_pb_gallery gallery_ids=&#8220;0,6326,6330,6334&#8243; posts_number=&#8220;150&#8243; show_title_and_caption=&#8220;%22off%22&#8243; show_pagination=&#8220;%22off%22&#8243; _builder_version=&#8220;4.13.0&#8243; _module_preset=&#8220;%22default%22&#8243; hover_enabled=&#8220;0&#8243; global_colors_info=&#8220;{}&#8220; sticky_enabled=&#8220;0&#8243;][/et_pb_gallery][/et_pb_column][/et_pb_row][/et_pb_section]</p>

<p>DER IBERISCHE SINN WECKT BEIM GASTRONOMISCHEN EVENT „TASTE OF PARIS“.Ein einzigartiges Gourmetprodukt der europäischen Gastronomie , wie der iberische Schinken, darf bei einer der wichtigsten gastronomischen Veranstaltungen Frankreichs, sowohl national als auch international, wie der Taste of Paris, nicht fehlen. Diese Messe fand am 12., 13., 14. und 15. Mai 2022 im Grand Palais statt Éphémère , eine prestigeträchtige temporäre Ausstellungshalle auf dem Champ de Mars im Zentrum der Stadt Paris, bringt jedes Jahr die renommiertesten Köche des Landes zusammen , um den Besuchern ihre Kreationen anzubieten und Feinschmeckern die Verwendung der besten Produkte zu zeigen. unter denen der iberische Schinken nicht fehlen durfte. Im Rahmen der Kampagne „Iberischer Schinken aus Spanien, Botschafter Europas in der Welt“. „Wake up your Iberian Sense“, gefördert von ASICI, mit Unterstützung der EU waren wir als Sponsor auf dieser Messe vertreten. Wir führen verschiedene Aktivitäten durch, wie zum Beispiel ein Showcooking mit unserer Botschafterköchin Amandine Chaignot sowie einer Produktverkostung. Die Messe, die insgesamt mehr als 1.000 Teilnehmer zusammenbrachte, war eine einzigartige Gelegenheit, den spanischen iberischen Schinken weiter zu internationalisieren, seine unterschiedlichen Qualitäten zu zeigen und auch den iberischen Sinn bei allen Teilnehmern zu wecken.</p>
