{"id":4342,"date":"2022-03-07T15:55:18","date_gmt":"2022-03-07T15:55:18","guid":{"rendered":"https:\/\/jamonesibericoseu.eu\/veranstaltungen\/die-auftaktveranstaltung\/"},"modified":"2022-03-07T16:00:41","modified_gmt":"2022-03-07T16:00:41","slug":"die-auftaktveranstaltung","status":"publish","type":"page","link":"https:\/\/jamonesibericoseu.eu\/de\/veranstaltungen\/die-auftaktveranstaltung\/","title":{"rendered":"Die auftaktveranstaltung"},"content":{"rendered":"<p>[et_pb_section fb_built=&#8220;1&#8243; _builder_version=&#8220;4.10.8&#8243; _module_preset=&#8220;default&#8220; global_colors_info=&#8220;{}&#8220;][et_pb_row _builder_version=&#8220;4.10.8&#8243; _module_preset=&#8220;default&#8220; global_colors_info=&#8220;{}&#8220;][et_pb_column type=&#8220;4_4&#8243; _builder_version=&#8220;4.10.8&#8243; _module_preset=&#8220;default&#8220; global_colors_info=&#8220;{}&#8220;][et_pb_text _builder_version=&#8220;4.13.0&#8243; _module_preset=&#8220;default&#8220; text_font_size=&#8220;16px&#8220; header_font=&#8220;|700||on|||||&#8220; header_text_align=&#8220;center&#8220; header_text_color=&#8220;#a31c27&#8243; header_2_font=&#8220;|700||on|||||&#8220; header_2_text_align=&#8220;center&#8220; header_2_text_color=&#8220;#a31c27&#8243; header_2_font_size=&#8220;30px&#8220; header_2_line_height=&#8220;1.2em&#8220; background_color=&#8220;RGBA(0,0,0,0)&#8220; z_index=&#8220;500&#8243; width=&#8220;80%&#8220; module_alignment=&#8220;center&#8220; sticky_limit_bottom=&#8220;body&#8220; hover_enabled=&#8220;0&#8243; global_colors_info=&#8220;{}&#8220; sticky_enabled=&#8220;0&#8243;]<\/p>\n<h2>DIE AUFTAKTVERANSTALTUNG DIE EINEN NEUEN SINN IN DER WELT ERWECKTE<\/h2>\n<p>[\/et_pb_text][et_pb_text _builder_version=&#8220;4.13.0&#8243; _module_preset=&#8220;default&#8220; text_font_size=&#8220;16px&#8220; header_font=&#8220;|700||on|||||&#8220; header_text_color=&#8220;#a31c27&#8243; header_2_font=&#8220;|700||on|||||&#8220; header_2_text_color=&#8220;#a31c27&#8243; header_2_font_size=&#8220;30px&#8220; background_color=&#8220;RGBA(0,0,0,0)&#8220; z_index=&#8220;500&#8243; sticky_limit_bottom=&#8220;body&#8220; hover_enabled=&#8220;0&#8243; global_colors_info=&#8220;{}&#8220; sticky_enabled=&#8220;0&#8243;]<\/p>\n<p>Am <strong>6. Oktober 2021<\/strong> fand die <strong>weltweite Pr\u00e4sentation der wichtigsten Kampagne<\/strong> statt, die der <strong>Ib\u00e9rico-Sektor<\/strong> in seiner gesamten Geschichte gestartet hat: <strong>\u201eJamones Ib\u00e9ricos aus Spanien, Europ\u00e4ische Botschafter in der Welt. Erwecken Sie Ihren Sinn f\u00fcr Ib\u00e9rico\u201d.<\/strong><\/p>\n<p>An der Veranstaltung, die im Auditorium der Casa de Am\u00e9rica, des Amerikahauses, in Madrid stattfand und von der Moderatorin und Journalistin Alba Lago moderiert wurde, nahmen der <strong>Minister f\u00fcr Landwirtschaft, Fischerei und Ern\u00e4hrung, Luis Planas, sowie Antonio Prieto, Pr\u00e4sident der ASICI,<\/strong> und <strong>die Botschafter und K\u00f6che der Kampagne<\/strong> teil: der Spanier <strong>Mario Sandoval<\/strong>, der Deutsche <strong>Christian Sturm-Willms<\/strong>, die Franz\u00f6sin <strong>Amandine Chaignot<\/strong>, der Mexikaner <strong>Carlos Gayt\u00e1n<\/strong> und der Chinese <strong>Vicky Cheng<\/strong>.<\/p>\n<p>Im Rahmen dieses innovativen globalen Projekts werden eine Reihe strategischer, bekannter und spektakul\u00e4rer Aktionen gef\u00f6rdert, um die ganze Welt dazu anzuregen, ihren \u201eSinn f\u00fcr Ib\u00e9rico\u201c zu wecken und sich an dem unverwechselbaren Geschmack dieses edlen Nahrungsmittels zu erfreuen. Eine Initiative, die <strong>mehr als 300 Millionen Verbraucher und Fachleute in 5 L\u00e4ndern und 3 Kontinenten ansprechen soll: Spanien, Frankreich, Deutschland, Mexiko und China.<\/strong><\/p>\n<p>Um unsere Ib\u00e9rico-Seite zu zeigen, haben die Botschafter des Jam\u00f3n Ib\u00e9rico, bedeutende echt internationale K\u00f6che der Haute Cuisine, <strong>avantgardistische Zubereitungen mit Jam\u00f3n Ib\u00e9rico als zentraler Zutat<\/strong> zusammengestellt. <strong>Diese exklusiven Vorschl\u00e4ge werden sicherlich in die Speisekarten ihrer Lieblingsrestaurants aufgenommen.<\/strong><\/p>\n<p>All dies macht den Genuss des Jam\u00f3n Ib\u00e9rico zu einem sinnlichen Erlebnis. Und je mehr Sie ihn probieren, desto mehr entwickeln Sie Ihren Sinn f\u00fcr Ib\u00e9rico.<\/p>\n<p>[\/et_pb_text][\/et_pb_column][\/et_pb_row][et_pb_row column_structure=&#8220;1_4,1_4,1_4,1_4&#8243; use_custom_gutter=&#8220;on&#8220; gutter_width=&#8220;2&#8243; _builder_version=&#8220;4.13.0&#8243; _module_preset=&#8220;default&#8220; global_colors_info=&#8220;{}&#8220;][et_pb_column type=&#8220;1_4&#8243; _builder_version=&#8220;4.13.0&#8243; _module_preset=&#8220;default&#8220; global_colors_info=&#8220;{}&#8220;][et_pb_image src=&#8220;https:\/\/jamonesibericoseu.eu\/wp-content\/uploads\/2022\/01\/presentacion_01.jpg&#8220; title_text=&#8220;presentacion_01&#8243; _builder_version=&#8220;4.13.0&#8243; _module_preset=&#8220;default&#8220; global_colors_info=&#8220;{}&#8220;][\/et_pb_image][et_pb_image src=&#8220;https:\/\/jamonesibericoseu.eu\/wp-content\/uploads\/2022\/01\/presentacion_05.jpg&#8220; title_text=&#8220;presentacion_05&#8243; _builder_version=&#8220;4.13.0&#8243; _module_preset=&#8220;default&#8220; global_colors_info=&#8220;{}&#8220;][\/et_pb_image][\/et_pb_column][et_pb_column type=&#8220;1_4&#8243; _builder_version=&#8220;4.13.0&#8243; _module_preset=&#8220;default&#8220; global_colors_info=&#8220;{}&#8220;][et_pb_image src=&#8220;https:\/\/jamonesibericoseu.eu\/wp-content\/uploads\/2022\/01\/presentacion_02.jpg&#8220; title_text=&#8220;presentacion_02&#8243; _builder_version=&#8220;4.13.0&#8243; _module_preset=&#8220;default&#8220; global_colors_info=&#8220;{}&#8220;][\/et_pb_image][et_pb_image src=&#8220;https:\/\/jamonesibericoseu.eu\/wp-content\/uploads\/2022\/01\/presentacion_06.jpg&#8220; title_text=&#8220;presentacion_06&#8243; _builder_version=&#8220;4.13.0&#8243; _module_preset=&#8220;default&#8220; global_colors_info=&#8220;{}&#8220;][\/et_pb_image][\/et_pb_column][et_pb_column type=&#8220;1_4&#8243; _builder_version=&#8220;4.13.0&#8243; _module_preset=&#8220;default&#8220; global_colors_info=&#8220;{}&#8220;][et_pb_image src=&#8220;https:\/\/jamonesibericoseu.eu\/wp-content\/uploads\/2022\/01\/presentacion_03.jpg&#8220; title_text=&#8220;presentacion_03&#8243; _builder_version=&#8220;4.13.0&#8243; _module_preset=&#8220;default&#8220; global_colors_info=&#8220;{}&#8220;][\/et_pb_image][et_pb_image src=&#8220;https:\/\/jamonesibericoseu.eu\/wp-content\/uploads\/2022\/01\/presentacion_07.jpg&#8220; title_text=&#8220;presentacion_07&#8243; _builder_version=&#8220;4.13.0&#8243; _module_preset=&#8220;default&#8220; global_colors_info=&#8220;{}&#8220;][\/et_pb_image][\/et_pb_column][et_pb_column type=&#8220;1_4&#8243; _builder_version=&#8220;4.13.0&#8243; _module_preset=&#8220;default&#8220; global_colors_info=&#8220;{}&#8220;][et_pb_image src=&#8220;https:\/\/jamonesibericoseu.eu\/wp-content\/uploads\/2022\/01\/presentacion_04.jpg&#8220; title_text=&#8220;presentacion_04&#8243; _builder_version=&#8220;4.13.0&#8243; _module_preset=&#8220;default&#8220; global_colors_info=&#8220;{}&#8220;][\/et_pb_image][et_pb_image src=&#8220;https:\/\/jamonesibericoseu.eu\/wp-content\/uploads\/2022\/01\/presentacion_08.jpg&#8220; title_text=&#8220;presentacion_08&#8243; _builder_version=&#8220;4.13.0&#8243; _module_preset=&#8220;default&#8220; global_colors_info=&#8220;{}&#8220;][\/et_pb_image][\/et_pb_column][\/et_pb_row][et_pb_row _builder_version=&#8220;4.13.0&#8243; _module_preset=&#8220;default&#8220; global_colors_info=&#8220;{}&#8220;][et_pb_column type=&#8220;4_4&#8243; _builder_version=&#8220;4.13.0&#8243; _module_preset=&#8220;default&#8220; global_colors_info=&#8220;{}&#8220;][et_pb_text _builder_version=&#8220;4.13.0&#8243; _module_preset=&#8220;default&#8220; width=&#8220;60%&#8220; module_alignment=&#8220;center&#8220; hover_enabled=&#8220;0&#8243; global_colors_info=&#8220;{}&#8220; sticky_enabled=&#8220;0&#8243;]<a class=\"vp-a vp-dr\" href=\"https:\/\/youtu.be\/VRgXnCd_YL4\" rel=\"nofollow\" data-width=\"1920\" data-height=\"1080\" data-dwrap=\"1\" data-controls=\"1\" data-iv=\"1\"><img decoding=\"async\" class=\"vp-img\" src=\"https:\/\/jamonesibericoseu.eu\/wp-content\/uploads\/2022\/01\/video_play_presentacion.jpg\"><\/a>[\/et_pb_text][\/et_pb_column][\/et_pb_row][\/et_pb_section]<\/p>\n","protected":false},"excerpt":{"rendered":"<p>DIE AUFTAKTVERANSTALTUNG DIE EINEN NEUEN SINN IN DER WELT ERWECKTEAm 6. Oktober 2021 fand die weltweite Pr\u00e4sentation der wichtigsten Kampagne statt, die der Ib\u00e9rico-Sektor in seiner gesamten Geschichte gestartet hat: \u201eJamones Ib\u00e9ricos aus Spanien, Europ\u00e4ische Botschafter in der Welt. Erwecken Sie Ihren Sinn f\u00fcr Ib\u00e9rico\u201d. An der Veranstaltung, die im Auditorium der Casa de Am\u00e9rica, des Amerikahauses, in Madrid stattfand und von der Moderatorin und Journalistin Alba Lago moderiert wurde, nahmen der Minister f\u00fcr Landwirtschaft, Fischerei und Ern\u00e4hrung, Luis Planas, sowie Antonio Prieto, Pr\u00e4sident der ASICI, und die Botschafter und K\u00f6che der Kampagne teil: der Spanier Mario Sandoval, der Deutsche Christian Sturm-Willms, die Franz\u00f6sin Amandine Chaignot, der Mexikaner Carlos Gayt\u00e1n und der Chinese Vicky Cheng. Im Rahmen dieses innovativen globalen Projekts werden eine Reihe strategischer, bekannter und spektakul\u00e4rer Aktionen gef\u00f6rdert, um die ganze Welt dazu anzuregen, ihren \u201eSinn f\u00fcr Ib\u00e9rico\u201c zu wecken und sich an dem unverwechselbaren Geschmack dieses edlen Nahrungsmittels zu erfreuen. Eine Initiative, die mehr als 300 Millionen Verbraucher und Fachleute in 5 L\u00e4ndern und 3 Kontinenten ansprechen soll: Spanien, Frankreich, Deutschland, Mexiko und China. Um unsere Ib\u00e9rico-Seite zu zeigen, haben die Botschafter des Jam\u00f3n Ib\u00e9rico, bedeutende echt internationale K\u00f6che der Haute Cuisine, avantgardistische Zubereitungen mit Jam\u00f3n Ib\u00e9rico [&hellip;]<\/p>\n","protected":false},"author":1,"featured_media":0,"parent":4338,"menu_order":1,"comment_status":"closed","ping_status":"closed","template":"","meta":{"_et_pb_use_builder":"on","_et_pb_old_content":"","_et_gb_content_width":"","footnotes":""},"class_list":["post-4342","page","type-page","status-publish","hentry"],"_links":{"self":[{"href":"https:\/\/jamonesibericoseu.eu\/de\/wp-json\/wp\/v2\/pages\/4342","targetHints":{"allow":["GET"]}}],"collection":[{"href":"https:\/\/jamonesibericoseu.eu\/de\/wp-json\/wp\/v2\/pages"}],"about":[{"href":"https:\/\/jamonesibericoseu.eu\/de\/wp-json\/wp\/v2\/types\/page"}],"author":[{"embeddable":true,"href":"https:\/\/jamonesibericoseu.eu\/de\/wp-json\/wp\/v2\/users\/1"}],"replies":[{"embeddable":true,"href":"https:\/\/jamonesibericoseu.eu\/de\/wp-json\/wp\/v2\/comments?post=4342"}],"version-history":[{"count":3,"href":"https:\/\/jamonesibericoseu.eu\/de\/wp-json\/wp\/v2\/pages\/4342\/revisions"}],"predecessor-version":[{"id":4351,"href":"https:\/\/jamonesibericoseu.eu\/de\/wp-json\/wp\/v2\/pages\/4342\/revisions\/4351"}],"up":[{"embeddable":true,"href":"https:\/\/jamonesibericoseu.eu\/de\/wp-json\/wp\/v2\/pages\/4338"}],"wp:attachment":[{"href":"https:\/\/jamonesibericoseu.eu\/de\/wp-json\/wp\/v2\/media?parent=4342"}],"curies":[{"name":"wp","href":"https:\/\/api.w.org\/{rel}","templated":true}]}}

<p>[et_pb_section fb_built=&#8220;1&#8243; _builder_version=&#8220;4.10.8&#8243; _module_preset=&#8220;default&#8220; global_colors_info=&#8220;{}&#8220;][et_pb_row _builder_version=&#8220;4.10.8&#8243; _module_preset=&#8220;default&#8220; global_colors_info=&#8220;{}&#8220;][et_pb_column type=&#8220;4_4&#8243; _builder_version=&#8220;4.10.8&#8243; _module_preset=&#8220;default&#8220; global_colors_info=&#8220;{}&#8220;][et_pb_text _builder_version=&#8220;4.13.0&#8243; _module_preset=&#8220;default&#8220; text_font_size=&#8220;16px&#8220; header_font=&#8220;|700||on|||||&#8220; header_text_align=&#8220;center&#8220; header_text_color=&#8220;#a31c27&#8243; header_2_font=&#8220;|700||on|||||&#8220; header_2_text_align=&#8220;center&#8220; header_2_text_color=&#8220;#a31c27&#8243; header_2_font_size=&#8220;30px&#8220; header_2_line_height=&#8220;1.2em&#8220; background_color=&#8220;RGBA(0,0,0,0)&#8220; z_index=&#8220;500&#8243; width=&#8220;80%&#8220; module_alignment=&#8220;center&#8220; sticky_limit_bottom=&#8220;body&#8220; hover_enabled=&#8220;0&#8243; global_colors_info=&#8220;{}&#8220; sticky_enabled=&#8220;0&#8243;]</p>
<h2>DIE AUFTAKTVERANSTALTUNG DIE EINEN NEUEN SINN IN DER WELT ERWECKTE</h2>
<p>[/et_pb_text][et_pb_text _builder_version=&#8220;4.13.0&#8243; _module_preset=&#8220;default&#8220; text_font_size=&#8220;16px&#8220; header_font=&#8220;|700||on|||||&#8220; header_text_color=&#8220;#a31c27&#8243; header_2_font=&#8220;|700||on|||||&#8220; header_2_text_color=&#8220;#a31c27&#8243; header_2_font_size=&#8220;30px&#8220; background_color=&#8220;RGBA(0,0,0,0)&#8220; z_index=&#8220;500&#8243; sticky_limit_bottom=&#8220;body&#8220; hover_enabled=&#8220;0&#8243; global_colors_info=&#8220;{}&#8220; sticky_enabled=&#8220;0&#8243;]</p>
<p>Am <strong>6. Oktober 2021</strong> fand die <strong>weltweite Präsentation der wichtigsten Kampagne</strong> statt, die der <strong>Ibérico-Sektor</strong> in seiner gesamten Geschichte gestartet hat: <strong>„Jamones Ibéricos aus Spanien, Europäische Botschafter in der Welt. Erwecken Sie Ihren Sinn für Ibérico”.</strong></p>
<p>An der Veranstaltung, die im Auditorium der Casa de América, des Amerikahauses, in Madrid stattfand und von der Moderatorin und Journalistin Alba Lago moderiert wurde, nahmen der <strong>Minister für Landwirtschaft, Fischerei und Ernährung, Luis Planas, sowie Antonio Prieto, Präsident der ASICI,</strong> und <strong>die Botschafter und Köche der Kampagne</strong> teil: der Spanier <strong>Mario Sandoval</strong>, der Deutsche <strong>Christian Sturm-Willms</strong>, die Französin <strong>Amandine Chaignot</strong>, der Mexikaner <strong>Carlos Gaytán</strong> und der Chinese <strong>Vicky Cheng</strong>.</p>
<p>Im Rahmen dieses innovativen globalen Projekts werden eine Reihe strategischer, bekannter und spektakulärer Aktionen gefördert, um die ganze Welt dazu anzuregen, ihren „Sinn für Ibérico“ zu wecken und sich an dem unverwechselbaren Geschmack dieses edlen Nahrungsmittels zu erfreuen. Eine Initiative, die <strong>mehr als 300 Millionen Verbraucher und Fachleute in 5 Ländern und 3 Kontinenten ansprechen soll: Spanien, Frankreich, Deutschland, Mexiko und China.</strong></p>
<p>Um unsere Ibérico-Seite zu zeigen, haben die Botschafter des Jamón Ibérico, bedeutende echt internationale Köche der Haute Cuisine, <strong>avantgardistische Zubereitungen mit Jamón Ibérico als zentraler Zutat</strong> zusammengestellt. <strong>Diese exklusiven Vorschläge werden sicherlich in die Speisekarten ihrer Lieblingsrestaurants aufgenommen.</strong></p>
<p>All dies macht den Genuss des Jamón Ibérico zu einem sinnlichen Erlebnis. Und je mehr Sie ihn probieren, desto mehr entwickeln Sie Ihren Sinn für Ibérico.</p>
<p>[/et_pb_text][/et_pb_column][/et_pb_row][et_pb_row column_structure=&#8220;1_4,1_4,1_4,1_4&#8243; use_custom_gutter=&#8220;on&#8220; gutter_width=&#8220;2&#8243; _builder_version=&#8220;4.13.0&#8243; _module_preset=&#8220;default&#8220; global_colors_info=&#8220;{}&#8220;][et_pb_column type=&#8220;1_4&#8243; _builder_version=&#8220;4.13.0&#8243; _module_preset=&#8220;default&#8220; global_colors_info=&#8220;{}&#8220;][et_pb_image src=&#8220;https://jamonesibericoseu.eu/wp-content/uploads/2022/01/presentacion_01.jpg&#8220; title_text=&#8220;presentacion_01&#8243; _builder_version=&#8220;4.13.0&#8243; _module_preset=&#8220;default&#8220; global_colors_info=&#8220;{}&#8220;][/et_pb_image][et_pb_image src=&#8220;https://jamonesibericoseu.eu/wp-content/uploads/2022/01/presentacion_05.jpg&#8220; title_text=&#8220;presentacion_05&#8243; _builder_version=&#8220;4.13.0&#8243; _module_preset=&#8220;default&#8220; global_colors_info=&#8220;{}&#8220;][/et_pb_image][/et_pb_column][et_pb_column type=&#8220;1_4&#8243; _builder_version=&#8220;4.13.0&#8243; _module_preset=&#8220;default&#8220; global_colors_info=&#8220;{}&#8220;][et_pb_image src=&#8220;https://jamonesibericoseu.eu/wp-content/uploads/2022/01/presentacion_02.jpg&#8220; title_text=&#8220;presentacion_02&#8243; _builder_version=&#8220;4.13.0&#8243; _module_preset=&#8220;default&#8220; global_colors_info=&#8220;{}&#8220;][/et_pb_image][et_pb_image src=&#8220;https://jamonesibericoseu.eu/wp-content/uploads/2022/01/presentacion_06.jpg&#8220; title_text=&#8220;presentacion_06&#8243; _builder_version=&#8220;4.13.0&#8243; _module_preset=&#8220;default&#8220; global_colors_info=&#8220;{}&#8220;][/et_pb_image][/et_pb_column][et_pb_column type=&#8220;1_4&#8243; _builder_version=&#8220;4.13.0&#8243; _module_preset=&#8220;default&#8220; global_colors_info=&#8220;{}&#8220;][et_pb_image src=&#8220;https://jamonesibericoseu.eu/wp-content/uploads/2022/01/presentacion_03.jpg&#8220; title_text=&#8220;presentacion_03&#8243; _builder_version=&#8220;4.13.0&#8243; _module_preset=&#8220;default&#8220; global_colors_info=&#8220;{}&#8220;][/et_pb_image][et_pb_image src=&#8220;https://jamonesibericoseu.eu/wp-content/uploads/2022/01/presentacion_07.jpg&#8220; title_text=&#8220;presentacion_07&#8243; _builder_version=&#8220;4.13.0&#8243; _module_preset=&#8220;default&#8220; global_colors_info=&#8220;{}&#8220;][/et_pb_image][/et_pb_column][et_pb_column type=&#8220;1_4&#8243; _builder_version=&#8220;4.13.0&#8243; _module_preset=&#8220;default&#8220; global_colors_info=&#8220;{}&#8220;][et_pb_image src=&#8220;https://jamonesibericoseu.eu/wp-content/uploads/2022/01/presentacion_04.jpg&#8220; title_text=&#8220;presentacion_04&#8243; _builder_version=&#8220;4.13.0&#8243; _module_preset=&#8220;default&#8220; global_colors_info=&#8220;{}&#8220;][/et_pb_image][et_pb_image src=&#8220;https://jamonesibericoseu.eu/wp-content/uploads/2022/01/presentacion_08.jpg&#8220; title_text=&#8220;presentacion_08&#8243; _builder_version=&#8220;4.13.0&#8243; _module_preset=&#8220;default&#8220; global_colors_info=&#8220;{}&#8220;][/et_pb_image][/et_pb_column][/et_pb_row][et_pb_row _builder_version=&#8220;4.13.0&#8243; _module_preset=&#8220;default&#8220; global_colors_info=&#8220;{}&#8220;][et_pb_column type=&#8220;4_4&#8243; _builder_version=&#8220;4.13.0&#8243; _module_preset=&#8220;default&#8220; global_colors_info=&#8220;{}&#8220;][et_pb_text _builder_version=&#8220;4.13.0&#8243; _module_preset=&#8220;default&#8220; width=&#8220;60%&#8220; module_alignment=&#8220;center&#8220; hover_enabled=&#8220;0&#8243; global_colors_info=&#8220;{}&#8220; sticky_enabled=&#8220;0&#8243;]<a class="vp-a vp-dr" href="https://youtu.be/VRgXnCd_YL4" rel="nofollow" data-width="1920" data-height="1080" data-dwrap="1" data-controls="1" data-iv="1"><img decoding="async" class="vp-img" src="https://jamonesibericoseu.eu/wp-content/uploads/2022/01/video_play_presentacion.jpg"></a>[/et_pb_text][/et_pb_column][/et_pb_row][/et_pb_section]</p>

<p>DIE AUFTAKTVERANSTALTUNG DIE EINEN NEUEN SINN IN DER WELT ERWECKTEAm 6. Oktober 2021 fand die weltweite Präsentation der wichtigsten Kampagne statt, die der Ibérico-Sektor in seiner gesamten Geschichte gestartet hat: „Jamones Ibéricos aus Spanien, Europäische Botschafter in der Welt. Erwecken Sie Ihren Sinn für Ibérico”. An der Veranstaltung, die im Auditorium der Casa de América, des Amerikahauses, in Madrid stattfand und von der Moderatorin und Journalistin Alba Lago moderiert wurde, nahmen der Minister für Landwirtschaft, Fischerei und Ernährung, Luis Planas, sowie Antonio Prieto, Präsident der ASICI, und die Botschafter und Köche der Kampagne teil: der Spanier Mario Sandoval, der Deutsche Christian Sturm-Willms, die Französin Amandine Chaignot, der Mexikaner Carlos Gaytán und der Chinese Vicky Cheng. Im Rahmen dieses innovativen globalen Projekts werden eine Reihe strategischer, bekannter und spektakulärer Aktionen gefördert, um die ganze Welt dazu anzuregen, ihren „Sinn für Ibérico“ zu wecken und sich an dem unverwechselbaren Geschmack dieses edlen Nahrungsmittels zu erfreuen. Eine Initiative, die mehr als 300 Millionen Verbraucher und Fachleute in 5 Ländern und 3 Kontinenten ansprechen soll: Spanien, Frankreich, Deutschland, Mexiko und China. Um unsere Ibérico-Seite zu zeigen, haben die Botschafter des Jamón Ibérico, bedeutende echt internationale Köche der Haute Cuisine, avantgardistische Zubereitungen mit Jamón Ibérico [&hellip;]</p>
